000
CXUS53 KGID 010730
CF6AUH
PRELIMINARY LOCAL CLIMATOLOGICAL DATA (WS FORM: F-6)

                                          STATION:   AURORA
                                          MONTH:     JANUARY
                                          YEAR:      2015
                                          LATITUDE:   40 54 N
                                          LONGITUDE:  97 59 W

  TEMPERATURE IN F:       :PCPN:    SNOW:  WIND      :SUNSHINE: SKY     :PK WND
================================================================================
1   2   3   4   5  6A  6B    7    8   9   10  11  12  13   14  15   16   17  18
                                     12Z  AVG MX 2MIN
DY MAX MIN AVG DEP HDD CDD  WTR  SNW DPTH SPD SPD DIR MIN PSBL S-S WX    SPD DR
================================================================================

 1  34   8  21  -4  44   0 0.00    M    M  6.3  9 250   M    M   0         M  M
 2  33   9  21  -4  44   0 0.00    M    M  4.2  9 200   M    M   1         M  M
 3  33   6  20  -5  45   0    M    M    M 16.0 38 360   M    M   4        44 360
 4  10  -3   4 -20  61   0    T    M    M 12.2 33 340   M    M   3        38 340
 5  27   7  17  -7  48   0    T    M    M 11.8 29 330   M    M   7        37 330
 6  22   4  13 -11  52   0    T    M    M 11.6 27 350   M    M   5        33 350
 7  13   0   7 -17  58   0 0.00    M    M 15.6 30 350   M    M   3        38 350
 8  39   6  23  -1  42   0 0.00    M    M 22.2 35 350   M    M   3        48 320
 9  20   0  10 -14  55   0 0.00    M    M 11.0 29 330   M    M   0        35 330
10  40   3  22  -2  43   0 0.00    M    M 10.5 28 210   M    M   0        33 210
11  30  10  20  -4  45   0 0.00    M    M  8.2 18  10   M    M   1        24 360
12  17   1   9 -15  56   0 0.00    M    M 11.6 16  10   M    M   1        22 360
13  24  -1  12 -12  53   0 0.00    M    M  5.8 10 200   M    M   6         M  M
14  39  11  25   1  40   0 0.00    M    M  6.9 10 250   M    M   2         M  M
15  48  23  36  12  29   0 0.00    M    M  9.2 20 320   M    M   0        23 320
16  56  25  41  17  24   0 0.00    M    M 10.6 15 250   M    M   0         M  M
17  53  32  43  19  22   0 0.00    M    M 17.9 29 320   M    M   1        39 320
18  54  23  39  15  26   0 0.00    M    M  6.1 15 270   M    M   0         M  M
19  60  28  44  20  21   0 0.00    M    M 10.5 20 330   M    M   0        27 330
20  50  27  39  15  26   0 0.00    M    M 11.3 23 310   M    M   0        31 310
21  45  24  35  11  30   0 0.00    M    M 11.5 21 340   M    M   5        25 340
22  42  26  34   9  31   0 0.00    M    M  6.9 12 210   M    M   4         M  M
23  49  17  33   8  32   0 0.00    M    M  8.9 14 340   M    M   1         M  M
24  54  29  42  17  23   0    T    M    M 13.0 22 310   M    M   3        28 310
25  46  25  36  11  29   0    T    M    M 17.6 29 320   M    M   8        39 330
26  64  29  47  22  18   0 0.00    M    M 10.3 23 330   M    M   1        31 330
27  63  28  46  21  19   0 0.00    M    M  8.3 15 150   M    M   0        20 150
28  67  26  47  22  18   0 0.00    M    M 11.3 30 340   M    M   2        38 330
29  46  21  34   9  31   0 0.00    M    M 16.8 32 350   M    M   6        47 340
30  46  17  32   7  33   0 0.00    M    M  8.7 20 230   M    M   2 1      27 230
31  38  32  35  10  30   0    M    M    M  8.7 16 220   M    M  10        23 220
================================================================================
SM 1262  493      1128   0    T     M    341.5          M       79
================================================================================
AV 40.7 15.9                              11.0 FASTST   M    M   3    MAX(MPH)
                                 MISC ---->  # 38 360                 48    M
================================================================================
NOTES:
# LAST OF SEVERAL OCCURRENCES

COLUMN 17 PEAK WIND IN M.P.H.

PRELIMINARY LOCAL CLIMATOLOGICAL DATA (WS FORM: F-6) , PAGE 2

                                          STATION:  AURORA
                                          MONTH:    JANUARY
                                          YEAR:     2015
                                          LATITUDE:   40 54 N
                                          LONGITUDE:  97 59 W

[TEMPERATURE DATA]      [PRECIPITATION DATA]       SYMBOLS USED IN COLUMN 16

AVERAGE MONTHLY: 28.3   TOTAL FOR MONTH:      T    1 = FOG OR MIST
DPTR FM NORMAL:   3.7   DPTR FM NORMAL:   -0.59    2 = FOG REDUCING VISIBILITY
HIGHEST:    67 ON 28    GRTST 24HR    T  ON 25-25      TO 1/4 MILE OR LESS
LOWEST:     -3 ON  4                               3 = THUNDER
                        SNOW, ICE PELLETS, HAIL    4 = ICE PELLETS
                        TOTAL MONTH:    M          5 = HAIL
                        GRTST 24HR    M  ON   M    6 = FREEZING RAIN OR DRIZZLE
                        GRTST DEPTH:  M  ON   M    7 = DUSTSTORM OR SANDSTORM:
                                                       VSBY 1/2 MILE OR LESS
                                                   8 = SMOKE OR HAZE
[NO. OF DAYS WITH]      [WEATHER - DAYS WITH]      9 = BLOWING SNOW
                                                   X = TORNADO
MAX 32 OR BELOW:   8    0.01 INCH OR MORE:   0
MAX 90 OR ABOVE:   0    0.10 INCH OR MORE:   0
MIN 32 OR BELOW:  31    0.50 INCH OR MORE:   0
MIN  0 OR BELOW:   4    1.00 INCH OR MORE:   0

[HDD (BASE 65) ]
TOTAL THIS MO.  1128    CLEAR  (SCALE 0-3)  22
DPTR FM NORMAL  -124    PTCLDY (SCALE 4-7)   7
TOTAL FM JUL 1  3625    CLOUDY (SCALE 8-10)  2
DPTR FM NORMAL  -148

[CDD (BASE 65) ]
TOTAL THIS MO.     0
DPTR FM NORMAL     0    [PRESSURE DATA]
TOTAL FM JAN 1     0    HIGHEST SLP M ON M
DPTR FM NORMAL     0    LOWEST  SLP M ON M

[REMARKS]
#FINAL-01-15#
