000
CXUS53 KARX 280943
CF6AUM
PRELIMINARY LOCAL CLIMATOLOGICAL DATA (WS FORM: F-6)

                                          STATION:   AUSTIN_MUNI MN
                                          MONTH:     MAY
                                          YEAR:      2016
                                          LATITUDE:   43 40 N
                                          LONGITUDE:  92 56 W

  TEMPERATURE IN F:       :PCPN:    SNOW:  WIND      :SUNSHINE: SKY     :PK WND
================================================================================
1   2   3   4   5  6A  6B    7    8   9   10  11  12  13   14  15   16   17  18
                                     12Z  AVG MX 2MIN
DY MAX MIN AVG DEP HDD CDD  WTR  SNW DPTH SPD SPD DIR MIN PSBL S-S WX    SPD DR
================================================================================

 1  55  43  49   M  16   0    T  0.0    0  7.6 15  70   M    M   8        22  70
 2  63  36  50   M  15   0 0.00  0.0    0  1.3  7 280   M    M   3 1       M  M
 3  66  39  53   M  12   0    T  0.0    0  8.9 21 270   M    M   1        25 270
 4  64  43  54   M  11   0 0.00  0.0    0  9.9 20 340   M    M   0        28 340
 5  73  36  55   M  10   0 0.00  0.0    0  3.0  8 270   M    M   1         M  M
 6  86  52  69   M   0   4 0.00  0.0    0 11.4 23 230   M    M   1 3      28 250
 7  70  45  58   M   7   0    M  0.0    0 10.1 21  10   M    M   1 38     29  10
 8  72  39  56   M   9   0 0.00  0.0    0  3.6 10 130   M    M   0         M  M
 9  59  54  57   M   8   0 0.83  0.0    0 15.0 28 110   M    M   9        33 110
10  57  50  54   M  11   0 0.15  0.0    0 10.4 15 110   M    M  10 1      22 110
11  57  48  53   M  12   0 0.11  0.0    0  4.8  8 290   M    M   9 12      M  M
12  55  45  50   M  15   0 0.01  0.0    0 10.5 22 280   M    M   6 12     27 280
13  48  37  43   M  22   0 0.16  0.0    0 10.0 22 310   M    M   7 1      30 310
14  50  34  42   M  23   0 0.00  0.0    0 15.3 23 300   M    M   4        39 300
15  63  30  47   M  18   0 0.00  0.0    0  6.4 16 310   M    M   2        20 260
16  68  45  57   M   8   0    T  0.0    0  6.4 12 290   M    M   3        16 290
17  61  41  51   M  14   0 0.00  0.0    0  8.0 16  70   M    M   1        20  60
18  66  36  51   M  14   0 0.00  0.0    0  2.0  8 270   M    M   0         M  M
19  72  46  59   M   6   0 0.00  0.0    0  7.0 15 190   M    M   1        18 190
20  72  48  60   M   5   0 0.00  0.0    0  5.5 13 110   M    M   4        22 110
21  79  45  62   M   3   0 0.00  0.0    0  2.2  8 340   M    M   0         M  M
22  81  46  64   M   1   0 0.00  0.0    0  7.8 15 190   M    M   0        23 180
23  79  63  71   M   0   6 0.31  0.0    0 11.5 23 200   M    M   4 3      31 200
24  79  63  71   M   0   6 0.02  0.0    0  4.8 10 260   M    M   2         M  M
25  77  63  70   M   0   5 0.02  0.0    0  6.7 12 210   M    M   3 1      18 200
26  79  57  68   M   0   3 0.67  0.0    0  6.8 14 240   M    M   2 3      21 320
27  72  61  67   M   0   2 0.57  0.0    0  1.7  9 140   M    M   6 1      16 140
================================================================================
SM 1823 1245       240  26  2.85     0.0 198.6          M       88
================================================================================
AV 67.5 46.1                               7.4 FASTST   M    M   3    MAX(MPH)
                                 MISC ---->    28   M                 39    M
================================================================================
NOTES:
# LAST OF SEVERAL OCCURRENCES

COLUMN 17 PEAK WIND IN M.P.H.

PRELIMINARY LOCAL CLIMATOLOGICAL DATA (WS FORM: F-6) , PAGE 2

                                          STATION:  AUSTIN_MUNI MN
                                          MONTH:    MAY
                                          YEAR:     2016
                                          LATITUDE:   43 40 N
                                          LONGITUDE:  92 56 W

[TEMPERATURE DATA]      [PRECIPITATION DATA]       SYMBOLS USED IN COLUMN 16

AVERAGE MONTHLY: 56.8   TOTAL FOR MONTH:   2.85    1 = FOG OR MIST
DPTR FM NORMAL:     M   DPTR FM NORMAL:       M    2 = FOG REDUCING VISIBILITY
HIGHEST:    86 ON  6    GRTST 24HR  0.83 ON  9- 9      TO 1/4 MILE OR LESS
LOWEST:     30 ON 15                               3 = THUNDER
                        SNOW, ICE PELLETS, HAIL    4 = ICE PELLETS
                        TOTAL MONTH:   0.0 INCH    5 = HAIL
                        GRTST 24HR     0.0         6 = FREEZING RAIN OR DRIZZLE
                        GRTST DEPTH:   0           7 = DUSTSTORM OR SANDSTORM:
                                                       VSBY 1/2 MILE OR LESS
                                                   8 = SMOKE OR HAZE
[NO. OF DAYS WITH]      [WEATHER - DAYS WITH]      9 = BLOWING SNOW
                                                   X = TORNADO
MAX 32 OR BELOW:   0    0.01 INCH OR MORE:  10
MAX 90 OR ABOVE:   0    0.10 INCH OR MORE:   7
MIN 32 OR BELOW:   1    0.50 INCH OR MORE:   3
MIN  0 OR BELOW:   0    1.00 INCH OR MORE:   0

[HDD (BASE 65) ]
TOTAL THIS MO.   240    CLEAR  (SCALE 0-3)  16
DPTR FM NORMAL     M    PTCLDY (SCALE 4-7)   7
TOTAL FM JUL 1  6547    CLOUDY (SCALE 8-10)  4
DPTR FM NORMAL     M

[CDD (BASE 65) ]
TOTAL THIS MO.    26
DPTR FM NORMAL     M    [PRESSURE DATA]
TOTAL FM JAN 1    28    HIGHEST SLP M ON M
DPTR FM NORMAL     M    LOWEST  SLP M ON M

[REMARKS]
