000
CXUS53 KARX 251651
CF6AUM
PRELIMINARY LOCAL CLIMATOLOGICAL DATA (WS FORM: F-6)

                                          STATION:   AUSTIN MUNI MN
                                          MONTH:     FEBRUARY
                                          YEAR:      2018
                                          LATITUDE:   43 40 N
                                          LONGITUDE:  92 56 W

  TEMPERATURE IN F:       :PCPN:    SNOW:  WIND      :SUNSHINE: SKY     :PK WND
================================================================================
1   2   3   4   5  6A  6B    7    8   9   10  11  12  13   14  15   16   17  18
                                     12Z  AVG MX 2MIN
DY MAX MIN AVG DEP HDD CDD  WTR  SNW DPTH SPD SPD DIR MIN PSBL S-S WX    SPD DR
================================================================================

 1  16  -2   7   M  58   0 0.00  0.0    2 17.1 25 330   M    M   0        32 330
 2  16  -6   5   M  60   0 0.00  0.0    2  7.0 14 200   M    M   3         M  M
 3  32  12  22   M  43   0    M    M    2  8.2 14   0   M    M   9        23   0
 4  12  -2   5   M  60   0    M    M    2 13.1 20 340   M    M   4        29   0
 5  10  -2   4   M  61   0    M    M    2  8.2 15 200   M    M   4        18 200
 6   7  -9  -1   M  66   0    M    M    3  4.5  9 320   M    M   3         M  M
 7  10   1   6   M  59   0    M    M    5  8.2 14 310   M    M   4         M  M
 8  16   7  12   M  53   0    M    M    5  3.1  7  20   M    M   7         M  M
 9  10   0   5   M  60   0    M    M    6  8.3 13 350   M    M   3        18  20
10  10  -6   2   M  63   0 0.00  0.0    5  4.6  9 310   M    M   2 1       M  M
11  14   0   7   M  58   0 0.00  0.0    5  7.8 13 280   M    M   0         M  M
12  12  -4   4   M  61   0 0.00  0.0    5  4.0  8 360   M    M   0         M  M
13  27   9  18   M  47   0 0.00  0.0    5 10.3 18 180   M    M   4        23 170
14  39  12  26   M  39   0 0.00  0.0    5 10.2 15 190   M    M   0 1      20 190
15  36  19  28   M  37   0 0.00  0.0    4  9.8 18 320   M    M   4        27 330
16  19   1  10   M  55   0 0.00  0.0    3 12.1 25 320   M    M   0        32 330
17  30  16  23   M  42   0    M    M    3  9.0 13 280   M    M   5        18 280
18  39   9  24   M  41   0 0.00  0.0    3 10.7 27 180   M    M   3 1      33 170
19  36  25  31   M  34   0 0.03    M    3  7.9 14  30   M    M   9 16     20  20
20  27   9  18   M  47   0    M    M    3  8.3 16 300   M    M   9 16     17 280
21  19   5  12   M  53   0 0.00  0.0    3  2.7  9 310   M    M   2         M  M
22  30  18  24   M  41   0    M    M    3  8.8 15 120   M    M   6        20 100
23  32  12  22   M  43   0    M    M    5  7.1 15 270   M    M   6 18     16 270
24  32   7  20   M  45   0 0.05    M    M  7.0 17 100   M    M   7 12     24 100
================================================================================
SM  531  131      1226   0  0.08     0.0 198.0          M       94
================================================================================
AV 22.1  5.5                               8.3 FASTST   M    M   4    MAX(MPH)
                                 MISC ---->  # 27 180               # 33  170
================================================================================
NOTES:
# LAST OF SEVERAL OCCURRENCES

COLUMN 17 PEAK WIND IN M.P.H.

PRELIMINARY LOCAL CLIMATOLOGICAL DATA (WS FORM: F-6) , PAGE 2

                                          STATION:  AUSTIN MUNI MN
                                          MONTH:    FEBRUARY
                                          YEAR:     2018
                                          LATITUDE:   43 40 N
                                          LONGITUDE:  92 56 W

[TEMPERATURE DATA]      [PRECIPITATION DATA]       SYMBOLS USED IN COLUMN 16

AVERAGE MONTHLY: 13.8   TOTAL FOR MONTH:   0.08    1 = FOG OR MIST
DPTR FM NORMAL:     M   DPTR FM NORMAL:       M    2 = FOG REDUCING VISIBILITY
HIGHEST:    39 ON 18,14 GRTST 24HR  0.05 ON 24-24      TO 1/4 MILE OR LESS
LOWEST:     -9 ON  6                               3 = THUNDER
                        SNOW, ICE PELLETS, HAIL    4 = ICE PELLETS
                        TOTAL MONTH:   0.0 INCH    5 = HAIL
                        GRTST 24HR     0.0         6 = FREEZING RAIN OR DRIZZLE
                        GRTST DEPTH:   6 ON  9     7 = DUSTSTORM OR SANDSTORM:
                                                       VSBY 1/2 MILE OR LESS
                                                   8 = SMOKE OR HAZE
[NO. OF DAYS WITH]      [WEATHER - DAYS WITH]      9 = BLOWING SNOW
                                                   X = TORNADO
MAX 32 OR BELOW:  20    0.01 INCH OR MORE:   2
MAX 90 OR ABOVE:   0    0.10 INCH OR MORE:   0
MIN 32 OR BELOW:  24    0.50 INCH OR MORE:   0
MIN  0 OR BELOW:   9    1.00 INCH OR MORE:   0

[HDD (BASE 65) ]
TOTAL THIS MO.  1226    CLEAR  (SCALE 0-3)   9
DPTR FM NORMAL     M    PTCLDY (SCALE 4-7)  12
TOTAL FM JUL 1  5710    CLOUDY (SCALE 8-10)  3
DPTR FM NORMAL     M

[CDD (BASE 65) ]
TOTAL THIS MO.     0
DPTR FM NORMAL     M    [PRESSURE DATA]
TOTAL FM JAN 1     0    HIGHEST SLP M ON M
DPTR FM NORMAL     M    LOWEST  SLP M ON M

[REMARKS]
