000
CXUS54 KBMX 291216
CF6AUO
PRELIMINARY LOCAL CLIMATOLOGICAL DATA (WS FORM: F-6)

                                          STATION:   AUBURN    AWOS
                                          MONTH:     APRIL
                                          YEAR:      2016
                                          LATITUDE:   32 34 N
                                          LONGITUDE:  85 30 W

  TEMPERATURE IN F:       :PCPN:    SNOW:  WIND      :SUNSHINE: SKY     :PK WND
================================================================================
1   2   3   4   5  6A  6B    7    8   9   10  11  12  13   14  15   16   17  18
                                     12Z  AVG MX 2MIN
DY MAX MIN AVG DEP HDD CDD  WTR  SNW DPTH SPD SPD DIR MIN PSBL S-S WX    SPD DR
================================================================================

 1  70  59  65   M   0   0 2.68  0.0    0  4.8 10  80   M    M   7 13      M  M
 2  66  50  58   M   7   0 0.01  0.0    0 11.6 22 310   M    M   2        31 330
 3  72  48  60   M   5   0 0.00  0.0    0  7.2 13 360   M    M   0        20 330
 4  76  43  60   M   5   0 0.00  0.0    0  5.8 13 320   M    M   0        20 330
 5  73  53  63   M   2   0 0.00  0.0    0  7.5 14  40   M    M   0        17  20
 6  71  50  61   M   4   0 0.85  0.0    0 12.3 18 160   M    M   1 13     25 160
 7  73  52  63   M   2   0 0.01  0.0    0  7.3 16 260   M    M   3        25 310
 8  66  50  58   M   7   0 0.00  0.0    0 10.5 20 300   M    M   1        31 320
 9  68  45  57   M   8   0 0.00  0.0    0  9.1 18 330   M    M   0        29 330
10  69  46  58   M   7   0 0.00  0.0    0  8.3 16  80   M    M   1        22  80
11  75  50  63   M   2   0 0.87  0.0    0  7.5 14 150   M    M   4 13     20 150
12  74  57  66   M   0   1 0.20  0.0    0  7.5 14 180   M    M   6 1      17  10
13   M   M   M   M   M   M 0.06    M    0  8.2 10  80   M    M   6         M  M
14  66  55  61   M   4   0 1.20  0.0    0 10.4 20  70   M    M   9 13     31  70
15  62  51  57   M   8   0 0.31  0.0    0 12.5 21  80   M    M  10 1      35  80
16  70  54  62   M   3   0 0.15  0.0    0 10.9 16  70   M    M   7 1      23  90
17  74  50  62   M   3   0 0.00  0.0    0  8.2 15  90   M    M   0        18  90
18  77  47  62   M   3   0 0.00  0.0    0  4.2 12 160   M    M   0 8      16 110
19  81  49  65   M   0   0 0.00  0.0    0  2.6  8 180   M    M   0         M  M
20  82  59  71   M   0   6 0.00  0.0    0  4.0 14 190   M    M   0         M  M
21  77  56  67   M   0   2 0.34  0.0    0  6.2 16 160   M    M   6 1      20 160
22  74  61  68   M   0   3 0.59  0.0    0  3.8  9 220   M    M   7 13      M  M
23  78  57  68   M   0   3 0.00  0.0    0  8.1 14 330   M    M   1        17  10
24  80  54  67   M   0   2 0.00  0.0    0  5.0 12 180   M    M   1        16 180
25  82  60  71   M   0   6 0.00  0.0    0  6.7 14 160   M    M   2         M  M
26  81  61  71   M   0   6    T  0.0    0  4.5 10 160   M    M   1         M  M
27   M   M   M   M   M   M 0.20    M    0  6.5 14 200   M    M   3 3      18 200
28   M   M   M   M   M   M 0.09    M    M  5.9 14 210   M    M   4 3       M  M
================================================================================
SM 1837 1317        70  29  7.56     0.0 207.1          M       82
================================================================================
AV 73.5 52.7                               7.4 FASTST   M    M   3    MAX(MPH)
                                 MISC ---->    22   M               # 35   80
================================================================================
NOTES:
# LAST OF SEVERAL OCCURRENCES

COLUMN 17 PEAK WIND IN M.P.H.

PRELIMINARY LOCAL CLIMATOLOGICAL DATA (WS FORM: F-6) , PAGE 2

                                          STATION:  AUBURN    AWOS
                                          MONTH:    APRIL
                                          YEAR:     2016
                                          LATITUDE:   32 34 N
                                          LONGITUDE:  85 30 W

[TEMPERATURE DATA]      [PRECIPITATION DATA]       SYMBOLS USED IN COLUMN 16

AVERAGE MONTHLY: 63.1   TOTAL FOR MONTH:   7.56    1 = FOG OR MIST
DPTR FM NORMAL:     M   DPTR FM NORMAL:       M    2 = FOG REDUCING VISIBILITY
HIGHEST:    82 ON 25,20 GRTST 24HR  2.68 ON  1- 1      TO 1/4 MILE OR LESS
LOWEST:     43 ON  4                               3 = THUNDER
                        SNOW, ICE PELLETS, HAIL    4 = ICE PELLETS
                        TOTAL MONTH:   0.0 INCH    5 = HAIL
                        GRTST 24HR     0.0         6 = FREEZING RAIN OR DRIZZLE
                        GRTST DEPTH:   0           7 = DUSTSTORM OR SANDSTORM:
                                                       VSBY 1/2 MILE OR LESS
                                                   8 = SMOKE OR HAZE
[NO. OF DAYS WITH]      [WEATHER - DAYS WITH]      9 = BLOWING SNOW
                                                   X = TORNADO
MAX 32 OR BELOW:   0    0.01 INCH OR MORE:  14
MAX 90 OR ABOVE:   0    0.10 INCH OR MORE:  10
MIN 32 OR BELOW:   0    0.50 INCH OR MORE:   5
MIN  0 OR BELOW:   0    1.00 INCH OR MORE:   2

[HDD (BASE 65) ]
TOTAL THIS MO.    70    CLEAR  (SCALE 0-3)  18
DPTR FM NORMAL     M    PTCLDY (SCALE 4-7)   8
TOTAL FM JUL 1  1460    CLOUDY (SCALE 8-10)  2
DPTR FM NORMAL     M

[CDD (BASE 65) ]
TOTAL THIS MO.    29
DPTR FM NORMAL     M    [PRESSURE DATA]
TOTAL FM JAN 1    79    HIGHEST SLP M ON M
DPTR FM NORMAL     M    LOWEST  SLP M ON M

[REMARKS]
