000
CXUS53 KGRR 221017
CF6AZO
PRELIMINARY LOCAL CLIMATOLOGICAL DATA (WS FORM: F-6)

                                          STATION:   KALAMAZOO
                                          MONTH:     OCTOBER
                                          YEAR:      2017
                                          LATITUDE:   42 13 N
                                          LONGITUDE:  85 33 W

  TEMPERATURE IN F:       :PCPN:    SNOW:  WIND      :SUNSHINE: SKY     :PK WND
================================================================================
1   2   3   4   5  6A  6B    7    8   9   10  11  12  13   14  15   16   17  18
                                     12Z  AVG MX 2MIN
DY MAX MIN AVG DEP HDD CDD  WTR  SNW DPTH SPD SPD DIR MIN PSBL S-S WX    SPD DR
================================================================================

 1  71  40  56   0   9   0 0.00    M    M  3.9 12 140   M    M   0 1      17 140
 2  81  50  66  10   0   1 0.00    M    M  5.9 16 180   M    M   1 8      21 180
 3  85  58  72  17   0   7    T    M    M 10.2 22 210   M    M   4        27 200
 4  72  57  65  10   0   0 0.13    M    M  8.2 15 300   M    M   9 138    21 230
 5  76  49  63   9   2   0 0.00    M    M  3.9 12 330   M    M   3 12     15 270
 6  67  54  61   7   4   0 0.35    M    M  4.3 16 350   M    M  10 18     20 350
 7  84  60  72  18   0   7 0.64    M    M 13.4 29 270   M    M   6 13     36 180
 8  77  54  66  13   0   1 0.02    M    M  7.3 21 240   M    M   2 18     31 240
 9  79  53  66  13   0   1    T    M    M  1.8 10 300   M    M   2 1      14 240
10  71  53  62   9   3   0 0.11    M    M  5.1 12  60   M    M   5 1      17  50
11  58  52  55   3  10   0 2.03    M    M  8.7 17  60   M    M  10 138    29  60
12  61  51  56   4   9   0 0.00    M    M  3.8  8 100   M    M  10 18     12  40
13  70  58  64  12   1   0 0.00    M    M  5.9 15 190   M    M   7 18     24 110
14  64  59  62  11   3   0 5.61    M    M  6.0 24 310   M    M   M 13     29 310
15  67  43  55   4  10   0 0.69    M    M 11.4 29 270   M    M   4 13     38 280
16  59  42  51   0  14   0 0.02    M    M  4.9 15 310   M    M   4 1      19 310
17  69  42  56   6   9   0 0.00    M    M 10.2 20 230   M    M   0        27 220
18  68  41  55   5  10   0 0.00    M    M  9.9 22 190   M    M   0        26 210
19  67  42  55   5  10   0 0.00    M    M  7.0 15 310   M    M   0        17 270
20  76  40  58   8   7   0 0.00    M    M  6.9 17 180   M    M   0        22 180
21  75  54  65  16   0   0 0.00    M    M  8.4 18 190   M    M   0        23 170
================================================================================
SM 1497 1052       101  17  9.60    M    147.1          M       77
================================================================================
AV 71.3 50.1                               7.0 FASTST   M    M   4    MAX(MPH)
                                 MISC ---->  # 29 270               # 38  280
================================================================================
NOTES:
# LAST OF SEVERAL OCCURRENCES

COLUMN 17 PEAK WIND IN M.P.H.

PRELIMINARY LOCAL CLIMATOLOGICAL DATA (WS FORM: F-6) , PAGE 2

                                          STATION:  KALAMAZOO
                                          MONTH:    OCTOBER
                                          YEAR:     2017
                                          LATITUDE:   42 13 N
                                          LONGITUDE:  85 33 W

[TEMPERATURE DATA]      [PRECIPITATION DATA]       SYMBOLS USED IN COLUMN 16

AVERAGE MONTHLY: 60.7   TOTAL FOR MONTH:   9.60    1 = FOG OR MIST
DPTR FM NORMAL:   8.3   DPTR FM NORMAL:    7.34    2 = FOG REDUCING VISIBILITY
HIGHEST:    85 ON  3    GRTST 24HR  5.61 ON 14-14      TO 1/4 MILE OR LESS
LOWEST:     40 ON 20, 1                            3 = THUNDER
                        SNOW, ICE PELLETS, HAIL    4 = ICE PELLETS
                        TOTAL MONTH:    M          5 = HAIL
                        GRTST 24HR    M  ON   M    6 = FREEZING RAIN OR DRIZZLE
                        GRTST DEPTH:  M  ON   M    7 = DUSTSTORM OR SANDSTORM:
                                                       VSBY 1/2 MILE OR LESS
                                                   8 = SMOKE OR HAZE
[NO. OF DAYS WITH]      [WEATHER - DAYS WITH]      9 = BLOWING SNOW
                                                   X = TORNADO
MAX 32 OR BELOW:   0    0.01 INCH OR MORE:   9
MAX 90 OR ABOVE:   0    0.10 INCH OR MORE:   7
MIN 32 OR BELOW:   0    0.50 INCH OR MORE:   4
MIN  0 OR BELOW:   0    1.00 INCH OR MORE:   2

[HDD (BASE 65) ]
TOTAL THIS MO.   101    CLEAR  (SCALE 0-3)  10
DPTR FM NORMAL  -169    PTCLDY (SCALE 4-7)   6
TOTAL FM JUL 1   201    CLOUDY (SCALE 8-10)  4
DPTR FM NORMAL  -218

[CDD (BASE 65) ]
TOTAL THIS MO.    17
DPTR FM NORMAL    10    [PRESSURE DATA]
TOTAL FM JAN 1   765    HIGHEST SLP M ON M
DPTR FM NORMAL    91    LOWEST  SLP 29.46 ON  7

[REMARKS]
