000
CXAK56 PABE 281205
CF6BET

PRELIMINARY LOCAL CLIMATOLOGICAL DATA (WS FORM: F-6)

                                          STATION:   BETHEL
                                          MONTH:     07
                                          YEAR:      2015
                                          LATITUDE:   60 47 N
                                          LONGITUDE: 161 50 W

  TEMPERATURE IN F:       :PCPN:    SNOW:  WIND      :SUNSHINE: SKY     :PK WND
================================================================================
1   2   3   4   5  6A  6B    7     8   9   10  11  12  13   14  15   16  17  18
                                      12Z  AVG MX 2MIN
DY MAX MIN AVG DEP HDD CDD  WTR   SNW DPTH SPD SPD DIR MIN PSBL S-S WX   SPD DR
================================================================================

 1  63  50  57   1   8   0     T  0.0   0  5.8 13  270   M    M   M 8     16 290
 2  68  48  58   2   7   0     T  0.0   0  9.3 16  230   M    M   M       22 220
 3  73  48  61   5   4   0  0.00  0.0   0  8.2 21   20   M    M   M 28    26  10
 4  63  52  58   2   7   0     T  0.0   0 12.7 21  110   M    M   M 18    28  80
 5  75  56  66  10   0   1  0.05  0.0   0 13.5 25   80   M    M   M 18    33  90
 6  66  51  59   2   6   0  0.36  0.0   0  8.4 23  200   M    M   M 18    27 200
 7  59  47  53  -4  12   0  0.01  0.0   0 11.9 25  160   M    M   M 1     33 160
 8  63  50  57   0   8   0  0.04  0.0   0  3.4 17  230   M    M   M 1     19 220
 9  59  50  55  -2  10   0  0.03  0.0   0  5.5 14  240   M    M   M 1     19 200
10  66  51  59   2   6   0     T  0.0   0  5.4 12   40   M    M   M       14  40
11  73  53  63   6   2   0  0.23  0.0   0  4.5 17   90   M    M   M 1     19  90
12  68  51  60   3   5   0  0.24  0.0   0  4.3 14  230   M    M   M 135   23 110
13  68  54  61   4   4   0  0.07  0.0   0  5.5 15  160   M    M   M       17 170
14  68  50  59   2   6   0  0.10  0.0   0  8.5 20  220   M    M   M 2     24 210
15  67  50  59   3   6   0  0.12  0.0   0  5.2 20  130   M    M   M 23    24 130
16  60  45  53  -3  12   0  0.11  0.0   0 11.6 21   50   M    M   M       27  80
17  63  51  57   1   8   0  0.20  0.0   0  0.0 24  250   M    M   M       28 230
18  57  48  53  -3  12   0  0.02  0.0   0 11.6 20  210   M    M   M 1     24 220
19  59  49  54  -2  11   0  0.01  0.0   0  6.5 14  240   M    M   M 1     16 250
20  71  50  61   5   4   0  0.00  0.0   0  7.3 16   50   M    M   M       21  50
21  60  49  55  -1  10   0  0.03  0.0   0 11.3 20  190   M    M   M 1     25 190
22  58  47  53  -3  12   0  0.04  0.0   0  5.8 15  290   M    M   M 1     20 280
23  56  50  53  -3  12   0     T  0.0   0  7.9 15  300   M    M   M       21 280
24  60  49  55  -1  10   0  0.00  0.0   0  2.7  9  350   M    M   M 8     12 350
25  59  49  54  -2  11   0  0.27  0.0   0  8.9 18  190   M    M   M 1     24 190
26  62  45  54  -2  11   0  0.01  0.0   0  7.8 17  270   M    M   M 1     22 280
27  65  50  58   2   7   0  0.03  0.0   0  8.7 13  250   M    M   M 1     16 310
================================================================================
SM 1729 1343       211   1  1.97 0.0    202.2           M        M
================================================================================
AV 64.0 49.7                              7.5 FASTST  PSBL  %   M    MAX(MPH)
                                 MISC ---->  #  25  160               # 33 160
================================================================================
NOTES:
# LAST OF SEVERAL OCCURRENCES

COLUMN 17 PEAK WIND IN M.P.H.

PRELIMINARY LOCAL CLIMATOLOGICAL DATA (WS FORM: F-6) , PAGE 2

                                          STATION:   BETHEL
                                          MONTH:     07
                                          YEAR:      2015
                                          LATITUDE:  60 47 N
                                          LONGITUDE: 161 50 W

[TEMPERATURE DATA]      [PRECIPITATION DATA]       SYMBOLS USED IN COLUMN 16

AVERAGE MONTHLY:56.9   TOTAL FOR MONTH: 1.97       1 = FOG
DPTR FM NORMAL:  0.6   DPTR FM NORMAL: 0.01       2 = FOG REDUCING VISIBILITY
HIGHEST:    75 ON  5    GRTST 24HR   0.36 ON  6        TO 1/4 MILE OR LESS
LOWEST:     45 ON 26                               3 = THUNDER
                        SNOW, ICE PELLETS, HAIL    4 = ICE PELLETS
                        TOTAL MONTH: 0.0         5 = HAIL
                        GRTST 24HR   0.0           6 = GLAZE OR RIME
                        GRTST DEPTH:    0          7 = BLOWING DUST OR SAND:
                                                       VSBY 1/2 MILE OR LESS
                                                   8 = SMOKE OR HAZE
[NO. OF DAYS WITH]      [WEATHER - DAYS WITH]      9 = BLOWING SNOW
                                                   X = TORNADO
MAX 32 OR BELOW:   0    0.01 INCH OR MORE:  19
MAX 70 OR ABOVE:   4    0.10 INCH OR MORE:   8
MIN 32 OR BELOW:   0    0.50 INCH OR MORE:   0
MIN  0 OR BELOW:   0    1.00 INCH OR MORE:   0

[HDD (BASE 65) ]
TOTAL THIS MO.   211    CLEAR  (SCALE 0-3)   M
DPTR FM NORMAL   -33    PTCLDY (SCALE 4-7)   M
SEASONAL TOTAL   211    CLOUDY (SCALE 8-10)  M
DPTR FM NORMAL   -33

[CDD (BASE 65) ]
TOTAL THIS MO.     1
DPTR FM NORMAL     1    [PRESSURE DATA]
SEASONAL TOTAL    11    HIGHEST SLP     M
DPTR FM NORMAL    11    LOWEST  SLP     M

[REMARKS]
