000
CXUS55 KCTP 291131
CF6BFD
PRELIMINARY LOCAL CLIMATOLOGICAL DATA (WS FORM: F-6)

                                          STATION:   BRADFORD
                                          MONTH:     JUNE
                                          YEAR:      2015
                                          LATITUDE:   41 47 N
                                          LONGITUDE:  78 38 W

  TEMPERATURE IN F:       :PCPN:    SNOW:  WIND      :SUNSHINE: SKY     :PK WND
================================================================================
1   2   3   4   5  6A  6B    7    8   9   10  11  12  13   14  15   16   17  18
                                     12Z  AVG MX 2MIN
DY MAX MIN AVG DEP HDD CDD  WTR  SNW DPTH SPD SPD DIR MIN PSBL S-S WX    SPD DR
================================================================================

 1  52  45  49  -9  16   0 0.02    M    M  5.7 12 350   M    M   9 12     15  50
 2  65  46  56  -2   9   0 0.01    M    M  5.7 16  80   M    M   4 1      23  90
 3  70  38  54  -4  11   0 0.00    M    M  5.2 14 150   M    M   3 12     19 150
 4  70  52  61   2   4   0 0.00    M    M  8.3 14 140   M    M  10        20 140
 5  76  56  66   7   0   1 0.08    M    M  4.7 15 350   M    M   8 13     18 340
 6  68  41  55  -4  10   0    T    M    M  7.0 15  30   M    M   5 1      22  30
 7  76  36  56  -3   9   0    T    M    M  8.1 16 170   M    M   2        24 210
 8  74  63  69   9   0   4 1.37    M    M  7.3 17 220   M    M   7 13     28 230
 9  66  48  57  -3   8   0 0.83    M    M  7.0 18 300   M    M   7 13     27 300
10  77  45  61   1   4   0 0.05    M    M  6.8 18 220   M    M   1 8      25 240
11  79  60  70   9   0   5    T    M    M  4.3 14 300   M    M   4 18     19 310
12  84  58  71  10   0   6 0.64    M    M  6.3 23 330   M    M   4 138    29 330
13  73  60  67   6   0   2 0.02    M    M  2.9 17 320   M    M   9 1      23 320
14  76  61  69   8   0   4 0.86    M    M  4.1 13 210   M    M   9 1238   22 230
15  79  67  73  11   0   8 0.11  0.0    0  6.8 16 290   M    M   7 1      21 280
16   M   M   M   M   M   M 0.44    M    0  9.5 18 320   M    M   6 1      31 320
17  69  48  59  -3   6   0 0.00  0.0    M  3.0 10 180   M    M   2 2      13 190
18  76  55  66   4   0   1 0.11    M    M  4.1 12 280   M    M   7 1      18 260
19  74  56  65   2   0   0 0.08    M    M  6.3 14  10   M    M   5 1      18 350
20  73  56  65   2   0   0 0.04  0.0    M  5.5 13 140   M    M   9 18     17 170
21  77  58  68   5   0   3 0.08  0.0    M  6.9 20 310   M    M   7 1      25 300
22  81  53  67   4   0   2 0.22  0.0    M  4.6 14 280   M    M   5 12     20 300
23  79  53  66   3   0   1 0.88  0.0    M 10.9 25 280   M    M   7 13     46 280
24  74  46  60  -4   5   0 0.00    M    M  4.9 15 300   M    M   3 12     21 330
25  69  45  57  -7   8   0    T    M    M  2.2 10 120   M    M   4 1      13 120
26  74  58  66   2   0   1 0.00  0.0    0  5.0 13  70   M    M   7 12     17  70
27  60  53  57  -7   8   0 1.00  0.0    0 13.3 25 130   M    M   8 1      37 120
28  64  53  59  -5   6   0 0.16  0.0    0  7.4 18 290   M    M  10 1      23 300
================================================================================
SM 1955 1410       104  38  7.00     0.0 173.8          M      169
================================================================================
AV 72.4 52.2                               6.2 FASTST   M    M   6    MAX(MPH)
                                 MISC ---->  # 25 280               # 46  280
================================================================================
NOTES:
# LAST OF SEVERAL OCCURRENCES

COLUMN 17 PEAK WIND IN M.P.H.

PRELIMINARY LOCAL CLIMATOLOGICAL DATA (WS FORM: F-6) , PAGE 2

                                          STATION:  BRADFORD
                                          MONTH:    JUNE
                                          YEAR:     2015
                                          LATITUDE:   41 47 N
                                          LONGITUDE:  78 38 W

[TEMPERATURE DATA]      [PRECIPITATION DATA]       SYMBOLS USED IN COLUMN 16

AVERAGE MONTHLY: 62.3   TOTAL FOR MONTH:   7.00    1 = FOG OR MIST
DPTR FM NORMAL:   1.0   DPTR FM NORMAL:    2.40    2 = FOG REDUCING VISIBILITY
HIGHEST:    84 ON 12    GRTST 24HR  2.14 ON  8- 9      TO 1/4 MILE OR LESS
LOWEST:     36 ON  7                               3 = THUNDER
                        SNOW, ICE PELLETS, HAIL    4 = ICE PELLETS
                        TOTAL MONTH:   0.0 INCH    5 = HAIL
                        GRTST 24HR     0.0         6 = FREEZING RAIN OR DRIZZLE
                        GRTST DEPTH:   0           7 = DUSTSTORM OR SANDSTORM:
                                                       VSBY 1/2 MILE OR LESS
                                                   8 = SMOKE OR HAZE
[NO. OF DAYS WITH]      [WEATHER - DAYS WITH]      9 = BLOWING SNOW
                                                   X = TORNADO
MAX 32 OR BELOW:   0    0.01 INCH OR MORE:  19
MAX 90 OR ABOVE:   0    0.10 INCH OR MORE:  11
MIN 32 OR BELOW:   0    0.50 INCH OR MORE:   6
MIN  0 OR BELOW:   0    1.00 INCH OR MORE:   2

[HDD (BASE 65) ]
TOTAL THIS MO.   104    CLEAR  (SCALE 0-3)   5
DPTR FM NORMAL    47    PTCLDY (SCALE 4-7)  16
TOTAL FM JUL 1  8002    CLOUDY (SCALE 8-10)  7
DPTR FM NORMAL   317

[CDD (BASE 65) ]
TOTAL THIS MO.    38
DPTR FM NORMAL     1    [PRESSURE DATA]
TOTAL FM JAN 1    82    HIGHEST SLP M ON M
DPTR FM NORMAL    35    LOWEST  SLP 29.63 ON  9

[REMARKS]
