000
CXUS54 KAMA 241015
CF6BGD
PRELIMINARY LOCAL CLIMATOLOGICAL DATA (WS FORM: F-6)

                                          STATION:   BORGER
                                          MONTH:     APRIL
                                          YEAR:      2014
                                          LATITUDE:   35 42 N
                                          LONGITUDE: 101 24 W

  TEMPERATURE IN F:       :PCPN:    SNOW:  WIND      :SUNSHINE: SKY     :PK WND
================================================================================
1   2   3   4   5  6A  6B    7    8   9   10  11  12  13   14  15   16   17  18
                                     12Z  AVG MX 2MIN
DY MAX MIN AVG DEP HDD CDD  WTR  SNW DPTH SPD SPD DIR MIN PSBL S-S WX    SPD DR
================================================================================

 1  74  35  55   0  10   0 0.00  0.0    0 12.9 25 140   M    M   0        36 140
 2  87  50  69  14   0   4 0.00  0.0    0 14.2 26 220   M    M   0        37 210
 3  72  37  55   0  10   0 0.00  0.0    0 12.8 32 350   M    M   3        41 340
 4  66  34  50  -5  15   0 0.00  0.0    0  8.7 20 160   M    M   0        27 240
 5  59  43  51  -5  14   0 0.08    M    0 12.4 25 160   M    M   5        35 170
 6  62  37  50  -6  15   0    T  0.0    0  5.5 22 140   M    M   2        28 140
 7  64  42  53  -3  12   0    T  0.0    0 13.9 31 360   M    M   4        40  20
 8  75  36  56  -1   9   0 0.00  0.0    0  9.5 24 350   M    M   0        34 340
 9  88  50  69  12   0   4 0.00  0.0    0 11.7 21 240   M    M   0        29 200
10  78  55  67  10   0   2 0.00  0.0    0 12.5 28 360   M    M   0        32 360
11  84  46  65   8   0   0 0.00  0.0    0  7.1 18 160   M    M   0        26 160
12  91  58  75  17   0  10 0.00  0.0    0 13.7 26 220   M    M   0        34 220
13  76  33  55  -3  10   0 0.00  0.0    0 18.8 36  10   M    M   3        43  10
14  45  28  37 -21  28   0 0.02  1.1    1 16.9 32 360   M    M   6 1      41  10
15  70  29  50  -8  15   0 0.00  0.0    0 14.3 26 210   M    M   0        38 210
16  74  48  61   2   4   0 0.00  0.0    0 14.9 23  50   M    M   0        31  30
17  54  43  49 -10  16   0    T  0.0    0 11.5 26  60   M    M   7        37  60
18  76  38  57  -2   8   0 0.00  0.0    0 11.5 24 170   M    M   3        30 160
19  80  53  67   7   0   2    T  0.0    0 15.1 26 190   M    M   2        36 180
20  78  53  66   6   0   1 0.01  0.0    0 10.6 26 250   M    M   4 3      38 240
21  80  51  66   6   0   1 0.00  0.0    0  7.9 20  20   M    M   3 123    25  30
22  86  53  70  10   0   5    T  0.0    0 12.0 28 170   M    M   1        38 170
23  91  62  77  16   0  12 0.00  0.0    0 19.2 33 180   M    M   1        45 180
================================================================================
SM 1710 1014       166  41  0.11     1.1 287.6          M       44
================================================================================
AV 74.3 44.1                              12.5 FASTST   M    M   2    MAX(MPH)
                                 MISC ---->  # 36  10               # 45  180
================================================================================
NOTES:
# LAST OF SEVERAL OCCURRENCES

COLUMN 17 PEAK WIND IN M.P.H.

PRELIMINARY LOCAL CLIMATOLOGICAL DATA (WS FORM: F-6) , PAGE 2

                                          STATION:  BORGER
                                          MONTH:    APRIL
                                          YEAR:     2014
                                          LATITUDE:   35 42 N
                                          LONGITUDE: 101 24 W

[TEMPERATURE DATA]      [PRECIPITATION DATA]       SYMBOLS USED IN COLUMN 16

AVERAGE MONTHLY: 59.2   TOTAL FOR MONTH:   0.11    1 = FOG OR MIST
DPTR FM NORMAL:   1.6   DPTR FM NORMAL:   -1.17    2 = FOG REDUCING VISIBILITY
HIGHEST:    91 ON 23,12 GRTST 24HR  0.08 ON  5- 5      TO 1/4 MILE OR LESS
LOWEST:     28 ON 14                               3 = THUNDER
                        SNOW, ICE PELLETS, HAIL    4 = ICE PELLETS
                        TOTAL MONTH:   1.1 INCHES  5 = HAIL
                        GRTST 24HR   1.1 ON   M    6 = FREEZING RAIN OR DRIZZLE
                        GRTST DEPTH:   1 ON 14     7 = DUSTSTORM OR SANDSTORM:
                                                       VSBY 1/2 MILE OR LESS
                                                   8 = SMOKE OR HAZE
[NO. OF DAYS WITH]      [WEATHER - DAYS WITH]      9 = BLOWING SNOW
                                                   X = TORNADO
MAX 32 OR BELOW:   0    0.01 INCH OR MORE:   3
MAX 90 OR ABOVE:   2    0.10 INCH OR MORE:   0
MIN 32 OR BELOW:   2    0.50 INCH OR MORE:   0
MIN  0 OR BELOW:   0    1.00 INCH OR MORE:   0

[HDD (BASE 65) ]
TOTAL THIS MO.   166    CLEAR  (SCALE 0-3)  18
DPTR FM NORMAL   -26    PTCLDY (SCALE 4-7)   5
TOTAL FM JUL 1  3746    CLOUDY (SCALE 8-10)  0
DPTR FM NORMAL    77

[CDD (BASE 65) ]
TOTAL THIS MO.    41
DPTR FM NORMAL    18    [PRESSURE DATA]
TOTAL FM JAN 1    43    HIGHEST SLP M ON M
DPTR FM NORMAL    13    LOWEST  SLP 29.41 ON 23

[REMARKS]
