690
CXUS54 KBMX 241216
CF6BHM
PRELIMINARY LOCAL CLIMATOLOGICAL DATA (WS FORM: F-6)

                                          STATION:   BIRMINGHAM
                                          MONTH:     JULY
                                          YEAR:      2016
                                          LATITUDE:   33 34 N
                                          LONGITUDE:  86 45 W

  TEMPERATURE IN F:       :PCPN:    SNOW:  WIND      :SUNSHINE: SKY     :PK WND
================================================================================
1   2   3   4   5  6A  6B    7    8   9   10  11  12  13   14  15   16   17  18
                                     12Z  AVG MX 2MIN
DY MAX MIN AVG DEP HDD CDD  WTR  SNW DPTH SPD SPD DIR MIN PSBL S-S WX    SPD DR
================================================================================

 1  95  64  80   0   0  15 0.00  0.0    0  3.3 13 280   M    M   2        19 310
 2  98  73  86   6   0  21 0.00  0.0    0  3.5 14 280   M    M   1        18 310
 3  98  75  87   7   0  22    T  0.0    0  7.4 26 250   M    M   3 3      33 240
 4  95  80  88   7   0  23 0.00  0.0    0 11.5 21 210   M    M   3        27 220
 5  91  79  85   4   0  20 0.03  0.0    0 11.2 23 260   M    M   6 38     33 270
 6  95  78  87   6   0  22 0.00  0.0    0 11.4 23 250   M    M   5        31 270
 7  96  77  87   6   0  22 0.00  0.0    0 12.3 23 250   M    M   3        28 240
 8  98  81  90   9   0  25 0.00  0.0    0 10.1 20 250   M    M   5        24 270
 9  97  73  85   4   0  20 2.52  0.0    0  7.4 26 290   M    M   5 138    34 290
10  93  72  83   2   0  18 0.06  0.0    0  4.6 23 190   M    M   6 38     30 180
11  92  71  82   1   0  17 0.01  0.0    0  5.9 35 250   M    M   5        40 260
12  92  71  82   1   0  17 0.28  0.0    0  6.6 20 140   M    M   5 138    26 130
13  92  71  82   1   0  17 0.00  0.0    0  5.1 22 200   M    M   4        28 200
14  94  71  83   2   0  18 0.95  0.0    0  5.1 36 330   M    M   4 13     42 300
15  90  70  80  -1   0  15 0.00  0.0    0  3.7 13 310   M    M   3 1      17 250
16  89  73  81   0   0  16 0.11  0.0    0  3.4 13 130   M    M   6 38     17 130
17  92  73  83   2   0  18 1.29  0.0    0  3.8 29 330   M    M   4 3      38 320
18  94  73  84   3   0  19    T  0.0    0  3.5 17 210   M    M   3 3      22 210
19  93  75  84   3   0  19 0.00  0.0    0  3.2 16 330   M    M   4 3      19 330
20  95  75  85   4   0  20 0.00  0.0    0  2.2 20  60   M    M   4 3      27  70
21  98  76  87   6   0  22    T  0.0    0  4.0 17 140   M    M   4 3      24 140
22  94  74  84   3   0  19 0.00  0.0    0  3.5 18 200   M    M   6 3      22 220
23  92  76  84   3   0  19 0.49  0.0    0  2.3 20  50   M    M   8 13     23 150
================================================================================
SM 2163 1701         0 444  5.74     0.0 135.0          M       99
================================================================================
AV 94.0 74.0                               5.9 FASTST   M    M   4    MAX(MPH)
                                 MISC ---->  # 36 330               # 42  300
================================================================================
NOTES:
# LAST OF SEVERAL OCCURRENCES

COLUMN 17 PEAK WIND IN M.P.H.

PRELIMINARY LOCAL CLIMATOLOGICAL DATA (WS FORM: F-6) , PAGE 2

                                          STATION:  BIRMINGHAM
                                          MONTH:    JULY
                                          YEAR:     2016
                                          LATITUDE:   33 34 N
                                          LONGITUDE:  86 45 W

[TEMPERATURE DATA]      [PRECIPITATION DATA]       SYMBOLS USED IN COLUMN 16

AVERAGE MONTHLY: 84.0   TOTAL FOR MONTH:   5.74    1 = FOG OR MIST
DPTR FM NORMAL:   3.1   DPTR FM NORMAL:    2.12    2 = FOG REDUCING VISIBILITY
HIGHEST:    98 ON 21, 8 GRTST 24HR  2.52 ON  9- 9      TO 1/4 MILE OR LESS
LOWEST:     64 ON  1                               3 = THUNDER
                        SNOW, ICE PELLETS, HAIL    4 = ICE PELLETS
                        TOTAL MONTH:   0.0 INCH    5 = HAIL
                        GRTST 24HR     0.0         6 = FREEZING RAIN OR DRIZZLE
                        GRTST DEPTH:   0           7 = DUSTSTORM OR SANDSTORM:
                                                       VSBY 1/2 MILE OR LESS
                                                   8 = SMOKE OR HAZE
[NO. OF DAYS WITH]      [WEATHER - DAYS WITH]      9 = BLOWING SNOW
                                                   X = TORNADO
MAX 32 OR BELOW:   0    0.01 INCH OR MORE:   9
MAX 90 OR ABOVE:  22    0.10 INCH OR MORE:   6
MIN 32 OR BELOW:   0    0.50 INCH OR MORE:   3
MIN  0 OR BELOW:   0    1.00 INCH OR MORE:   2

[HDD (BASE 65) ]
TOTAL THIS MO.     0    CLEAR  (SCALE 0-3)   4
DPTR FM NORMAL     0    PTCLDY (SCALE 4-7)  19
TOTAL FM JUL 1     0    CLOUDY (SCALE 8-10)  0
DPTR FM NORMAL     0

[CDD (BASE 65) ]
TOTAL THIS MO.   444
DPTR FM NORMAL    79    [PRESSURE DATA]
TOTAL FM JAN 1  1246    HIGHEST SLP M ON M
DPTR FM NORMAL   217    LOWEST  SLP 29.95 ON M

[REMARKS]
