000
CXUS55 KVEF 240940
CF6BIH
PRELIMINARY LOCAL CLIMATOLOGICAL DATA (WS FORM: F-6)

                                          STATION:   BISHOP CA
                                          MONTH:     MARCH
                                          YEAR:      2017
                                          LATITUDE:   37 22 N
                                          LONGITUDE: 118 22 W

  TEMPERATURE IN F:       :PCPN:    SNOW:  WIND      :SUNSHINE: SKY     :PK WND
================================================================================
1   2   3   4   5  6A  6B    7    8   9   10  11  12  13   14  15   16   17  18
                                     12Z  AVG MX 2MIN
DY MAX MIN AVG DEP HDD CDD  WTR  SNW DPTH SPD SPD DIR MIN PSBL S-S WX    SPD DR
================================================================================

 1  60  21  41  -4  24   0 0.00  0.0    0  5.2 10 340   M    M   0        13 360
 2  65  22  44  -2  21   0 0.00  0.0    0  5.8 10 180   M    M   0        13 180
 3  63  23  43  -3  22   0 0.00  0.0    0  5.5 16 150   M    M   0        20 140
 4  70  24  47   1  18   0 0.00  0.0    0  6.7 20 150   M    M   0        25 280
 5  54  28  41  -5  24   0 0.01    T    0 10.5 24  20   M    M   6        32  10
 6  50  17  34 -12  31   0 0.00  0.0    0  5.1 15 270   M    M   0        21 280
 7  62  21  42  -5  23   0 0.00  0.0    0  4.8 15 200   M    M   1        21 170
 8  72  29  51   4  14   0 0.00  0.0    0  4.7 10 300   M    M   0        12 160
 9  76  31  54   7  11   0 0.00  0.0    0  5.7 15 170   M    M   0        18 160
10  75  36  56   9   9   0 0.00  0.0    0  5.7 12 310   M    M   0        15 310
11  76  33  55   7  10   0 0.00  0.0    0  5.2 14 300   M    M   0        15 300
12  79  33  56   8   9   0 0.00  0.0    0  6.6 14 310   M    M   0        23 350
13  81  32  57   9   8   0 0.00  0.0    0  5.8 13 180   M    M   0        22 170
14  80  33  57   9   8   0 0.00  0.0    0  5.6 16 150   M    M   0        21 150
15  81  34  58  10   7   0 0.00  0.0    0  7.1 22 250   M    M   0        31 260
16  78  39  59  11   6   0 0.00  0.0    0  3.7 10 240   M    M   0        13 180
17  81  35  58   9   7   0 0.00  0.0    0  9.6 24 160   M    M   0        30 160
18  81  43  62  13   3   0 0.00  0.0    0  7.7 22 150   M    M   0        29 150
19  79  35  57   8   8   0 0.00  0.0    0  8.4 24 180   M    M   0        33 160
20  80  38  59  10   6   0 0.00  0.0    0  9.8 26 170   M    M   1        41 140
21  67  44  56   7   9   0 0.08    M    0  9.1 24 150   M    M   4        30 160
22  63  32  48  -2  17   0 0.00  0.0    0  9.9 29 250   M    M   2        35 250
23  67  34  51   1  14   0 0.00  0.0    0  8.5 22  10   M    M   1        26  20
================================================================================
SM 1640  717       309   0  0.09    T    156.7          M       15
================================================================================
AV 71.3 31.2                               6.8 FASTST   M    M   1    MAX(MPH)
                                 MISC ---->  # 29 250               # 41  140
================================================================================
NOTES:
# LAST OF SEVERAL OCCURRENCES

COLUMN 17 PEAK WIND IN M.P.H.

PRELIMINARY LOCAL CLIMATOLOGICAL DATA (WS FORM: F-6) , PAGE 2

                                          STATION:  BISHOP CA
                                          MONTH:    MARCH
                                          YEAR:     2017
                                          LATITUDE:   37 22 N
                                          LONGITUDE: 118 22 W

[TEMPERATURE DATA]      [PRECIPITATION DATA]       SYMBOLS USED IN COLUMN 16

AVERAGE MONTHLY: 51.2   TOTAL FOR MONTH:   0.09    1 = FOG OR MIST
DPTR FM NORMAL:   3.6   DPTR FM NORMAL:   -0.34    2 = FOG REDUCING VISIBILITY
HIGHEST:    81 ON 18,17 GRTST 24HR  0.08 ON 21-21      TO 1/4 MILE OR LESS
LOWEST:     17 ON  6                               3 = THUNDER
                        SNOW, ICE PELLETS, HAIL    4 = ICE PELLETS
                        TOTAL MONTH:    T          5 = HAIL
                        GRTST 24HR    T  ON  5- 5  6 = FREEZING RAIN OR DRIZZLE
                        GRTST DEPTH:   0           7 = DUSTSTORM OR SANDSTORM:
                                                       VSBY 1/2 MILE OR LESS
                                                   8 = SMOKE OR HAZE
[NO. OF DAYS WITH]      [WEATHER - DAYS WITH]      9 = BLOWING SNOW
                                                   X = TORNADO
MAX 32 OR BELOW:   0    0.01 INCH OR MORE:   2
MAX 90 OR ABOVE:   0    0.10 INCH OR MORE:   0
MIN 32 OR BELOW:  11    0.50 INCH OR MORE:   0
MIN  0 OR BELOW:   0    1.00 INCH OR MORE:   0

[HDD (BASE 65) ]
TOTAL THIS MO.   309    CLEAR  (SCALE 0-3)  21
DPTR FM NORMAL   -90    PTCLDY (SCALE 4-7)   2
TOTAL FM JUL 1  3309    CLOUDY (SCALE 8-10)  0
DPTR FM NORMAL  -297

[CDD (BASE 65) ]
TOTAL THIS MO.     0
DPTR FM NORMAL     0    [PRESSURE DATA]
TOTAL FM JAN 1     0    HIGHEST SLP M ON M
DPTR FM NORMAL     0    LOWEST  SLP 29.55 ON  5

[REMARKS]
