000
CXUS55 KVEF 290940
CF6BIH
PRELIMINARY LOCAL CLIMATOLOGICAL DATA (WS FORM: F-6)

                                          STATION:   BISHOP CA
                                          MONTH:     AUGUST
                                          YEAR:      2014
                                          LATITUDE:   37 22 N
                                          LONGITUDE: 118 22 W

  TEMPERATURE IN F:       :PCPN:    SNOW:  WIND      :SUNSHINE: SKY     :PK WND
================================================================================
1   2   3   4   5  6A  6B    7    8   9   10  11  12  13   14  15   16   17  18
                                     12Z  AVG MX 2MIN
DY MAX MIN AVG DEP HDD CDD  WTR  SNW DPTH SPD SPD DIR MIN PSBL S-S WX    SPD DR
================================================================================

 1 101  60  81   4   0  16 0.00  0.0    0  7.9 25  10   M    M   2        30  10
 2  99  60  80   3   0  15 0.00  0.0    0 10.7 22 150   M    M   1 8      31 160
 3  80  63  72  -5   0   7 0.20  0.0    0 11.8 32 150   M    M   6 13     40 170
 4  82  60  71  -6   0   6    T  0.0    0  4.3 24 360   M    M   8 3      28  10
 5  91  54  73  -4   0   8    T  0.0    0  5.3 16 160   M    M   1 3      22 150
 6  93  56  75  -2   0  10 0.00  0.0    0  8.4 24 330   M    M   0        32 350
 7  94  54  74  -3   0   9 0.00  0.0    0  6.2 14 200   M    M   0        17 200
 8  97  55  76   0   0  11 0.00  0.0    0  6.6 18 160   M    M   0 8      25 140
 9  98  54  76   0   0  11 0.00  0.0    0  8.1 21 180   M    M   0        30 180
10  97  54  76   0   0  11 0.00  0.0    0  7.8 21 180   M    M   0        30 180
11  88  59  74  -2   0   9    T  0.0    0  8.1 26 130   M    M   4 3      33 130
12  95  55  75  -1   0  10 0.00  0.0    0  8.1 26 170   M    M   1        34 160
13  96  56  76   0   0  11 0.00  0.0    0 10.1 23 150   M    M   0        32 150
14  95  53  74  -2   0   9 0.00  0.0    0  9.4 25 150   M    M   0        31 150
15  97  50  74  -1   0   9 0.00  0.0    0  8.8 21 160   M    M   0        27 170
16  99  52  76   1   0  11 0.00  0.0    0  7.4 18 160   M    M   0        27 160
17 100  50  75   0   0  10 0.00  0.0    0  5.7 14 300   M    M   0        17 300
18  98  53  76   1   0  11 0.00  0.0    0 11.2 26 150   M    M   0        33 150
19  94  51  73  -2   0   8 0.00  0.0    0  6.8 23 150   M    M   0        29 150
20  91  50  71  -3   0   6 0.00  0.0    0 11.8 26 150   M    M   0        34 180
21  92  51  72  -2   0   7 0.00  0.0    0 10.4 21 140   M    M   0        28 170
22  95  56  76   2   0  11 0.00  0.0    0  8.6 24 250   M    M   0        35 260
23  92  49  71  -3   0   6 0.00  0.0    0  6.0 21  10   M    M   0        23  20
24  93  56  75   1   0  10 0.00  0.0    0 10.5 23 150   M    M   0        29 140
25  89  49  69  -5   0   4 0.00  0.0    0  6.3 21 350   M    M   0        31 360
26  91  55  73   0   0   8 0.00  0.0    0  5.1 15  20   M    M   0        20 360
27  94  50  72  -1   0   7 0.00  0.0    0  7.0 17 150   M    M   0        22 150
28  98  54  76   3   0  11 0.00  0.0    0  9.0 18 160   M    M   0        25 150
================================================================================
SM 2629 1519         0 262  0.20     0.0 227.4          M       23
================================================================================
AV 93.9 54.2                               8.1 FASTST   M    M   1    MAX(MPH)
                                 MISC ---->  # 32 150               # 40  170
================================================================================
NOTES:
# LAST OF SEVERAL OCCURRENCES

COLUMN 17 PEAK WIND IN M.P.H.

PRELIMINARY LOCAL CLIMATOLOGICAL DATA (WS FORM: F-6) , PAGE 2

                                          STATION:  BISHOP CA
                                          MONTH:    AUGUST
                                          YEAR:     2014
                                          LATITUDE:   37 22 N
                                          LONGITUDE: 118 22 W

[TEMPERATURE DATA]      [PRECIPITATION DATA]       SYMBOLS USED IN COLUMN 16

AVERAGE MONTHLY: 74.1   TOTAL FOR MONTH:   0.20    1 = FOG OR MIST
DPTR FM NORMAL:  -1.2   DPTR FM NORMAL:    0.08    2 = FOG REDUCING VISIBILITY
HIGHEST:   101 ON  1    GRTST 24HR  0.20 ON  3- 3      TO 1/4 MILE OR LESS
LOWEST:     49 ON 25,23                            3 = THUNDER
                        SNOW, ICE PELLETS, HAIL    4 = ICE PELLETS
                        TOTAL MONTH:   0.0 INCH    5 = HAIL
                        GRTST 24HR     0.0         6 = FREEZING RAIN OR DRIZZLE
                        GRTST DEPTH:   0           7 = DUSTSTORM OR SANDSTORM:
                                                       VSBY 1/2 MILE OR LESS
                                                   8 = SMOKE OR HAZE
[NO. OF DAYS WITH]      [WEATHER - DAYS WITH]      9 = BLOWING SNOW
                                                   X = TORNADO
MAX 32 OR BELOW:   0    0.01 INCH OR MORE:   1
MAX 90 OR ABOVE:  24    0.10 INCH OR MORE:   1
MIN 32 OR BELOW:   0    0.50 INCH OR MORE:   0
MIN  0 OR BELOW:   0    1.00 INCH OR MORE:   0

[HDD (BASE 65) ]
TOTAL THIS MO.     0    CLEAR  (SCALE 0-3)  25
DPTR FM NORMAL     0    PTCLDY (SCALE 4-7)   3
TOTAL FM JUL 1     0    CLOUDY (SCALE 8-10)  0
DPTR FM NORMAL    -1

[CDD (BASE 65) ]
TOTAL THIS MO.   262
DPTR FM NORMAL   -28    [PRESSURE DATA]
TOTAL FM JAN 1  1107    HIGHEST SLP M ON M
DPTR FM NORMAL   153    LOWEST  SLP 29.59 ON 19

[REMARKS]
