000
CXUS55 KBYZ 181055
CF6BIL
PRELIMINARY LOCAL CLIMATOLOGICAL DATA (WS FORM: F-6)

                                          STATION:   BILLINGS MT
                                          MONTH:     APRIL
                                          YEAR:      2014
                                          LATITUDE:   45 47 N
                                          LONGITUDE: 108 32 W

  TEMPERATURE IN F:       :PCPN:    SNOW:  WIND      :SUNSHINE: SKY     :PK WND
================================================================================
1   2   3   4   5  6A  6B    7    8   9   10  11  12  13   14  15   16   17  18
                                     12Z  AVG MX 2MIN
DY MAX MIN AVG DEP HDD CDD  WTR  SNW DPTH SPD SPD DIR MIN PSBL S-S WX    SPD DR
================================================================================

 1  29  21  25 -17  40   0 0.00  0.0    T  5.6 13  30   M    M  10 12     14  30
 2  34  26  30 -12  35   0 0.06  0.5    T  8.7 17 240   M    M  10 16     20 240
 3  49  27  38  -4  27   0 0.00  0.0    0  9.3 17 230   M    M   2        20 240
 4  57  31  44   1  21   0 0.00  0.0    0 10.9 26 230   M    M   3        33 230
 5  56  38  47   4  18   0    T  0.0    0  9.4 20 330   M    M   8        24 310
 6  57  36  47   4  18   0    T  0.0    0 16.2 36 300   M    M   6        45 290
 7  61  33  47   3  18   0    T  0.0    0 11.9 24 290   M    M   6        30 310
 8  74  39  57  13   8   0 0.00  0.0    0 14.6 31 280   0    0   0        41 270
 9  73  44  59  15   6   0 0.00  0.0    0 13.1 37 320   M    M   7        45 330
10  64  35  50   6  15   0 0.00  0.0    0 12.4 32 270   M    M   5        39 300
11  72  36  54   9  11   0 0.00  0.0    0  9.4 29 280   M    M   5        35 300
12  52  28  40  -5  25   0 0.01  0.1    0 14.1 26  40   M    M   9 1      33  40
13  40  26  33 -12  32   0    T    T    0  8.6 17 290   M    M   7        22  40
14  53  25  39  -7  26   0 0.00  0.0    0 17.9 28 240   M    M   3        32 250
15  59  40  50   4  15   0    T  0.0    0 19.6 35 310   M    M   8        40 310
16  46  34  40  -6  25   0 0.02    T    0 10.6 28 300   M    M   8        32 310
17  64  32  48   2  17   0 0.00  0.0    0  4.9 17 180   M    M   7        24 180
================================================================================
SM  940  551       357   0  0.09     0.6 197.2            0    104
================================================================================
AV 55.3 32.4                              11.6 FASTST    0   0   6    MAX(MPH)
                                 MISC ---->  # 37 320               # 45  290
================================================================================
NOTES:
# LAST OF SEVERAL OCCURRENCES

COLUMN 17 PEAK WIND IN M.P.H.

PRELIMINARY LOCAL CLIMATOLOGICAL DATA (WS FORM: F-6) , PAGE 2

                                          STATION:  BILLINGS MT
                                          MONTH:    APRIL
                                          YEAR:     2014
                                          LATITUDE:   45 47 N
                                          LONGITUDE: 108 32 W

[TEMPERATURE DATA]      [PRECIPITATION DATA]       SYMBOLS USED IN COLUMN 16

AVERAGE MONTHLY: 43.9   TOTAL FOR MONTH:   0.09    1 = FOG OR MIST
DPTR FM NORMAL:  -0.3   DPTR FM NORMAL:   -0.79    2 = FOG REDUCING VISIBILITY
HIGHEST:    74 ON  8    GRTST 24HR  0.07 ON 31- 1      TO 1/4 MILE OR LESS
LOWEST:     21 ON  1                               3 = THUNDER
                        SNOW, ICE PELLETS, HAIL    4 = ICE PELLETS
                        TOTAL MONTH:   0.6 INCH    5 = HAIL
                        GRTST 24HR   0.5 ON  2- 2  6 = FREEZING RAIN OR DRIZZLE
                        GRTST DEPTH:   0           7 = DUSTSTORM OR SANDSTORM:
                                                       VSBY 1/2 MILE OR LESS
                                                   8 = SMOKE OR HAZE
[NO. OF DAYS WITH]      [WEATHER - DAYS WITH]      9 = BLOWING SNOW
                                                   X = TORNADO
MAX 32 OR BELOW:   1    0.01 INCH OR MORE:   3
MAX 90 OR ABOVE:   0    0.10 INCH OR MORE:   0
MIN 32 OR BELOW:   8    0.50 INCH OR MORE:   0
MIN  0 OR BELOW:   0    1.00 INCH OR MORE:   0

[HDD (BASE 65) ]
TOTAL THIS MO.   357    CLEAR  (SCALE 0-3)   3
DPTR FM NORMAL     3    PTCLDY (SCALE 4-7)  10
TOTAL FM JUL 1  6597    CLOUDY (SCALE 8-10)  4
DPTR FM NORMAL   433

[CDD (BASE 65) ]
TOTAL THIS MO.     0
DPTR FM NORMAL     0    [PRESSURE DATA]
TOTAL FM JAN 1     0    HIGHEST SLP  0.00 ON  8
DPTR FM NORMAL     0    LOWEST  SLP  0.00 ON  8

[REMARKS]
