000
CXUS53 KBIS 290731
CF6BIS
PRELIMINARY LOCAL CLIMATOLOGICAL DATA (WS FORM: F-6)

                                          STATION:   BISMARCK ND
                                          MONTH:     APRIL
                                          YEAR:      2016
                                          LATITUDE:   46 46 N
                                          LONGITUDE: 100 45 W

  TEMPERATURE IN F:       :PCPN:    SNOW:  WIND      :SUNSHINE: SKY     :PK WND
================================================================================
1   2   3   4   5  6A  6B    7    8   9   10  11  12  13   14  15   16   17  18
                                     12Z  AVG MX 2MIN
DY MAX MIN AVG DEP HDD CDD  WTR  SNW DPTH SPD SPD DIR MIN PSBL S-S WX    SPD DR
================================================================================

 1  52  24  38   1  27   0 0.02  0.2    1 13.0 26 360   M    M   7 1      36 350
 2  70  22  46   8  19   0 0.00  0.0    0  7.5 15 130   M    M   1        20 340
 3  64  24  44   6  21   0 0.00  0.0    0 11.2 25 350   M    M   2 8      33 340
 4  60  17  39   0  26   0 0.00  0.0    0 10.4 23 150   M    M   0        28 150
 5  66  38  52  13  13   0    T  0.0    0 15.7 31 320   M    M   5        45 320
 6  56  32  44   4  21   0 0.15    T    0 13.4 30 320   M    M   8 138    40 330
 7  50  32  41   1  24   0 0.00  0.0    0 18.0 35 320   M    M   4        47 310
 8  45  24  35  -6  30   0 0.00  0.0    0  8.8 20  10   M    M   0        24  20
 9  75  25  50   9  15   0 0.00  0.0    0 19.0 37 170   M    M   0        48 170
10  45  26  36  -6  29   0 0.00  0.0    0 15.5 33 320   M    M   5        45 320
11  45  19  32 -10  33   0 0.00  0.0    0  7.2 15 320   M    M   0        19 320
12  62  25  44   2  21   0 0.00  0.0    0 11.4 21 150   M    M   1        24 140
13  74  22  48   5  17   0 0.01  0.0    0 10.4 26 140   M    M   1        31 150
14  70  48  59  16   6   0 0.01  0.0    0 10.9 24  90   M    M   2 3      29  80
15  68  42  55  11  10   0 0.13  0.0    0 14.2 24 150   M    M   6 13     30 150
16  42  35  39  -5  26   0 0.64    T    0 11.8 18  10   M    M  10 1      22 360
17  40  34  37  -8  28   0 0.19  0.0    0 11.0 18  10   M    M  10 1      22  20
18  45  37  41  -4  24   0 0.29  0.0    0 14.4 24  60   M    M  10 1      33  50
19  64  43  54   8  11   0 0.03  0.0    0  9.4 22  70   M    M   7 1      29  60
20  71  33  52   6  13   0 0.00  0.0    0  5.1 14 340   M    M   0        18 330
21  58  35  47   1  18   0 0.00  0.0    0  9.6 18 340   M    M   0        23 350
22  67  30  49   2  16   0 0.00  0.0    0 14.0 28 150   M    M   0        33 150
23  74  44  59  12   6   0    T  0.0    0 18.9 31  70   M    M   0        40  70
24  49  42  46  -2  19   0 1.58  0.0    0 21.0 36  70   M    M   8 13     43  70
25  42  38  40  -8  25   0 0.93    T    0 11.5 18  30   M    M  10 1      24  20
26  40  37  39  -9  26   0 0.01  0.0    0  9.9 17  50   M    M  10 1      20  50
27  49  40  45  -4  20   0 0.15  0.0    0 11.0 22  60   M    M   9 1      27  50
28  57  36  47  -2  18   0 0.01  0.0    0  8.1 20  80   M    M  10        24  60
================================================================================
SM 1600  904       562   0  4.15     0.2 342.3          M      126
================================================================================
AV 57.1 32.3                              12.2 FASTST   M    M   5    MAX(MPH)
                                 MISC ---->  # 37 170               # 48  170
================================================================================
NOTES:
# LAST OF SEVERAL OCCURRENCES

COLUMN 17 PEAK WIND IN M.P.H.

PRELIMINARY LOCAL CLIMATOLOGICAL DATA (WS FORM: F-6) , PAGE 2

                                          STATION:  BISMARCK ND
                                          MONTH:    APRIL
                                          YEAR:     2016
                                          LATITUDE:   46 46 N
                                          LONGITUDE: 100 45 W

[TEMPERATURE DATA]      [PRECIPITATION DATA]       SYMBOLS USED IN COLUMN 16

AVERAGE MONTHLY: 44.7   TOTAL FOR MONTH:   4.15    1 = FOG OR MIST
DPTR FM NORMAL:   1.2   DPTR FM NORMAL:    3.00    2 = FOG REDUCING VISIBILITY
HIGHEST:    75 ON  9    GRTST 24HR  2.30 ON 24-25      TO 1/4 MILE OR LESS
LOWEST:     17 ON  4                               3 = THUNDER
                        SNOW, ICE PELLETS, HAIL    4 = ICE PELLETS
                        TOTAL MONTH:   0.2 INCH    5 = HAIL
                        GRTST 24HR   0.2 ON   M    6 = FREEZING RAIN OR DRIZZLE
                        GRTST DEPTH:   1 ON  1     7 = DUSTSTORM OR SANDSTORM:
                                                       VSBY 1/2 MILE OR LESS
                                                   8 = SMOKE OR HAZE
[NO. OF DAYS WITH]      [WEATHER - DAYS WITH]      9 = BLOWING SNOW
                                                   X = TORNADO
MAX 32 OR BELOW:   0    0.01 INCH OR MORE:  14
MAX 90 OR ABOVE:   0    0.10 INCH OR MORE:   8
MIN 32 OR BELOW:  13    0.50 INCH OR MORE:   3
MIN  0 OR BELOW:   0    1.00 INCH OR MORE:   1

[HDD (BASE 65) ]
TOTAL THIS MO.   562    CLEAR  (SCALE 0-3)  13
DPTR FM NORMAL   -44    PTCLDY (SCALE 4-7)   8
TOTAL FM JUL 1  6680    CLOUDY (SCALE 8-10)  7
DPTR FM NORMAL -1445

[CDD (BASE 65) ]
TOTAL THIS MO.     0
DPTR FM NORMAL     0    [PRESSURE DATA]
TOTAL FM JAN 1     0    HIGHEST SLP M ON M
DPTR FM NORMAL     0    LOWEST  SLP 29.36 ON  9

[REMARKS]
