000
CXUS53 KGRR 281017
CF6BIV
PRELIMINARY LOCAL CLIMATOLOGICAL DATA (WS FORM: F-6)

                                          STATION:   HOLLAND/TULIP CITY MI
                                          MONTH:     NOVEMBER
                                          YEAR:      2014
                                          LATITUDE:   42 49 N
                                          LONGITUDE:  86 10 W

  TEMPERATURE IN F:       :PCPN:    SNOW:  WIND      :SUNSHINE: SKY     :PK WND
================================================================================
1   2   3   4   5  6A  6B    7    8   9   10  11  12  13   14  15   16   17  18
                                     12Z  AVG MX 2MIN
DY MAX MIN AVG DEP HDD CDD  WTR  SNW DPTH SPD SPD DIR MIN PSBL S-S WX    SPD DR
================================================================================

 1  45  27  36 -11  29   0 0.00    M    M  6.1 15  10   M    M   0        23  10
 2  52  24  38  -9  27   0 0.00    M    M  5.5 15 210   M    M   0        20 220
 3  64  44  54   7  11   0 0.00    M    M 13.4 26 220   M    M   5        38 220
 4  61  47  54   8  11   0 0.09    M    M 19.4 30 220   M    M   8 1      40 210
 5  53  46  50   4  15   0 0.03    M    M 11.5 30 250   M    M   3        38 250
 6  50  37  44  -2  21   0 0.08    M    M  8.4 18 340   M    M  10 1      28 340
 7  41  36  39  -6  26   0 0.03    M    M  4.7 13 190   M    M  10        16 190
 8  46  40  43  -2  22   0 0.12    M    M 11.5 24 310   M    M  10 1      37 310
 9  49  34  42  -2  23   0 0.02    M    M 12.6 33 220   M    M   6        43 220
10  59  41  50   6  15   0    T    M    M  9.9 18 140   M    M   3        24 150
11  59  36  48   4  17   0 0.26    M    M 12.8 22 280   M    M  10 1      33 310
12  36  32  34  -9  31   0    T    M    M 11.9 22 270   M    M  10        30 260
13  34  27  31 -12  34   0 0.15    M    M  9.0 18 280   M    M  10 18     30 270
14  32  29  31 -11  34   0 0.15    M    M  7.0 15 270   M    M  10 12     20 260
15  32  27  30 -12  35   0 0.05    M    M  8.0 14 240   M    M  10 1      17 250
16  32  27  30 -12  35   0 0.08    M    M  8.9 15 270   M    M  10 18     20 270
17  33  18  26 -15  39   0    M    M    M 16.1 29 250   M    M  10 128    36 280
18  22  18  20 -21  45   0    M    M    M 18.5 28 260   M    M  10 128    36 270
19  30  18  24 -16  41   0    M    M    M 16.2 30 270   M    M  10 18     41 270
20  27  22  25 -15  40   0    T    M    M 16.0 29 260   M    M  10 8      37 270
21  31  18  25 -15  40   0    T    M    M  8.3 16 300   M    M   5        23 310
22  53  28  41   2  24   0 0.16    M    M 14.3 24 210   M    M  10 1      34 210
23  54  49  52  13  13   0 0.83    M    M 11.7 22 210   M    M  10 1      30 210
24  52  32  42   4  23   0 0.96    M    M 19.9 38 230   M    M  10 1      51 230
25  32  30  31  -7  34   0 0.02    M    M 13.0 28 250   M    M  10        34 250
26  32  29  31  -7  34   0 0.00    M    M  4.1 10 130   M    M  10        14 190
27  33  21  27 -10  38   0 0.13    M    M  4.5 15 330   M    M  10 12     22 350
================================================================================
SM 1144  837       757   0  3.16    M    303.2          M      220
================================================================================
AV 42.4 31.0                              11.2 FASTST   M    M   8    MAX(MPH)
                                 MISC ---->  # 38 230               # 51  230
================================================================================
NOTES:
# LAST OF SEVERAL OCCURRENCES

COLUMN 17 PEAK WIND IN M.P.H.

PRELIMINARY LOCAL CLIMATOLOGICAL DATA (WS FORM: F-6) , PAGE 2

                                          STATION:  HOLLAND/TULIP CITY MI
                                          MONTH:    NOVEMBER
                                          YEAR:     2014
                                          LATITUDE:   42 49 N
                                          LONGITUDE:  86 10 W

[TEMPERATURE DATA]      [PRECIPITATION DATA]       SYMBOLS USED IN COLUMN 16

AVERAGE MONTHLY: 36.7   TOTAL FOR MONTH:   3.16    1 = FOG OR MIST
DPTR FM NORMAL:  -5.7   DPTR FM NORMAL:   -0.03    2 = FOG REDUCING VISIBILITY
HIGHEST:    64 ON  3    GRTST 24HR  1.76 ON 23-24      TO 1/4 MILE OR LESS
LOWEST:     18 ON 21,19                            3 = THUNDER
                        SNOW, ICE PELLETS, HAIL    4 = ICE PELLETS
                        TOTAL MONTH:    M          5 = HAIL
                        GRTST 24HR    M  ON   M    6 = FREEZING RAIN OR DRIZZLE
                        GRTST DEPTH:  M  ON   M    7 = DUSTSTORM OR SANDSTORM:
                                                       VSBY 1/2 MILE OR LESS
                                                   8 = SMOKE OR HAZE
[NO. OF DAYS WITH]      [WEATHER - DAYS WITH]      9 = BLOWING SNOW
                                                   X = TORNADO
MAX 32 OR BELOW:   9    0.01 INCH OR MORE:  16
MAX 90 OR ABOVE:   0    0.10 INCH OR MORE:   8
MIN 32 OR BELOW:  17    0.50 INCH OR MORE:   2
MIN  0 OR BELOW:   0    1.00 INCH OR MORE:   0

[HDD (BASE 65) ]
TOTAL THIS MO.   757    CLEAR  (SCALE 0-3)   3
DPTR FM NORMAL   145    PTCLDY (SCALE 4-7)   5
TOTAL FM JUL 1  1308    CLOUDY (SCALE 8-10) 19
DPTR FM NORMAL   171

[CDD (BASE 65) ]
TOTAL THIS MO.     0
DPTR FM NORMAL     0    [PRESSURE DATA]
TOTAL FM JAN 1   570    HIGHEST SLP M ON M
DPTR FM NORMAL  -123    LOWEST  SLP 29.03 ON 24

[REMARKS]
