000
CXUS53 KGRR 311017
CF6BIV
PRELIMINARY LOCAL CLIMATOLOGICAL DATA (WS FORM: F-6)

                                          STATION:   HOLLAND/TULIP CITY MI
                                          MONTH:     JULY
                                          YEAR:      2015
                                          LATITUDE:   42 49 N
                                          LONGITUDE:  86 10 W

  TEMPERATURE IN F:       :PCPN:    SNOW:  WIND      :SUNSHINE: SKY     :PK WND
================================================================================
1   2   3   4   5  6A  6B    7    8   9   10  11  12  13   14  15   16   17  18
                                     12Z  AVG MX 2MIN
DY MAX MIN AVG DEP HDD CDD  WTR  SNW DPTH SPD SPD DIR MIN PSBL S-S WX    SPD DR
================================================================================

 1  64  54  59 -13   6   0 0.00    M    M  6.8 16 310   M    M   6        22 340
 2  76  53  65  -7   0   0 0.00    M    M  4.5 13 290   M    M   3        17  70
 3  76  51  64  -8   1   0 0.00    M    M  3.4 12 280   M    M   0        15 270
 4  78  52  65  -7   0   0 0.00    M    M  3.3 13 240   M    M   0 1      14 260
 5  83  57  70  -2   0   5 0.00    M    M  3.7 12 270   M    M   0 18     16 280
 6  87  62  75   3   0  10 0.00    M    M  9.2 20 230   M    M   1 18     26 260
 7  77  57  67  -5   0   2 0.03    M    M  9.4 20 240   M    M   4 1      25 240
 8  72  52  62 -10   3   0    T    M    M  4.8 12 100   M    M   1        14 120
 9  74  55  65  -7   0   0 0.07    M    M  5.7 14 300   M    M   5 18     19 290
10  80  52  66  -6   0   1 0.00    M    M  2.1 12 250   M    M   0 12     18  20
11  81  52  67  -5   0   2 0.00    M    M  3.5 13 250   M    M   1 1      18 160
12  87  65  76   4   0  11 0.00    M    M  4.3 12 100   M    M   4 1      15 140
13  84  64  74   1   0   9 1.66    M    M  9.4 40 240   M    M   3 13     52 230
14  74  65  70  -3   0   5 0.16    M    M  8.7 17 310   M    M   7 13     26 300
15  78  58  68  -5   0   3 0.00    M    M  6.1 13  80   M    M   1        16  90
16  76  56  66  -7   0   1 0.04    M    M  7.7 15 130   M    M   3 1      19 120
17  86  65  76   3   0  11    M    M    M  9.6 23 220   M    M   7 1      29 210
18  88  66  77   4   0  12 0.32    M    M  9.4 32 240   M    M   0 13     41 250
19  80  65  73   0   0   8 0.00    M    M  7.8 17 230   M    M   1        23 230
20  81  63  72  -1   0   7 0.01    M    M  8.7 16 230   M    M   1        22 230
21  75  61  68  -5   0   3 0.00    M    M  6.7 14 270   M    M   1        19 270
22  80  57  69  -4   0   4 0.00    M    M  3.2 10 280   M    M   1        14 280
23  81  62  72   0   0   7 0.00    M    M  4.1 13 260   M    M   3        15 290
24  84  60  72   0   0   7 0.00    M    M  4.8 15 230   M    M   0 1      18 240
25  81  63  72   0   0   7 0.00    M    M  7.4 16 250   M    M   3        22 220
26  88  59  74   2   0   9 0.00    M    M  2.6 12  90   M    M   0 12     15  90
27  90  63  77   5   0  12 0.00    M    M  3.7 13 100   M    M   1 12     16 110
28  91  63  77   5   0  12 0.00    M    M  4.5 13 150   M    M   1 12     15 160
29  84  73  79   7   0  14 0.00    M    M  8.5 17 290   M    M   3        27 300
30  83  69  76   4   0  11 0.00    M    M  9.5 18 260   M    M   0        25 270
================================================================================
SM 2419 1794        10 173  2.29    M    183.1          M       61
================================================================================
AV 80.6 59.8                               6.1 FASTST   M    M   2    MAX(MPH)
                                 MISC ---->  # 40 240               # 52  230
================================================================================
NOTES:
# LAST OF SEVERAL OCCURRENCES

COLUMN 17 PEAK WIND IN M.P.H.

PRELIMINARY LOCAL CLIMATOLOGICAL DATA (WS FORM: F-6) , PAGE 2

                                          STATION:  HOLLAND/TULIP CITY MI
                                          MONTH:    JULY
                                          YEAR:     2015
                                          LATITUDE:   42 49 N
                                          LONGITUDE:  86 10 W

[TEMPERATURE DATA]      [PRECIPITATION DATA]       SYMBOLS USED IN COLUMN 16

AVERAGE MONTHLY: 70.2   TOTAL FOR MONTH:   2.29    1 = FOG OR MIST
DPTR FM NORMAL:  -2.1   DPTR FM NORMAL:   -0.45    2 = FOG REDUCING VISIBILITY
HIGHEST:    91 ON 28    GRTST 24HR  1.82 ON 13-14      TO 1/4 MILE OR LESS
LOWEST:     51 ON  3                               3 = THUNDER
                        SNOW, ICE PELLETS, HAIL    4 = ICE PELLETS
                        TOTAL MONTH:    M          5 = HAIL
                        GRTST 24HR    M  ON   M    6 = FREEZING RAIN OR DRIZZLE
                        GRTST DEPTH:  M  ON   M    7 = DUSTSTORM OR SANDSTORM:
                                                       VSBY 1/2 MILE OR LESS
                                                   8 = SMOKE OR HAZE
[NO. OF DAYS WITH]      [WEATHER - DAYS WITH]      9 = BLOWING SNOW
                                                   X = TORNADO
MAX 32 OR BELOW:   0    0.01 INCH OR MORE:   7
MAX 90 OR ABOVE:   2    0.10 INCH OR MORE:   3
MIN 32 OR BELOW:   0    0.50 INCH OR MORE:   1
MIN  0 OR BELOW:   0    1.00 INCH OR MORE:   1

[HDD (BASE 65) ]
TOTAL THIS MO.    10    CLEAR  (SCALE 0-3)  24
DPTR FM NORMAL    10    PTCLDY (SCALE 4-7)   6
TOTAL FM JUL 1    10    CLOUDY (SCALE 8-10)  0
DPTR FM NORMAL    10

[CDD (BASE 65) ]
TOTAL THIS MO.   173
DPTR FM NORMAL   -60    [PRESSURE DATA]
TOTAL FM JAN 1   306    HIGHEST SLP M ON M
DPTR FM NORMAL  -115    LOWEST  SLP 29.47 ON M

[REMARKS]
