230
CXUS56 KBOI 291002
CF6BKE
PRELIMINARY LOCAL CLIMATOLOGICAL DATA (WS FORM: F-6)

                                          STATION:   BAKER OR
                                          MONTH:     APRIL
                                          YEAR:      2016
                                          LATITUDE:   44 50 N
                                          LONGITUDE: 117 49 W

  TEMPERATURE IN F:       :PCPN:    SNOW:  WIND      :SUNSHINE: SKY     :PK WND
================================================================================
1   2   3   4   5  6A  6B    7    8   9   10  11  12  13   14  15   16   17  18
                                     12Z  AVG MX 2MIN
DY MAX MIN AVG DEP HDD CDD  WTR  SNW DPTH SPD SPD DIR MIN PSBL S-S WX    SPD DR
================================================================================

 1  66  24  45   4  20   0 0.00    M    M  6.0 15 100   M    M   0 1      20 100
 2  71  27  49   8  16   0 0.00    M    M  5.0 18 100   M    M   1 1      24  80
 3  72  29  51  10  14   0    T    M    M  4.5 16  70   M    M   2 128    22  30
 4  55  34  45   4  20   0    T    M    M 11.3 29 330   M    M   6        37 330
 5  56  30  43   1  22   0 0.00    M    M  6.2 18 330   M    M   2        25 330
 6  70  23  47   5  18   0 0.00    M    M  1.9 10  40   M    M   0        15  20
 7  78  25  52  10  13   0 0.00    M    M  2.3 10 100   M    M   0        14  40
 8  80  28  54  12  11   0 0.00    M    M  2.5 10 100   M    M   0        13 110
 9  78  29  54  12  11   0 0.00    M    M  9.0 21 340   M    M   0        26 340
10  73  32  53  11  12   0 0.00    M    M  7.5 17 320   M    M   0        23 340
11  74  30  52  10  13   0 0.00    M    M  3.3 10 310   M    M   0 1      13 310
12  53  42  48   5  17   0 0.20    M    M  6.9 18 320   M    M   8 1      24 320
13  56  35  46   3  19   0 0.09    M    M  7.2 18 150   M    M   8 1      23 150
14  52  31  42  -1  23   0 0.02    M    M 11.2 26 230   M    M   6        37 190
15  54  29  42  -1  23   0 0.00    M    M 11.4 26 320   M    M   3        33 300
16  63  20  42  -1  23   0 0.00    M    M  3.0 10 300   M    M   0 12     14 290
17  72  27  50   6  15   0 0.00    M    M  2.7  9 140   M    M   0 12     13  20
18  75  29  52   8  13   0 0.00    M    M  2.6 13  90   M    M   0 1      17  90
19  78  28  53   9  12   0 0.00    M    M  3.1 13 290   M    M   0 12     15 280
20  79  32  56  12   9   0 0.00    M    M  5.2 20 120   M    M   0 1      24 100
21  79  33  56  12   9   0 0.00    M    M  6.2 22 130   M    M   0        26 140
22  72  47  60  15   5   0    T    M    M  9.7 32 180   M    M   3        45 170
23  60  38  49   4  16   0 0.00    M    M 16.6 28 320   M    M   7        35 330
24  54  33  44  -1  21   0 0.04    M    M  9.9 24 320   M    M   7        30 320
25  55  36  46   1  19   0 0.00    M    M 21.4 36 320   M    M   5        43 320
26  62  33  48   2  17   0 0.00    M    M 10.0 21 320   M    M   1        28 330
27  55  38  47   1  18   0    T    M    M 11.2 20 330   M    M   5 8      25 320
28  61  37  49   3  16   0 0.00    M    M 13.5 30 320   M    M   5        36 330
================================================================================
SM 1853  879       445   0  0.35    M    211.3          M       69
================================================================================
AV 66.2 31.4                               7.5 FASTST   M    M   2    MAX(MPH)
                                 MISC ---->  # 36 320               # 45  170
================================================================================
NOTES:
# LAST OF SEVERAL OCCURRENCES

COLUMN 17 PEAK WIND IN M.P.H.

PRELIMINARY LOCAL CLIMATOLOGICAL DATA (WS FORM: F-6) , PAGE 2

                                          STATION:  BAKER OR
                                          MONTH:    APRIL
                                          YEAR:     2016
                                          LATITUDE:   44 50 N
                                          LONGITUDE: 117 49 W

[TEMPERATURE DATA]      [PRECIPITATION DATA]       SYMBOLS USED IN COLUMN 16

AVERAGE MONTHLY: 48.8   TOTAL FOR MONTH:   0.35    1 = FOG OR MIST
DPTR FM NORMAL:   5.5   DPTR FM NORMAL:   -0.43    2 = FOG REDUCING VISIBILITY
HIGHEST:    80 ON  8    GRTST 24HR  0.22 ON 12-13      TO 1/4 MILE OR LESS
LOWEST:     20 ON 16                               3 = THUNDER
                        SNOW, ICE PELLETS, HAIL    4 = ICE PELLETS
                        TOTAL MONTH:    M          5 = HAIL
                        GRTST 24HR    M  ON   M    6 = FREEZING RAIN OR DRIZZLE
                        GRTST DEPTH:  M  ON   M    7 = DUSTSTORM OR SANDSTORM:
                                                       VSBY 1/2 MILE OR LESS
                                                   8 = SMOKE OR HAZE
[NO. OF DAYS WITH]      [WEATHER - DAYS WITH]      9 = BLOWING SNOW
                                                   X = TORNADO
MAX 32 OR BELOW:   0    0.01 INCH OR MORE:   4
MAX 90 OR ABOVE:   0    0.10 INCH OR MORE:   1
MIN 32 OR BELOW:  17    0.50 INCH OR MORE:   0
MIN  0 OR BELOW:   0    1.00 INCH OR MORE:   0

[HDD (BASE 65) ]
TOTAL THIS MO.   445    CLEAR  (SCALE 0-3)  17
DPTR FM NORMAL  -164    PTCLDY (SCALE 4-7)  11
TOTAL FM JUL 1  6276    CLOUDY (SCALE 8-10)  0
DPTR FM NORMAL  -701

[CDD (BASE 65) ]
TOTAL THIS MO.     0
DPTR FM NORMAL     0    [PRESSURE DATA]
TOTAL FM JAN 1     0    HIGHEST SLP M ON M
DPTR FM NORMAL     0    LOWEST  SLP 29.54 ON M

[REMARKS]
