000
CXUS53 KIND 290730
CF6BMG
PRELIMINARY LOCAL CLIMATOLOGICAL DATA (WS FORM: F-6)

                                          STATION:   BLOOMINGTON IN
                                          MONTH:     MAY
                                          YEAR:      2016
                                          LATITUDE:   39  7 N
                                          LONGITUDE:  86 37 W

  TEMPERATURE IN F:       :PCPN:    SNOW:  WIND      :SUNSHINE: SKY     :PK WND
================================================================================
1   2   3   4   5  6A  6B    7    8   9   10  11  12  13   14  15   16   17  18
                                     12Z  AVG MX 2MIN
DY MAX MIN AVG DEP HDD CDD  WTR  SNW DPTH SPD SPD DIR MIN PSBL S-S WX    SPD DR
================================================================================

 1  78  57  68  10   0   3 0.33    M    M  4.9 20 210   M    M   3 13     31 210
 2  61  52  57  -1   8   0    T    M    M  5.4 12 280   M    M  10        18 280
 3  62  51  57  -2   8   0    T    M    M  4.0 13 360   M    M   9        15  10
 4  61  47  54  -5  11   0 0.25    M    M  8.9 23 360   M    M   8 1      32 360
 5  61  42  52  -7  13   0 0.02    M    M  8.1 16  10   M    M   7 18     23  10
 6  73  42  58  -2   7   0 0.00    M    M  4.8 14 360   M    M   1        17 350
 7  77  50  64   4   1   0 0.20    M    M  8.3 18 360   M    M   3 13     26 290
 8  65  47  56  -4   9   0 0.27    M    M  4.7 12 150   M    M   8 13     15 140
 9  66  54  60   0   5   0 0.22    M    M  7.6 13 120   M    M   9 1      16 120
10  71  61  66   5   0   1 0.07    M    M  9.0 18 150   M    M   9 1      27 140
11  82  55  69   8   0   4 0.40    M    M  6.0 31 260   M    M   5 13     39 280
12  74  58  66   5   0   1 0.04    M    M  7.8 17 230   M    M   4 1      23 220
13   M  47   M   M   M   M 0.01    M    M  7.5 13 240   M    M   1        19 310
14  61  44  53  -9  12   0 0.14    M    M 10.8 25 290   M    M   8 1      34 310
15  59  39  49 -13  16   0 0.00    M    M  7.3 20 280   M    M   2        26 290
16  62  38  50 -12  15   0 0.01    M    M  5.9 16 200   M    M   4        24 200
17  54  49  52 -11  13   0 0.30    M    M  6.3 15  60   M    M  10        21  50
18  68  45  57  -6   8   0 0.00    M    M  6.2 14  40   M    M   7 1      17  30
19  72  39  56  -7   9   0 0.00    M    M  4.6 17  40   M    M   0        23  70
20  64  49  57  -7   8   0 0.05    M    M  6.1 15  90   M    M   5 1       M  M
21  73  52  63  -1   2   0 0.06    M    M  6.2 15  20   M    M   6 1      21  20
22  81  47  64   0   1   0 0.00    M    M  5.1 18 360   M    M   0        23 350
23  79  47  63  -2   2   0 0.00    M    M  3.5 13 100   M    M   0        16  90
24  84  49  67   2   0   2 0.00    M    M  5.2 16 240   M    M   2        21 230
25  84  62  73   8   0   8 0.00    M    M  8.6 18 210   M    M   4        25 190
26  78  65  72   6   0   7 0.16    M    M  7.2 29 290   M    M   4 13     39 300
27  86  64  75   9   0  10 0.00    M    M  8.0 18 210   M    M   2 1      23 180
28  83  70  77  11   0  12 0.04    M    M  8.0 20 210   M    M   2        26 210
================================================================================
SM 1919 1422       148  48  2.57    M    186.0          M      133
================================================================================
AV 71.1 50.8                               6.6 FASTST   M    M   5    MAX(MPH)
                                 MISC ---->  # 31 260               # 39  280
================================================================================
NOTES:
# LAST OF SEVERAL OCCURRENCES

COLUMN 17 PEAK WIND IN M.P.H.

PRELIMINARY LOCAL CLIMATOLOGICAL DATA (WS FORM: F-6) , PAGE 2

                                          STATION:  BLOOMINGTON IN
                                          MONTH:    MAY
                                          YEAR:     2016
                                          LATITUDE:   39  7 N
                                          LONGITUDE:  86 37 W

[TEMPERATURE DATA]      [PRECIPITATION DATA]       SYMBOLS USED IN COLUMN 16

AVERAGE MONTHLY: 60.9   TOTAL FOR MONTH:   2.57    1 = FOG OR MIST
DPTR FM NORMAL:  -1.1   DPTR FM NORMAL:   -2.13    2 = FOG REDUCING VISIBILITY
HIGHEST:    86 ON 27    GRTST 24HR  0.57 ON 30- 1      TO 1/4 MILE OR LESS
LOWEST:     38 ON 16                               3 = THUNDER
                        SNOW, ICE PELLETS, HAIL    4 = ICE PELLETS
                        TOTAL MONTH:    M          5 = HAIL
                        GRTST 24HR    M  ON   M    6 = FREEZING RAIN OR DRIZZLE
                        GRTST DEPTH:  M  ON   M    7 = DUSTSTORM OR SANDSTORM:
                                                       VSBY 1/2 MILE OR LESS
                                                   8 = SMOKE OR HAZE
[NO. OF DAYS WITH]      [WEATHER - DAYS WITH]      9 = BLOWING SNOW
                                                   X = TORNADO
MAX 32 OR BELOW:   0    0.01 INCH OR MORE:  17
MAX 90 OR ABOVE:   0    0.10 INCH OR MORE:   9
MIN 32 OR BELOW:   0    0.50 INCH OR MORE:   0
MIN  0 OR BELOW:   0    1.00 INCH OR MORE:   0

[HDD (BASE 65) ]
TOTAL THIS MO.   148    CLEAR  (SCALE 0-3)  10
DPTR FM NORMAL    17    PTCLDY (SCALE 4-7)  13
TOTAL FM JUL 1  4275    CLOUDY (SCALE 8-10)  5
DPTR FM NORMAL  -970

[CDD (BASE 65) ]
TOTAL THIS MO.    48
DPTR FM NORMAL    -6    [PRESSURE DATA]
TOTAL FM JAN 1    62    HIGHEST SLP  0.00 ON M
DPTR FM NORMAL   -11    LOWEST  SLP 29.64 ON  4

[REMARKS]
