000
CXUS55 KBOI 291002
CF6BOI
PRELIMINARY LOCAL CLIMATOLOGICAL DATA (WS FORM: F-6)

                                          STATION:   BOISE ID
                                          MONTH:     SEPTEMBER
                                          YEAR:      2016
                                          LATITUDE:   43 34 N
                                          LONGITUDE: 116 13 W

  TEMPERATURE IN F:       :PCPN:    SNOW:  WIND      :SUNSHINE: SKY     :PK WND
================================================================================
1   2   3   4   5  6A  6B    7    8   9   10  11  12  13   14  15   16   17  18
                                     12Z  AVG MX 2MIN
DY MAX MIN AVG DEP HDD CDD  WTR  SNW DPTH SPD SPD DIR MIN PSBL S-S WX    SPD DR
================================================================================

 1  86  58  72   2   0   7 0.00  0.0    0  7.3 16 310   M    M   0        24 310
 2  70  55  63  -7   2   0    T  0.0    0  7.3 14 320   M    M   1        18 340
 3  75  51  63  -7   2   0 0.00  0.0    0  3.8 12 300   M    M   0        14 310
 4  65  51  58 -11   7   0 0.01  0.0    0  6.6 16 130   M    M   7        20 140
 5  71  44  58 -11   7   0 0.00  0.0    0  4.8 12 300   M    M   0        16 270
 6  78  52  65  -3   0   0 0.00  0.0    0 10.5 24 310   M    M   1        29 320
 7  75  48  62  -6   3   0 0.00  0.0    0  5.8 14 300   M    M   0        19 320
 8  77  50  64  -4   1   0 0.00  0.0    0  6.4 20 290   M    M   0        26 300
 9  77  44  61  -6   4   0 0.00  0.0    0  5.0 14 300   M    M   0 8      17 330
10  83  50  67   0   0   2 0.00  0.0    0  5.4 13 130   M    M   0        15 140
11  83  51  67   0   0   2 0.00  0.0    0 11.3 22 330   M    M   0        27 360
12  72  46  59  -7   6   0 0.00  0.0    0  8.0 20 170   M    M   0        25 150
13  66  45  56 -10   9   0    T  0.0    0  7.4 23 120   M    M   2        27 130
14  63  51  57  -9   8   0    T  0.0    0  4.8 16 120   M    M   9        20 130
15  74  44  59  -6   6   0 0.00  0.0    0  3.7 12 320   M    M   0        15 300
16  78  48  63  -2   2   0 0.00  0.0    0  5.0 13 270   M    M   0        14 300
17  83  53  68   4   0   3 0.00  0.0    0  7.0 13 120   M    M   2        16 130
18  82  59  71   7   0   6    T  0.0    0  3.2 14 340   M    M   5        18 320
19  83  53  68   4   0   3 0.00  0.0    0  3.6 10 330   M    M   0        16 350
20  77  50  64   1   1   0 0.00  0.0    0  6.2 14 300   M    M   0        17 300
21  69  48  59  -4   6   0 0.15  0.0    0  6.6 26  90   M    M   3 1      32  90
22  61  52  57  -5   8   0 0.05  0.0    0  8.5 18 300   M    M   9 1      24 300
23  70  50  60  -2   5   0 0.00  0.0    0 17.3 30 300   M    M   4        35 300
24  68  47  58  -4   7   0 0.00  0.0    0  9.4 18 310   M    M   2        26 320
25  75  44  60  -1   5   0 0.00  0.0    0  5.1 12 140   M    M   0 8      13 280
26  84  54  69   8   0   4 0.00  0.0    0  8.6 15 160   M    M   0 8      18 150
27  86  54  70  10   0   5 0.00  0.0    0  5.2 13 160   M    M   0        15 150
28  93  54  74  14   0   9 0.00  0.0    0  9.7 21 150   M    M   0 8      25 130
================================================================================
SM 2124 1406        89  41  0.21     0.0 193.5          M       45
================================================================================
AV 75.9 50.2                               6.9 FASTST   M    M   2    MAX(MPH)
                                 MISC ---->  # 30 300               # 35  300
================================================================================
NOTES:
# LAST OF SEVERAL OCCURRENCES

COLUMN 17 PEAK WIND IN M.P.H.

PRELIMINARY LOCAL CLIMATOLOGICAL DATA (WS FORM: F-6) , PAGE 2

                                          STATION:  BOISE ID
                                          MONTH:    SEPTEMBER
                                          YEAR:     2016
                                          LATITUDE:   43 34 N
                                          LONGITUDE: 116 13 W

[TEMPERATURE DATA]      [PRECIPITATION DATA]       SYMBOLS USED IN COLUMN 16

AVERAGE MONTHLY: 63.0   TOTAL FOR MONTH:   0.21    1 = FOG OR MIST
DPTR FM NORMAL:  -2.2   DPTR FM NORMAL:   -0.32    2 = FOG REDUCING VISIBILITY
HIGHEST:    93 ON 28    GRTST 24HR  0.19 ON 20-21      TO 1/4 MILE OR LESS
LOWEST:     44 ON 25,15                            3 = THUNDER
                        SNOW, ICE PELLETS, HAIL    4 = ICE PELLETS
                        TOTAL MONTH:   0.0 INCH    5 = HAIL
                        GRTST 24HR     0.0         6 = FREEZING RAIN OR DRIZZLE
                        GRTST DEPTH:   0           7 = DUSTSTORM OR SANDSTORM:
                                                       VSBY 1/2 MILE OR LESS
                                                   8 = SMOKE OR HAZE
[NO. OF DAYS WITH]      [WEATHER - DAYS WITH]      9 = BLOWING SNOW
                                                   X = TORNADO
MAX 32 OR BELOW:   0    0.01 INCH OR MORE:   3
MAX 90 OR ABOVE:   1    0.10 INCH OR MORE:   1
MIN 32 OR BELOW:   0    0.50 INCH OR MORE:   0
MIN  0 OR BELOW:   0    1.00 INCH OR MORE:   0

[HDD (BASE 65) ]
TOTAL THIS MO.    89    CLEAR  (SCALE 0-3)  22
DPTR FM NORMAL    -1    PTCLDY (SCALE 4-7)   4
TOTAL FM JUL 1    97    CLOUDY (SCALE 8-10)  2
DPTR FM NORMAL   -11

[CDD (BASE 65) ]
TOTAL THIS MO.    41
DPTR FM NORMAL   -56    [PRESSURE DATA]
TOTAL FM JAN 1   978    HIGHEST SLP M ON M
DPTR FM NORMAL    47    LOWEST  SLP 29.71 ON  4

[REMARKS]
