000
CXUS54 KMAF 241100
CF6BPG
PRELIMINARY LOCAL CLIMATOLOGICAL DATA (WS FORM: F-6)

                                          STATION:   Big Spring McMahon-Wrinkle Fi
                                          MONTH:     FEBRUARY
                                          YEAR:      2018
                                          LATITUDE:   32 12 N
                                          LONGITUDE: 101 31 W

  TEMPERATURE IN F:       :PCPN:    SNOW:  WIND      :SUNSHINE: SKY     :PK WND
================================================================================
1   2   3   4   5  6A  6B    7    8   9   10  11  12  13   14  15   16   17  18
                                     12Z  AVG MX 2MIN
DY MAX MIN AVG DEP HDD CDD  WTR  SNW DPTH SPD SPD DIR MIN PSBL S-S WX    SPD DR
================================================================================

 1  56  37  47   M  18   0 0.00  0.0    0 12.2 17  50   M    M   2        25  20
 2  55  28  42   M  23   0 0.00  0.0    0  9.6 18  50   M    M   0        27  50
 3  76  41  59   M   6   0 0.00  0.0    0 12.2 23 210   M    M   0        27 210
 4  69  31  50   M  15   0 0.00  0.0    0  9.7 28  50   M    M   0        38  50
 5  68  23  46   M  19   0 0.00  0.0    0  8.1 15 190   M    M   2        18 190
 6  50  33  42   M  23   0 0.00  0.0    0 13.3 23  50   M    M   8        30  50
 7  52  26  39   M  26   0 0.00  0.0    0  8.3 17  40   M    M   1        22  40
 8  65  27  46   M  19   0 0.00  0.0    0  7.0 14 150   M    M   0         M  M
 9  76  36  56   M   9   0 0.00  0.0    0 11.7 15 160   M    M   0        18 220
10  51  24  38   M  27   0 0.00  0.0    0 12.3 24  40   M    M   3        30  40
11  44  23  34   M  31   0 0.00  0.0    0 11.6 21  40   M    M   4        27  50
12  53  27  40   M  25   0 0.00  0.0    0  8.4 16 120   M    M   1        20 130
13  67  32  50   M  15   0 0.00  0.0    0  8.9 18 170   M    M   3        20 160
14  82  42  62   M   3   0 0.03    M    0 10.3 18 180   M    M   0        23 190
15  79  54  67   M   0   2 0.00  0.0    0 12.6 18 180   M    M   0        20 190
16  61  43  52   M  13   0 0.00  0.0    0 13.9 28 360   M    M   3        37 360
17  68  38  53   M  12   0 0.01    M    0 10.4 20  50   M    M   3        25  50
18  76  45  61   M   4   0 0.00  0.0    0 14.4 29 170   M    M   4        36 190
19  75  58  67   M   0   2 0.00  0.0    0 14.0 21 170   M    M   2        27 200
20  76  37  57   M   8   0 0.00  0.0    0 17.3 27  40   M    M   1        35  60
21  38  25  32   M  33   0 0.06    M    0 13.0 22  40   M    M  10 3      29  40
22  40  27  34   M  31   0 0.00  0.0    0  4.2  9 130   M    M   8         M  M
23  57  37  47   M  18   0 0.00  0.0    0  4.6 13 130   M    M   8         M  M
================================================================================
SM 1434  794       378   4  0.10     0.0 248.0          M       63
================================================================================
AV 62.4 34.5                              10.8 FASTST   M    M   3    MAX(MPH)
                                 MISC ---->  # 29 170               # 38   50
================================================================================
NOTES:
# LAST OF SEVERAL OCCURRENCES

COLUMN 17 PEAK WIND IN M.P.H.

PRELIMINARY LOCAL CLIMATOLOGICAL DATA (WS FORM: F-6) , PAGE 2

                                          STATION:  Big Spring McMahon-Wrinkle Fi
                                          MONTH:    FEBRUARY
                                          YEAR:     2018
                                          LATITUDE:   32 12 N
                                          LONGITUDE: 101 31 W

[TEMPERATURE DATA]      [PRECIPITATION DATA]       SYMBOLS USED IN COLUMN 16

AVERAGE MONTHLY: 48.4   TOTAL FOR MONTH:   0.10    1 = FOG OR MIST
DPTR FM NORMAL:     M   DPTR FM NORMAL:       M    2 = FOG REDUCING VISIBILITY
HIGHEST:    82 ON 14    GRTST 24HR  0.06 ON 21-21      TO 1/4 MILE OR LESS
LOWEST:     23 ON 11, 5                            3 = THUNDER
                        SNOW, ICE PELLETS, HAIL    4 = ICE PELLETS
                        TOTAL MONTH:   0.0 INCH    5 = HAIL
                        GRTST 24HR     0.0         6 = FREEZING RAIN OR DRIZZLE
                        GRTST DEPTH:   0           7 = DUSTSTORM OR SANDSTORM:
                                                       VSBY 1/2 MILE OR LESS
                                                   8 = SMOKE OR HAZE
[NO. OF DAYS WITH]      [WEATHER - DAYS WITH]      9 = BLOWING SNOW
                                                   X = TORNADO
MAX 32 OR BELOW:   0    0.01 INCH OR MORE:   3
MAX 90 OR ABOVE:   0    0.10 INCH OR MORE:   0
MIN 32 OR BELOW:  11    0.50 INCH OR MORE:   0
MIN  0 OR BELOW:   0    1.00 INCH OR MORE:   0

[HDD (BASE 65) ]
TOTAL THIS MO.   378    CLEAR  (SCALE 0-3)  16
DPTR FM NORMAL     M    PTCLDY (SCALE 4-7)   5
TOTAL FM JUL 1  2104    CLOUDY (SCALE 8-10)  2
DPTR FM NORMAL     M

[CDD (BASE 65) ]
TOTAL THIS MO.     4
DPTR FM NORMAL     M    [PRESSURE DATA]
TOTAL FM JAN 1     4    HIGHEST SLP M ON M
DPTR FM NORMAL     M    LOWEST  SLP M ON M

[REMARKS]
