000
CXUS55 KDVN 271100
CF6BRL
PRELIMINARY LOCAL CLIMATOLOGICAL DATA (WS FORM: F-6)

                                          STATION:   BURLINGTON IA
                                          MONTH:     APRIL
                                          YEAR:      2017
                                          LATITUDE:   40 46 N
                                          LONGITUDE:  91  7 W

  TEMPERATURE IN F:       :PCPN:    SNOW:  WIND      :SUNSHINE: SKY     :PK WND
================================================================================
1   2   3   4   5  6A  6B    7    8   9   10  11  12  13   14  15   16   17  18
                                     12Z  AVG MX 2MIN
DY MAX MIN AVG DEP HDD CDD  WTR  SNW DPTH SPD SPD DIR MIN PSBL S-S WX    SPD DR
================================================================================

 1  57  31  44  -4  21   0 0.00    M    M  4.8 10 110   M    M   1        16 100
 2  56  46  51   2  14   0 0.03    M    M  6.9 18 150   M    M   9        23 150
 3  56  51  54   5  11   0 0.37    M    M  7.3 26  30   M    M  10 1      30  30
 4  54  48  51   1  14   0 0.57    M    M  6.4 15 290   M    M  10 1      18  60
 5  48  40  44  -6  21   0 0.70    M    M 19.8 31  30   M    M  10 18     42  20
 6  54  40  47  -3  18   0 0.00    M    M 13.8 24 330   M    M   3        34 330
 7  58  33  46  -5  19   0 0.00    M    M  6.7 15 350   M    M   0        19 350
 8  76  42  59   8   6   0 0.00    M    M 13.0 25 180   M    M   0        31 170
 9  80  60  70  18   0   5 0.00    M    M 16.3 30 210   M    M   3        38 210
10  72  48  60   8   5   0 0.18    M    M 13.7 28 310   M    M   5 3      40 330
11  60  42  51  -1  14   0 0.00    M    M  8.0 17 330   M    M   3        25 310
12  71  40  56   3   9   0 0.00    M    M  6.9 17 180   M    M   0        23 170
13  78  55  67  14   0   2 0.00    M    M  7.0 16 160   M    M   4        23 150
14  75  54  65  12   0   0 0.06    M    M  8.3 28 220   M    M   2 138    36 220
15  81  62  72  18   0   7 0.23    M    M 17.5 29 210   M    M   1 13     39 210
16  71  57  64  10   1   0 0.47    M    M  9.1 23 320   M    M   2 13     33 310
17  73  43  58   4   7   0 0.00    M    M  4.4 12 210   M    M   1 18     17 180
18  75  49  62   7   3   0 0.00    M    M 10.4 23 190   M    M   1 8      29 200
19  81  59  70  15   0   5 0.46    M    M  7.3 16 190   M    M   5 13     21 170
20  70  51  61   6   4   0 0.01    M    M 13.1 23 320   M    M   6        30 310
21  56  44  50  -6  15   0 0.00    M    M 10.4 20  50   M    M   1        24  50
22  64  43  54  -2  11   0 0.00    M    M 11.0 22  40   M    M   0        28  30
23  72  37  55  -1  10   0 0.00    M    M  2.8 12  40   M    M   0 8      15  40
24  76  44  60   3   5   0 0.00    M    M  8.9 20 150   M    M   0        25 150
25  78  54  66   9   0   1 0.00    M    M 11.5 22 140   M    M   1        31 140
26  69  44  57   0   8   0 0.66    M    M  9.1 21 300   M    M  10 1      32 290
================================================================================
SM 1761 1217       216  20  3.74    M    254.4          M       88
================================================================================
AV 67.7 46.8                               9.8 FASTST   M    M   3    MAX(MPH)
                                 MISC ---->  # 31  30               # 42   20
================================================================================
NOTES:
# LAST OF SEVERAL OCCURRENCES

COLUMN 17 PEAK WIND IN M.P.H.

PRELIMINARY LOCAL CLIMATOLOGICAL DATA (WS FORM: F-6) , PAGE 2

                                          STATION:  BURLINGTON IA
                                          MONTH:    APRIL
                                          YEAR:     2017
                                          LATITUDE:   40 46 N
                                          LONGITUDE:  91  7 W

[TEMPERATURE DATA]      [PRECIPITATION DATA]       SYMBOLS USED IN COLUMN 16

AVERAGE MONTHLY: 57.3   TOTAL FOR MONTH:   3.74    1 = FOG OR MIST
DPTR FM NORMAL:   4.2   DPTR FM NORMAL:    0.60    2 = FOG REDUCING VISIBILITY
HIGHEST:    81 ON 19,15 GRTST 24HR  1.27 ON  4- 5      TO 1/4 MILE OR LESS
LOWEST:     31 ON  1                               3 = THUNDER
                        SNOW, ICE PELLETS, HAIL    4 = ICE PELLETS
                        TOTAL MONTH:    M          5 = HAIL
                        GRTST 24HR    M  ON   M    6 = FREEZING RAIN OR DRIZZLE
                        GRTST DEPTH:  M  ON   M    7 = DUSTSTORM OR SANDSTORM:
                                                       VSBY 1/2 MILE OR LESS
                                                   8 = SMOKE OR HAZE
[NO. OF DAYS WITH]      [WEATHER - DAYS WITH]      9 = BLOWING SNOW
                                                   X = TORNADO
MAX 32 OR BELOW:   0    0.01 INCH OR MORE:  11
MAX 90 OR ABOVE:   0    0.10 INCH OR MORE:   8
MIN 32 OR BELOW:   1    0.50 INCH OR MORE:   3
MIN  0 OR BELOW:   0    1.00 INCH OR MORE:   0

[HDD (BASE 65) ]
TOTAL THIS MO.   216    CLEAR  (SCALE 0-3)  15
DPTR FM NORMAL  -110    PTCLDY (SCALE 4-7)   6
TOTAL FM JUL 1  4601    CLOUDY (SCALE 8-10)  5
DPTR FM NORMAL  -831

[CDD (BASE 65) ]
TOTAL THIS MO.    20
DPTR FM NORMAL     4    [PRESSURE DATA]
TOTAL FM JAN 1    20    HIGHEST SLP M ON M
DPTR FM NORMAL     2    LOWEST  SLP 29.31 ON 26

[REMARKS]
