000
CXUS55 KDVN 231100
CF6BRL
PRELIMINARY LOCAL CLIMATOLOGICAL DATA (WS FORM: F-6)

                                          STATION:   BURLINGTON IA
                                          MONTH:     MARCH
                                          YEAR:      2017
                                          LATITUDE:   40 46 N
                                          LONGITUDE:  91  7 W

  TEMPERATURE IN F:       :PCPN:    SNOW:  WIND      :SUNSHINE: SKY     :PK WND
================================================================================
1   2   3   4   5  6A  6B    7    8   9   10  11  12  13   14  15   16   17  18
                                     12Z  AVG MX 2MIN
DY MAX MIN AVG DEP HDD CDD  WTR  SNW DPTH SPD SPD DIR MIN PSBL S-S WX    SPD DR
================================================================================

 1  52  33  43   8  22   0 0.02    M    M 14.5 26 310   M    M   8 1      38 320
 2  38  25  32  -3  33   0    T    M    M  9.6 17 340   M    M   6        23 330
 3  39  17  28  -8  37   0 0.00    M    M  7.2 17 120   M    M   1        22 120
 4  62  30  46  10  19   0 0.00    M    M 10.4 17 120   M    M   1        22 120
 5  68  46  57  20   8   0 0.00    M    M 16.5 26 200   M    M   7        36 210
 6  68  52  60  23   5   0 0.55    M    M 21.6 39 250   M    M   8 13     55 250
 7  55  38  47   9  18   0    T    M    M 13.8 31 240   M    M   1        39 240
 8  57  35  46   8  19   0 0.00    M    M 10.4 23 270   M    M   0        31 290
 9  51  33  42   4  23   0 0.00    M    M 12.6 20  20   M    M   0        24  40
10  36  24  30  -9  35   0 0.00    M    M 12.0 23 360   M    M   4        30  10
11  33  23  28 -11  37   0 0.00    M    M  7.0 14  30   M    M  10        16  30
12  38  20  29 -11  36   0 0.06    M    M  7.6 22 140   M    M   6 18     29 140
13  32  25  29 -11  36   0 0.10    M    M 12.2 20  20   M    M  10 1      23  20
14  29  17  23 -18  42   0 0.00    M    M 12.3 20  20   M    M   4 18     25  10
15  36  13  25 -16  40   0 0.00    M    M  5.2 12 160   M    M   0        15 170
16  46  22  34  -8  31   0 0.00    M    M  9.4 20 140   M    M   5        25 150
17  67  38  53  11  12   0 0.04    M    M 12.2 25 320   M    M   4 3      36 310
18  51  34  43   1  22   0 0.00    M    M 10.8 23 340   M    M   4        31 330
19  61  29  45   2  20   0 0.00    M    M 10.7 20 180   M    M   2        26 150
20  67  44  56  13   9   0 0.00    M    M  8.6 18  50   M    M   2        22  50
21  54  36  45   1  20   0 0.05    M    M 10.0 25 350   M    M   3 18     32 340
22  47  28  38  -6  27   0 0.00    M    M 11.8 17 130   M    M   2        23 120
================================================================================
SM 1087  662       551   0  0.82    M    246.4          M       88
================================================================================
AV 49.4 30.1                              11.2 FASTST   M    M   4    MAX(MPH)
                                 MISC ---->  # 39 250               # 55  250
================================================================================
NOTES:
# LAST OF SEVERAL OCCURRENCES

COLUMN 17 PEAK WIND IN M.P.H.

PRELIMINARY LOCAL CLIMATOLOGICAL DATA (WS FORM: F-6) , PAGE 2

                                          STATION:  BURLINGTON IA
                                          MONTH:    MARCH
                                          YEAR:     2017
                                          LATITUDE:   40 46 N
                                          LONGITUDE:  91  7 W

[TEMPERATURE DATA]      [PRECIPITATION DATA]       SYMBOLS USED IN COLUMN 16

AVERAGE MONTHLY: 39.8   TOTAL FOR MONTH:   0.82    1 = FOG OR MIST
DPTR FM NORMAL:   0.2   DPTR FM NORMAL:   -1.11    2 = FOG REDUCING VISIBILITY
HIGHEST:    68 ON  6, 5 GRTST 24HR  0.55 ON  6- 6      TO 1/4 MILE OR LESS
LOWEST:     13 ON 15                               3 = THUNDER
                        SNOW, ICE PELLETS, HAIL    4 = ICE PELLETS
                        TOTAL MONTH:    M          5 = HAIL
                        GRTST 24HR    M  ON   M    6 = FREEZING RAIN OR DRIZZLE
                        GRTST DEPTH:  M  ON   M    7 = DUSTSTORM OR SANDSTORM:
                                                       VSBY 1/2 MILE OR LESS
                                                   8 = SMOKE OR HAZE
[NO. OF DAYS WITH]      [WEATHER - DAYS WITH]      9 = BLOWING SNOW
                                                   X = TORNADO
MAX 32 OR BELOW:   2    0.01 INCH OR MORE:   6
MAX 90 OR ABOVE:   0    0.10 INCH OR MORE:   2
MIN 32 OR BELOW:  12    0.50 INCH OR MORE:   1
MIN  0 OR BELOW:   0    1.00 INCH OR MORE:   0

[HDD (BASE 65) ]
TOTAL THIS MO.   551    CLEAR  (SCALE 0-3)  10
DPTR FM NORMAL    -9    PTCLDY (SCALE 4-7)  10
TOTAL FM JUL 1  4245    CLOUDY (SCALE 8-10)  2
DPTR FM NORMAL  -693

[CDD (BASE 65) ]
TOTAL THIS MO.     0
DPTR FM NORMAL     0    [PRESSURE DATA]
TOTAL FM JAN 1     0    HIGHEST SLP M ON M
DPTR FM NORMAL     0    LOWEST  SLP 29.39 ON  6

[REMARKS]
