410
CXAK56 PAFG 301317
CF6BRW
PRELIMINARY LOCAL CLIMATOLOGICAL DATA (WS FORM: F-6)

                                          STATION:   BARROW AK
                                          MONTH:     SEPTEMBER
                                          YEAR:      2016
                                          LATITUDE:   71 17 N
                                          LONGITUDE: 156 47 W

  TEMPERATURE IN F:       :PCPN:    SNOW:  WIND      :SUNSHINE: SKY     :PK WND
================================================================================
1   2   3   4   5  6A  6B    7    8   9   10  11  12  13   14  15   16   17  18
                                     12Z  AVG MX 2MIN
DY MAX MIN AVG DEP HDD CDD  WTR  SNW DPTH SPD SPD DIR MIN PSBL S-S WX    SPD DR
================================================================================

 1  42  35  39   2  26   0 0.02  0.0    0  9.6 15  40   M    M   9 12     18  40
 2  37  31  34  -2  31   0 0.00  0.0    0  7.0 12 260   M    M   8 12     15 270
 3  39  34  37   1  28   0 0.00  0.0    0 10.9 14 310   M    M   5 12     19 310
 4  36  33  35  -1  30   0    T  0.0    0  9.1 14 320   M    M  10 12     16 320
 5  38  34  36   0  29   0 0.01  0.1    0 15.3 24  20   M    M  10 128    29  20
 6  38  33  36   1  29   0 0.04  0.1    0 15.1 22 290   M    M   9 1      29 290
 7  36  34  35   0  30   0 0.04  0.0    9 12.2 22 310   M    M  10 12     25 310
 8  39  34  37   2  28   0    T    T    0 14.9 20 260   M    M  10 12     26 260
 9  38  31  35   0  30   0 0.01  0.0    0  9.7 18 280   M    M  10 12     22 280
10  36  31  34   0  31   0 0.02    T    0  9.7 22  40   M    M  10 1      25  40
11  34  29  32  -2  33   0    T    T    0  8.2 16  50   M    M  10 8      21  50
12  34  31  33  -1  32   0    T    T    0 19.2 26  70   M    M  10 18     33  80
13  35  31  33   0  32   0 0.01  0.1    0 12.7 23  60   M    M  10 8      28  60
14  34  28  31  -2  34   0    T    T    0 11.0 15 290   M    M  10 8      19 290
15  34  30  32  -1  33   0 0.02  0.2    0  9.1 16 200   M    M  10 18     21 200
16  36  28  32   0  33   0 0.05  0.5    T 17.3 26 200   M    M  10 18     31 200
17  37  32  35   3  30   0 0.05  0.3    T 18.9 36 270   M    M   9 18     44 250
18  35  32  34   2  31   0    T    T    T 24.5 31 270   M    M   9        40 280
19  37  32  35   4  30   0 0.01  0.0    0 10.9 22 270   M    M   9 8      29 270
20  45  35  40   9  25   0 0.05  0.0    0 10.9 23 250   M    M   9 1      28 250
21  41  35  38   8  27   0 0.05  0.0    0  7.4 16 200   M    M  10 12     19 210
22  36  31  34   4  31   0 0.03    T    0  9.2 14 310   M    M  10 12     16 320
23  35  30  33   3  32   0 0.04  0.4    T 12.2 20 310   M    M  10 12     23 310
24  37  27  32   3  33   0    T    T    0  9.8 17 220   M    M   6 128    22 230
25  37  27  32   3  33   0    T    T    0 11.2 18 210   M    M   5 8      22 200
26  34  30  32   4  33   0 0.02  0.2    0 12.4 22 290   M    M   9 1      24 280
27  35  26  31   3  34   0 0.00  0.0    0  9.1 18 150   M    M  10        22 140
28  42  29  36   9  29   0 0.03  0.1    0 17.6 28 230   M    M  10 18     35 230
29  43  34  39  12  26   0 0.27  0.0    0 14.9 28 220   M    M   7 18     35 210
================================================================================
SM 1080  907       883   0  0.77     2.0 360.0          M      264
================================================================================
AV 37.2 31.3                              12.4 FASTST   M    M   9    MAX(MPH)
                                 MISC ---->  # 36 270               # 44  250
================================================================================
NOTES:
# LAST OF SEVERAL OCCURRENCES

COLUMN 17 PEAK WIND IN M.P.H.

PRELIMINARY LOCAL CLIMATOLOGICAL DATA (WS FORM: F-6) , PAGE 2

                                          STATION:  BARROW AK
                                          MONTH:    SEPTEMBER
                                          YEAR:     2016
                                          LATITUDE:   71 17 N
                                          LONGITUDE: 156 47 W

[TEMPERATURE DATA]      [PRECIPITATION DATA]       SYMBOLS USED IN COLUMN 16

AVERAGE MONTHLY: 34.3   TOTAL FOR MONTH:   0.77    1 = FOG OR MIST
DPTR FM NORMAL:   1.9   DPTR FM NORMAL:    0.07    2 = FOG REDUCING VISIBILITY
HIGHEST:    45 ON 20    GRTST 24HR  0.27 ON 29-29      TO 1/4 MILE OR LESS
LOWEST:     26 ON 27                               3 = THUNDER
                        SNOW, ICE PELLETS, HAIL    4 = ICE PELLETS
                        TOTAL MONTH:   2.0 INCHES  5 = HAIL
                        GRTST 24HR   0.5 ON 16-16  6 = FREEZING RAIN OR DRIZZLE
                        GRTST DEPTH:   9 ON  7     7 = DUSTSTORM OR SANDSTORM:
                                                       VSBY 1/2 MILE OR LESS
                                                   8 = SMOKE OR HAZE
[NO. OF DAYS WITH]      [WEATHER - DAYS WITH]      9 = BLOWING SNOW
                                                   X = TORNADO
MAX 32 OR BELOW:   0    0.01 INCH OR MORE:  18
MAX 90 OR ABOVE:   0    0.10 INCH OR MORE:   1
MIN 32 OR BELOW:  19    0.50 INCH OR MORE:   0
MIN  0 OR BELOW:   0    1.00 INCH OR MORE:   0

[HDD (BASE 65) ]
TOTAL THIS MO.   883    CLEAR  (SCALE 0-3)   0
DPTR FM NORMAL   -64    PTCLDY (SCALE 4-7)   4
TOTAL FM JUL 1  2312    CLOUDY (SCALE 8-10) 25
DPTR FM NORMAL  -190

[CDD (BASE 65) ]
TOTAL THIS MO.     0
DPTR FM NORMAL     0    [PRESSURE DATA]
TOTAL FM JAN 1     0    HIGHEST SLP M ON M
DPTR FM NORMAL     0    LOWEST  SLP 29.07 ON 17

[REMARKS]
