000
CXUS55 KLIX 231000
CF6BTR
PRELIMINARY LOCAL CLIMATOLOGICAL DATA (WS FORM: F-6)

                                          STATION:   BATON ROUGE  ASOS
                                          MONTH:     JUNE
                                          YEAR:      2017
                                          LATITUDE:   30 31 N
                                          LONGITUDE:  91  9 W

  TEMPERATURE IN F:       :PCPN:    SNOW:  WIND      :SUNSHINE: SKY     :PK WND
================================================================================
1   2   3   4   5  6A  6B    7    8   9   10  11  12  13   14  15   16   17  18
                                     12Z  AVG MX 2MIN
DY MAX MIN AVG DEP HDD CDD  WTR  SNW DPTH SPD SPD DIR MIN PSBL S-S WX    SPD DR
================================================================================

 1  84  70  77  -2   0  12 2.04  0.0    0  5.1 21 210   M    M   7 13     24 200
 2  88  71  80   1   0  15 0.01  0.0    0  6.9 17 140   M    M   6 1      20 140
 3  86  73  80   0   0  15    T  0.0    0  7.6 23 190   M    M   8 13     32 190
 4  87  72  80   0   0  15    T  0.0    0  8.0 20 270   M    M   7        24 270
 5  85  71  78  -2   0  13 0.41  0.0    0  4.3 15 160   M    M   8 13     26 150
 6  82  71  77  -3   0  12 0.66  0.0    0  3.5  7  99   M    M   8 13      M  M
 7  87  66  77  -3   0  12    T  0.0    0  6.4 15 350   M    M   3        21 360
 8  85  62  74  -6   0   9 0.00  0.0    0  6.2 14  30   M    M   0        17 330
 9  86  60  73  -7   0   8 0.00  0.0    0  2.8 12 280   M    M   0        14 300
10  89  66  78  -3   0  13 0.00  0.0    0  5.7 13 120   M    M   1 1      20 100
11  89  69  79  -2   0  14 0.29  0.0    0  6.8 24 150   M    M   6 138    29 140
12  88  72  80  -1   0  15 0.01  0.0    0  8.2 24 170   M    M   6 13     28 170
13  91  71  81   0   0  16 0.89  0.0    0  5.9 20  80   M    M   4 13     27 270
14  91  72  82   1   0  17 0.00  0.0    0  3.5 10 210   M    M   4 1      14 220
15  92  74  83   2   0  18 0.00  0.0    0  7.5 17 230   M    M   3 1      21 230
16  92  75  84   3   0  19 0.00  0.0    0  7.6 17 220   M    M   2        23 210
17  90  74  82   0   0  17 0.06  0.0    0  7.0 22 220   M    M   6 13     29 220
18  90  70  80  -2   0  15 0.02  0.0    0  6.0 22 240   M    M   6 3      87 210
19  92  69  81  -1   0  16 0.07  0.0    0  5.6 15  90   M    M   2 1      19  80
20  81  71  76  -6   0  11 0.08  0.0    0 10.0 24  40   M    M   6 18     35  20
21  82  71  77  -5   0  12 1.34  0.0    0 12.5 24  70   M    M  10 13     33  70
22  86  77  82   0   0  17 0.60  0.0    0 14.9 31 180   M    M   7 12     42 190
================================================================================
SM 1923 1547         0 311  6.48     0.0 152.0          M      110
================================================================================
AV 87.4 70.3                               6.9 FASTST   M    M   5    MAX(MPH)
                                 MISC ---->  # 31 180               # 87  210
================================================================================
NOTES:
# LAST OF SEVERAL OCCURRENCES

COLUMN 17 PEAK WIND IN M.P.H.

PRELIMINARY LOCAL CLIMATOLOGICAL DATA (WS FORM: F-6) , PAGE 2

                                          STATION:  BATON ROUGE  ASOS
                                          MONTH:    JUNE
                                          YEAR:     2017
                                          LATITUDE:   30 31 N
                                          LONGITUDE:  91  9 W

[TEMPERATURE DATA]      [PRECIPITATION DATA]       SYMBOLS USED IN COLUMN 16

AVERAGE MONTHLY: 78.9   TOTAL FOR MONTH:   6.48    1 = FOG OR MIST
DPTR FM NORMAL:  -1.9   DPTR FM NORMAL:    1.87    2 = FOG REDUCING VISIBILITY
HIGHEST:    92 ON 19,16 GRTST 24HR  2.04 ON  1- 1      TO 1/4 MILE OR LESS
LOWEST:     60 ON  9                               3 = THUNDER
                        SNOW, ICE PELLETS, HAIL    4 = ICE PELLETS
                        TOTAL MONTH:   0.0 INCH    5 = HAIL
                        GRTST 24HR     0.0         6 = FREEZING RAIN OR DRIZZLE
                        GRTST DEPTH:   0           7 = DUSTSTORM OR SANDSTORM:
                                                       VSBY 1/2 MILE OR LESS
                                                   8 = SMOKE OR HAZE
[NO. OF DAYS WITH]      [WEATHER - DAYS WITH]      9 = BLOWING SNOW
                                                   X = TORNADO
MAX 32 OR BELOW:   0    0.01 INCH OR MORE:  13
MAX 90 OR ABOVE:   7    0.10 INCH OR MORE:   7
MIN 32 OR BELOW:   0    0.50 INCH OR MORE:   5
MIN  0 OR BELOW:   0    1.00 INCH OR MORE:   2

[HDD (BASE 65) ]
TOTAL THIS MO.     0    CLEAR  (SCALE 0-3)   6
DPTR FM NORMAL     0    PTCLDY (SCALE 4-7)  14
TOTAL FM JUL 1   809    CLOUDY (SCALE 8-10)  2
DPTR FM NORMAL  -746

[CDD (BASE 65) ]
TOTAL THIS MO.   311
DPTR FM NORMAL   -35    [PRESSURE DATA]
TOTAL FM JAN 1  1048    HIGHEST SLP M ON M
DPTR FM NORMAL   137    LOWEST  SLP 29.64 ON 21

[REMARKS]
