000
CXUS51 KBTV 160700
CF6BTV
PRELIMINARY LOCAL CLIMATOLOGICAL DATA (WS FORM: F-6)

                                          STATION:   BURLINGTON VT
                                          MONTH:     OCTOBER
                                          YEAR:      2017
                                          LATITUDE:   44 28 N
                                          LONGITUDE:  73  9 W

  TEMPERATURE IN F:       :PCPN:    SNOW:  WIND      :SUNSHINE: SKY     :PK WND
================================================================================
1   2   3   4   5  6A  6B    7    8   9   10  11  12  13   14  15   16   17  18
                                     12Z  AVG MX 2MIN
DY MAX MIN AVG DEP HDD CDD  WTR  SNW DPTH SPD SPD DIR MIN PSBL S-S WX    SPD DR
================================================================================

 1  66  37  52  -2  13   0 0.00  0.0    0  1.5  8 330   M    M   1 8      13 320
 2  68  40  54   1  11   0 0.00  0.0    0  2.9 13 340   M    M   2        15 320
 3  73  44  59   6   6   0 0.00  0.0    0  9.6 22 200   M    M   1        27 200
 4  78  57  68  15   0   3 0.11  0.0    0 14.4 22 180   M    M   4 1      30 180
 5  73  53  63  11   2   0 0.00  0.0    0  5.6 15 310   M    M   4        18 320
 6  62  51  57   5   8   0 0.02  0.0    0  3.7  9 200   M    M   8        13 260
 7  71  55  63  12   2   0 0.01  0.0    0 10.0 22 190   M    M   8        30 190
 8  80  60  70  19   0   5 0.19  0.0    0 11.0 25 190   M    M   4 1      34 180
 9  67  59  63  13   2   0 1.13  0.0    0  5.6 16 320   M    M   9 1      21 330
10  77  59  68  18   0   3 0.01  0.0    0  2.6 10 340   M    M   7 1      14 340
11  62  44  53   3  12   0 0.00  0.0    0  7.8 16 340   M    M   8        21 330
12  61  37  49   0  16   0 0.00  0.0    0  2.6  8 350   M    M   1        11 300
13  65  40  53   4  12   0 0.00  0.0    0 10.4 20 200   M    M   4        26 200
14  68  58  63  14   2   0 0.00  0.0    0  7.5 20 180   M    M   9        26 180
15  76  58  67  19   0   2    T  0.0    0 16.1 29 190   M    M   8        42 190
================================================================================
SM 1047  752        86  13  1.47     0.0 111.3          M       78
================================================================================
AV 69.8 50.1                               7.4 FASTST   M    M   5    MAX(MPH)
                                 MISC ---->  # 29 190               # 42  190
================================================================================
NOTES:
# LAST OF SEVERAL OCCURRENCES

COLUMN 17 PEAK WIND IN M.P.H.

PRELIMINARY LOCAL CLIMATOLOGICAL DATA (WS FORM: F-6) , PAGE 2

                                          STATION:  BURLINGTON VT
                                          MONTH:    OCTOBER
                                          YEAR:     2017
                                          LATITUDE:   44 28 N
                                          LONGITUDE:  73  9 W

[TEMPERATURE DATA]      [PRECIPITATION DATA]       SYMBOLS USED IN COLUMN 16

AVERAGE MONTHLY: 60.0   TOTAL FOR MONTH:   1.47    1 = FOG OR MIST
DPTR FM NORMAL:   9.0   DPTR FM NORMAL:   -0.36    2 = FOG REDUCING VISIBILITY
HIGHEST:    80 ON  8    GRTST 24HR  1.13 ON  9- 9      TO 1/4 MILE OR LESS
LOWEST:     37 ON 12, 1                            3 = THUNDER
                        SNOW, ICE PELLETS, HAIL    4 = ICE PELLETS
                        TOTAL MONTH:   0.0 INCH    5 = HAIL
                        GRTST 24HR     0.0         6 = FREEZING RAIN OR DRIZZLE
                        GRTST DEPTH:   0           7 = DUSTSTORM OR SANDSTORM:
                                                       VSBY 1/2 MILE OR LESS
                                                   8 = SMOKE OR HAZE
[NO. OF DAYS WITH]      [WEATHER - DAYS WITH]      9 = BLOWING SNOW
                                                   X = TORNADO
MAX 32 OR BELOW:   0    0.01 INCH OR MORE:   6
MAX 90 OR ABOVE:   0    0.10 INCH OR MORE:   3
MIN 32 OR BELOW:   0    0.50 INCH OR MORE:   1
MIN  0 OR BELOW:   0    1.00 INCH OR MORE:   1

[HDD (BASE 65) ]
TOTAL THIS MO.    86    CLEAR  (SCALE 0-3)   4
DPTR FM NORMAL  -126    PTCLDY (SCALE 4-7)   8
TOTAL FM JUL 1   195    CLOUDY (SCALE 8-10)  3
DPTR FM NORMAL  -234

[CDD (BASE 65) ]
TOTAL THIS MO.    13
DPTR FM NORMAL    13    [PRESSURE DATA]
TOTAL FM JAN 1   644    HIGHEST SLP M ON M
DPTR FM NORMAL   155    LOWEST  SLP 29.76 ON  9

[REMARKS]
