000
CXUS51 KBUF 281205
CF6BUF
PRELIMINARY LOCAL CLIMATOLOGICAL DATA (WS FORM: F-6)

                                          STATION:   BUFFALO NY
                                          MONTH:     MARCH
                                          YEAR:      2015
                                          LATITUDE:   42 55 N
                                          LONGITUDE:  78 44 W

  TEMPERATURE IN F:       :PCPN:    SNOW:  WIND      :SUNSHINE: SKY     :PK WND
================================================================================
1   2   3   4   5  6A  6B    7    8   9   10  11  12  13   14  15   16   17  18
                                     12Z  AVG MX 2MIN
DY MAX MIN AVG DEP HDD CDD  WTR  SNW DPTH SPD SPD DIR MIN PSBL S-S WX    SPD DR
================================================================================

 1  27   5  16 -13  49   0 0.14  1.8   21  6.0 17 240   M    M  10 18     20 250
 2  26  10  18 -11  47   0 0.02  1.5   23 14.3 26 260   M    M   7 18     32 280
 3  38   5  22  -8  43   0 0.31  1.9   22 11.4 36 240   M    M   8 126    47 250
 4  34  25  30   0  35   0 0.03  0.1   21 14.0 23 250   M    M   9 18     30 250
 5  25   6  16 -14  49   0    T  0.5   20 10.8 24 340   M    M   7 189    30 330
 6  20  -1  10 -20  55   0 0.00  0.0   20 11.7 24 220   M    M   3        31 240
 7  32  19  26  -5  39   0 0.01  0.2   20 14.1 23 230   M    M  10 18     32 240
 8  34  28  31   0  34   0    T  0.1   20 12.5 20 230   M    M   7 18     26 280
 9  38  27  33   1  32   0    T    T   20 11.3 21 230   M    M   3 18     29 220
10  47  29  38   6  27   0 0.00  0.0   18  6.9 13 230   M    M   8 18     17 230
11  41  31  36   4  29   0    T  0.0   14 14.1 21 230   M    M   8 12     26 220
12  38  27  33   1  32   0 0.00  0.0   10  6.7 16 340   M    M   3        19 350
13  51  25  38   5  27   0 0.00  0.0   10  6.3 20 190   M    M   7        24 200
14  44  35  40   7  25   0 0.02  0.0    6 10.8 22 260   M    M  10 128    27 250
15  37  31  34   0  31   0 0.01  0.2    5 13.9 22 260   M    M   8        31 270
16  45  30  38   4  27   0 0.09  0.0    5 10.7 21 230   M    M   9 1      26 240
17  41  27  34   0  31   0 0.01    T    2 16.2 30 300   M    M   7 1      39 330
18  35  22  29  -5  36   0    T    T    2 11.7 22 270   M    M   5        27 290
19  37  16  27  -8  38   0 0.00  0.0    2  4.0 13  80   M    M   5        16  60
20  45  28  37   2  28   0    T  0.0    2  8.3 14 190   M    M   9        17 200
21  42  26  34  -2  31   0 0.02  0.0    1 13.9 26 240   M    M   7 18     35 250
22  26  18  22 -14  43   0 0.01  0.3    1 12.4 22 250   M    M   6 18     31 250
23  25  17  21 -15  44   0 0.00  0.0    1  7.1 15 340   M    M   5        20 360
24  39  16  28  -9  37   0 0.00  0.0    T  5.7 12  90   M    M   3        15  70
25  46  26  36  -1  29   0 0.14  0.0    T 13.5 26 230   M    M   8 1      36 250
26  41  33  37  -1  28   0 0.39  1.2    T  6.6 14 230   M    M  10 12     18 240
27  33  20  27 -11  38   0 0.03  0.4    T  9.1 14 340   M    M  10 1      19 300
================================================================================
SM  987  581       964   0  1.23     8.2 284.0          M      192
================================================================================
AV 36.6 21.5                              10.5 FASTST   M    M   7    MAX(MPH)
                                 MISC ---->  # 36 240               # 47  250
================================================================================
NOTES:
# LAST OF SEVERAL OCCURRENCES

COLUMN 17 PEAK WIND IN M.P.H.

PRELIMINARY LOCAL CLIMATOLOGICAL DATA (WS FORM: F-6) , PAGE 2

                                          STATION:  BUFFALO NY
                                          MONTH:    MARCH
                                          YEAR:     2015
                                          LATITUDE:   42 55 N
                                          LONGITUDE:  78 44 W

[TEMPERATURE DATA]      [PRECIPITATION DATA]       SYMBOLS USED IN COLUMN 16

AVERAGE MONTHLY: 29.0   TOTAL FOR MONTH:   1.23    1 = FOG OR MIST
DPTR FM NORMAL:  -4.2   DPTR FM NORMAL:   -1.25    2 = FOG REDUCING VISIBILITY
HIGHEST:    51 ON 13    GRTST 24HR  0.39 ON 26-26      TO 1/4 MILE OR LESS
LOWEST:     -1 ON  6                               3 = THUNDER
                        SNOW, ICE PELLETS, HAIL    4 = ICE PELLETS
                        TOTAL MONTH:   8.2 INCHES  5 = HAIL
                        GRTST 24HR   1.9 ON   M    6 = FREEZING RAIN OR DRIZZLE
                        GRTST DEPTH:  23 ON  2     7 = DUSTSTORM OR SANDSTORM:
                                                       VSBY 1/2 MILE OR LESS
                                                   8 = SMOKE OR HAZE
[NO. OF DAYS WITH]      [WEATHER - DAYS WITH]      9 = BLOWING SNOW
                                                   X = TORNADO
MAX 32 OR BELOW:   7    0.01 INCH OR MORE:  14
MAX 90 OR ABOVE:   0    0.10 INCH OR MORE:   4
MIN 32 OR BELOW:  25    0.50 INCH OR MORE:   0
MIN  0 OR BELOW:   1    1.00 INCH OR MORE:   0

[HDD (BASE 65) ]
TOTAL THIS MO.   964    CLEAR  (SCALE 0-3)   1
DPTR FM NORMAL   107    PTCLDY (SCALE 4-7)  16
TOTAL FM JUL 1  6112    CLOUDY (SCALE 8-10) 10
DPTR FM NORMAL   511

[CDD (BASE 65) ]
TOTAL THIS MO.     0
DPTR FM NORMAL     0    [PRESSURE DATA]
TOTAL FM JAN 1     0    HIGHEST SLP M ON M
DPTR FM NORMAL     0    LOWEST  SLP 29.57 ON  3

[REMARKS]
