000
CXUS54 KLZK 011130
CF6BVX
PRELIMINARY LOCAL CLIMATOLOGICAL DATA (WS FORM: F-6)

                                          STATION:   Batesville Regional Airport
                                          MONTH:     SEPTEMBER
                                          YEAR:      2016
                                          LATITUDE:   35 43 N
                                          LONGITUDE:  91 39 W

  TEMPERATURE IN F:       :PCPN:    SNOW:  WIND      :SUNSHINE: SKY     :PK WND
================================================================================
1   2   3   4   5  6A  6B    7    8   9   10  11  12  13   14  15   16   17  18
                                     12Z  AVG MX 2MIN
DY MAX MIN AVG DEP HDD CDD  WTR  SNW DPTH SPD SPD DIR MIN PSBL S-S WX    SPD DR
================================================================================

 1  86  70  78   1   0  13 0.01  0.0    0  4.5 12  50   M    M   3        17  30
 2  82  61  72  -4   0   7 0.00  0.0    0  4.8  9  40   M    M   2         M  M
 3  84  57  71  -5   0   6 0.00  0.0    0  3.7  9  70   M    M   0         M  M
 4  90  57  74  -2   0   9 0.00  0.0    0  3.0  9 120   M    M   0         M  M
 5  91  70  81   5   0  16 0.00  0.0    0  4.2 10 190   M    M   2         M  M
 6  90  73  82   7   0  17 0.00  0.0    0  4.6  8 220   M    M   3         M  M
 7  91  73  82   7   0  17 0.00  0.0    0  4.9 12 180   M    M   1         M  M
 8  93  75  84  10   0  19 0.00  0.0    0  5.3 12 180   M    M   1         M  M
 9  93  75  84  10   0  19 0.00  0.0    0  6.1 12 200   M    M   1        20 230
10  84  61  73  -1   0   8 0.00  0.0    0  6.2 13 280   M    M   2        18 280
11  82  54  68  -5   0   3 0.00  0.0    0  2.3  6 100   M    M   0         M  M
12  88  54  71  -2   0   6 0.00  0.0    0  2.3  8 180   M    M   0         M  M
13  91  64  78   5   0  13 0.00  0.0    0  2.0  8 100   M    M   1         M  M
14  93  70  82  10   0  17 0.00  0.0    0  1.4  6  90   M    M   2         M  M
15  93  72  83  11   0  18 0.02  0.0    0  2.8 10  80   M    M   2 3       M  M
16  93  66  80   9   0  15 0.47  0.0    0  2.4 12 170   M    M   3 3      18 160
17  86  70  78   7   0  13 0.27  0.0    0  2.1  6 340   M    M   5         M  M
18  84  64  74   3   0   9 0.16  0.0    0  1.9 10  40   M    M   1 3      17  40
19  90  61  76   6   0  11 0.00  0.0    0  1.3  6  60   M    M   2         M  M
20  91  63  77   7   0  12 0.00  0.0    0  1.2  5  70   M    M   2         M  M
21  91  64  78   9   0  13 0.00  0.0    0  2.5  7 110   M    M   0         M  M
22  91  63  77   8   0  12 0.00  0.0    0  1.5  7 160   M    M   0         M  M
23  91  64  78  10   0  13 0.00  0.0    0  1.8  8 240   M    M   0         M  M
24  93  66  80  12   0  15 0.00  0.0    0  2.4  8 240   M    M   1         M  M
25  93  68  81  13   0  16 0.00  0.0    0  2.1 15  70   M    M   0 3       M  M
26  75  54  65  -2   0   0 0.00  0.0    0  4.6 12 320   M    M   4        18 300
27  81  50  66  -1   0   1 0.00  0.0    0  3.3  7 260   M    M   0         M  M
28  84  55  70   4   0   5 0.00  0.0    0  5.5 10 300   M    M   0        22 300
29  77  48  63  -3   2   0 0.00  0.0    0  5.1 12 300   M    M   1        21 310
30  77  54  66   0   0   1 0.00  0.0    0  4.0  8 290   M    M   4         M  M
================================================================================
SM 2628 1896         2 324  0.93     0.0  99.8          M       43
================================================================================
AV 87.6 63.2                               3.3 FASTST   M    M   1    MAX(MPH)
                                 MISC ---->  # 15  70                 22    M
================================================================================
NOTES:
# LAST OF SEVERAL OCCURRENCES

COLUMN 17 PEAK WIND IN M.P.H.

PRELIMINARY LOCAL CLIMATOLOGICAL DATA (WS FORM: F-6) , PAGE 2

                                          STATION:  Batesville Regional Airport
                                          MONTH:    SEPTEMBER
                                          YEAR:     2016
                                          LATITUDE:   35 43 N
                                          LONGITUDE:  91 39 W

[TEMPERATURE DATA]      [PRECIPITATION DATA]       SYMBOLS USED IN COLUMN 16

AVERAGE MONTHLY: 75.4   TOTAL FOR MONTH:   0.93    1 = FOG OR MIST
DPTR FM NORMAL:   3.9   DPTR FM NORMAL:   -2.79    2 = FOG REDUCING VISIBILITY
HIGHEST:    93 ON 25,24 GRTST 24HR  0.47 ON 16-16      TO 1/4 MILE OR LESS
LOWEST:     48 ON 29                               3 = THUNDER
                        SNOW, ICE PELLETS, HAIL    4 = ICE PELLETS
                        TOTAL MONTH:   0.0 INCH    5 = HAIL
                        GRTST 24HR     0.0         6 = FREEZING RAIN OR DRIZZLE
                        GRTST DEPTH:   0           7 = DUSTSTORM OR SANDSTORM:
                                                       VSBY 1/2 MILE OR LESS
                                                   8 = SMOKE OR HAZE
[NO. OF DAYS WITH]      [WEATHER - DAYS WITH]      9 = BLOWING SNOW
                                                   X = TORNADO
MAX 32 OR BELOW:   0    0.01 INCH OR MORE:   5
MAX 90 OR ABOVE:  17    0.10 INCH OR MORE:   3
MIN 32 OR BELOW:   0    0.50 INCH OR MORE:   0
MIN  0 OR BELOW:   0    1.00 INCH OR MORE:   0

[HDD (BASE 65) ]
TOTAL THIS MO.     2    CLEAR  (SCALE 0-3)  27
DPTR FM NORMAL   -25    PTCLDY (SCALE 4-7)   3
TOTAL FM JUL 1     2    CLOUDY (SCALE 8-10)  0
DPTR FM NORMAL   -25

[CDD (BASE 65) ]
TOTAL THIS MO.   324
DPTR FM NORMAL   102    [PRESSURE DATA]
TOTAL FM JAN 1  1975    HIGHEST SLP M ON M
DPTR FM NORMAL   281    LOWEST  SLP M ON M

[REMARKS]
#FINAL-09-16#
