000
CXUS54 KLZK 221130
CF6BVX
PRELIMINARY LOCAL CLIMATOLOGICAL DATA (WS FORM: F-6)

                                          STATION:   Batesville Regional Airport
                                          MONTH:     APRIL
                                          YEAR:      2017
                                          LATITUDE:   35 43 N
                                          LONGITUDE:  91 39 W

  TEMPERATURE IN F:       :PCPN:    SNOW:  WIND      :SUNSHINE: SKY     :PK WND
================================================================================
1   2   3   4   5  6A  6B    7    8   9   10  11  12  13   14  15   16   17  18
                                     12Z  AVG MX 2MIN
DY MAX MIN AVG DEP HDD CDD  WTR  SNW DPTH SPD SPD DIR MIN PSBL S-S WX    SPD DR
================================================================================

 1  64  46  55   1  10   0 0.00    M    M  6.1 12 120   M    M   2         M  M
 2  70  48  59   4   6   0 0.56    M    M  4.6 13  90   M    M   4 3       M  M
 3  72  57  65  10   0   0 0.01    M    M 11.3 25 230   M    M   7        35 240
 4  81  48  65  10   0   0 0.00    M    M  5.0 12 180   M    M   0        17 180
 5  66  48  57   1   8   0 0.40    M    M 11.7 24 240   M    M   7 3      32 210
 6  64  46  55  -1  10   0 0.00    M    M  9.0 15 280   M    M   3        25 280
 7  68  43  56   0   9   0 0.00    M    M  5.2 10 250   M    M   0         M  M
 8  79  52  66   9   0   1 0.00    M    M  8.4 15 190   M    M   0        20 190
 9  81  61  71  14   0   6 0.00    M    M 11.4 22 200   M    M   2        31 220
10  72  63  68  11   0   3 0.01    M    M  7.2 13 200   M    M   6        21 190
11  72  52  62   4   3   0 0.00    M    M  3.8  7 120   M    M   5         M  M
12  79  45  62   4   3   0 0.00    M    M  3.6 10 120   M    M   2         M  M
13  84  54  69  11   0   4 0.00    M    M  3.4  9 200   M    M   2         M  M
14  84  63  74  16   0   9 0.00    M    M  3.8 13 190   M    M   6        16 210
15  82  61  72  13   0   7 0.00    M    M  7.1 14 180   M    M   2        20 190
16  79  64  72  13   0   7 0.00  0.0    0  6.1 16 210   M    M   5        22 220
17  73  61  67   8   0   2 0.65  0.0    0  3.7 10  80   M    M   6 3       M  M
18  79  61  70  10   0   5 0.00  0.0    0  2.5  7 160   M    M   7         M  M
19  84  63  74  14   0   9 0.00  0.0    0  5.8 12 200   M    M   2        20 180
20  84  64  74  14   0   9 0.00  0.0    0  5.9 15 210   M    M   3        21 220
21  68  52  60  -1   5   0 1.92  0.0    0  6.6 13  80   M    M  10 3      18  30
================================================================================
SM 1585 1152        54  62  3.55     0.0 132.2          M       81
================================================================================
AV 75.5 54.9                               6.3 FASTST   M    M   4    MAX(MPH)
                                 MISC ---->  # 25 230               # 35  240
================================================================================
NOTES:
# LAST OF SEVERAL OCCURRENCES

COLUMN 17 PEAK WIND IN M.P.H.

PRELIMINARY LOCAL CLIMATOLOGICAL DATA (WS FORM: F-6) , PAGE 2

                                          STATION:  Batesville Regional Airport
                                          MONTH:    APRIL
                                          YEAR:     2017
                                          LATITUDE:   35 43 N
                                          LONGITUDE:  91 39 W

[TEMPERATURE DATA]      [PRECIPITATION DATA]       SYMBOLS USED IN COLUMN 16

AVERAGE MONTHLY: 65.2   TOTAL FOR MONTH:   3.55    1 = FOG OR MIST
DPTR FM NORMAL:   7.6   DPTR FM NORMAL:    0.43    2 = FOG REDUCING VISIBILITY
HIGHEST:    84 ON 20,19 GRTST 24HR  1.92 ON 21-21      TO 1/4 MILE OR LESS
LOWEST:     43 ON  7                               3 = THUNDER
                        SNOW, ICE PELLETS, HAIL    4 = ICE PELLETS
                        TOTAL MONTH:   0.0 INCH    5 = HAIL
                        GRTST 24HR     0.0         6 = FREEZING RAIN OR DRIZZLE
                        GRTST DEPTH:   0           7 = DUSTSTORM OR SANDSTORM:
                                                       VSBY 1/2 MILE OR LESS
                                                   8 = SMOKE OR HAZE
[NO. OF DAYS WITH]      [WEATHER - DAYS WITH]      9 = BLOWING SNOW
                                                   X = TORNADO
MAX 32 OR BELOW:   0    0.01 INCH OR MORE:   6
MAX 90 OR ABOVE:   0    0.10 INCH OR MORE:   4
MIN 32 OR BELOW:   0    0.50 INCH OR MORE:   3
MIN  0 OR BELOW:   0    1.00 INCH OR MORE:   1

[HDD (BASE 65) ]
TOTAL THIS MO.    54    CLEAR  (SCALE 0-3)  11
DPTR FM NORMAL  -121    PTCLDY (SCALE 4-7)   9
TOTAL FM JUL 1  2499    CLOUDY (SCALE 8-10)  1
DPTR FM NORMAL -1203

[CDD (BASE 65) ]
TOTAL THIS MO.    62
DPTR FM NORMAL    42    [PRESSURE DATA]
TOTAL FM JAN 1    86    HIGHEST SLP M ON M
DPTR FM NORMAL    61    LOWEST  SLP M ON M

[REMARKS]
