000
CXUS55 KPIH 241200
CF6BYI

PRELIMINARY LOCAL CLIMATOLOGICAL DATA (WS FORM: F-6)

                                          STATION:   BURLEY ID
                                          MONTH:     DECEMBER
                                          YEAR:      2014
                                          LATITUDE:   42 32 N
                                          LONGITUDE: 113 46 W

  TEMPERATURE IN F:       :PCPN:    SNOW:  WIND      :SUNSHINE: SKY     :PK WND
================================================================================
1   2   3   4   5  6A  6B    7    8   9   10  11  12  13   14  15   16   17  18
                                     12Z  AVG MX 2MIN
DY MAX MIN AVG DEP HDD CDD  WTR  SNW DPTH SPD SPD DIR MIN PSBL S-S WX    SPD DR
================================================================================

 1  45  28  37   8  28   0 0.01    M    M  4.8 10 310   M    M  10        14 320
 2  50  34  42  13  23   0 0.00    M    M  8.1 20  60   M    M   5        24  80
 3  56  34  45  16  20   0    T    M    M  8.0 24 200   M    M   7        29 200
 4  56  36  46  18  19   0 0.01    M    M  7.5 22 200   M    M   7        28 210
 5  56  31  44  16  21   0    T    M    M  2.3  9 360   M    M   2        11 360
 6  59  33  46  18  19   0    T    M    M  7.4 25 200   M    M   5        30 200
 7  56  31  44  16  21   0    T    M    M  3.1 10  50   M    M   2        13  50
 8  50  28  39  12  26   0 0.00    M    M  4.0 13  50   M    M   0 1      17  50
 9  53  29  41  14  24   0 0.00    M    M  4.3 10  50   M    M   2 1      13  30
10  54  25  40  13  25   0 0.00    M    M  4.6 14 200   M    M   0 1      19 210
11  61  38  50  23  15   0    T    M    M 12.5 24 190   M    M   1        34 200
12  62  40  51  25  14   0    T    M    M 10.9 33 190   M    M   1        42 190
13  40  34  37  11  28   0 0.13    M    M 17.4 29 250   M    M  10        36 260
14  38  20  29   3  36   0 0.00    M    M  8.0 18 250   M    M   6        25 260
15  41  16  29   3  36   0 0.00    M    M  4.2 13  90   M    M   2        15  90
16  39  30  35   9  30   0 0.02    M    M  5.4 14  50   M    M   9 18     18  50
17  42  20  31   5  34   0 0.00    M    M  4.1 10  60   M    M   1 1      17  80
18  44  21  33   7  32   0 0.00    M    M  3.3 15 210   M    M   4 1      20 200
19  45  36  41  15  24   0 0.10    M    M 11.9 24 200   M    M   9 1      31 210
20  43  34  39  13  26   0 0.16    M    M  9.1 16 200   M    M  10        22 210
21  50  36  43  17  22   0 0.25    M    M 21.0 33 260   M    M   8        49 260
22  44  30  37  11  28   0    T    M    M 17.7 35 290   M    M   5        48 290
23  40  21  31   5  34   0 0.00    M    M  4.4 15 240   M    M   1        18 250
================================================================================
SM 1124  685       585   0  0.68    M    184.0          M      107
================================================================================
AV 48.9 29.8                               8.0 FASTST   M    M   5    MAX(MPH)
                                 MISC ---->  # 35 290               # 49  260
================================================================================
NOTES:
# LAST OF SEVERAL OCCURRENCES

COLUMN 17 PEAK WIND IN M.P.H.

PRELIMINARY LOCAL CLIMATOLOGICAL DATA (WS FORM: F-6) , PAGE 2

                                          STATION:  BURLEY ID
                                          MONTH:    DECEMBER
                                          YEAR:     2014
                                          LATITUDE:   42 32 N
                                          LONGITUDE: 113 46 W

[TEMPERATURE DATA]      [PRECIPITATION DATA]       SYMBOLS USED IN COLUMN 16

AVERAGE MONTHLY: 39.3   TOTAL FOR MONTH:   0.68    1 = FOG OR MIST
DPTR FM NORMAL:  12.4   DPTR FM NORMAL:   -0.18    2 = FOG REDUCING VISIBILITY
HIGHEST:    62 ON 12    GRTST 24HR  0.38 ON 20-21      TO 1/4 MILE OR LESS
LOWEST:     16 ON 15                               3 = THUNDER
                        SNOW, ICE PELLETS, HAIL    4 = ICE PELLETS
                        TOTAL MONTH:    M          5 = HAIL
                        GRTST 24HR    M  ON   M    6 = FREEZING RAIN OR DRIZZLE
                        GRTST DEPTH:  M  ON   M    7 = DUSTSTORM OR SANDSTORM:
                                                       VSBY 1/2 MILE OR LESS
                                                   8 = SMOKE OR HAZE
[NO. OF DAYS WITH]      [WEATHER - DAYS WITH]      9 = BLOWING SNOW
                                                   X = TORNADO
MAX 32 OR BELOW:   0    0.01 INCH OR MORE:   7
MAX 90 OR ABOVE:   0    0.10 INCH OR MORE:   4
MIN 32 OR BELOW:  13    0.50 INCH OR MORE:   0
MIN  0 OR BELOW:   0    1.00 INCH OR MORE:   0

[HDD (BASE 65) ]
TOTAL THIS MO.   585    CLEAR  (SCALE 0-3)  10
DPTR FM NORMAL  -290    PTCLDY (SCALE 4-7)   8
TOTAL FM JUL 1  1966    CLOUDY (SCALE 8-10)  5
DPTR FM NORMAL  -597

[CDD (BASE 65) ]
TOTAL THIS MO.     0
DPTR FM NORMAL     0    [PRESSURE DATA]
TOTAL FM JAN 1   428    HIGHEST SLP M ON M
DPTR FM NORMAL    63    LOWEST  SLP 29.71 ON 12

[REMARKS]
