000
CXUS56 KTFX 241537
CF6BZN
PRELIMINARY LOCAL CLIMATOLOGICAL DATA (WS FORM: F-6)

                                          STATION:   BOZEMAN/GALLATIN FIELD MT
                                          MONTH:     NOVEMBER
                                          YEAR:      2017
                                          LATITUDE:   45 46 N
                                          LONGITUDE: 111  9 W

  TEMPERATURE IN F:       :PCPN:    SNOW:  WIND      :SUNSHINE: SKY     :PK WND
================================================================================
1   2   3   4   5  6A  6B    7    8   9   10  11  12  13   14  15   16   17  18
                                     12Z  AVG MX 2MIN
DY MAX MIN AVG DEP HDD CDD  WTR  SNW DPTH SPD SPD DIR MIN PSBL S-S WX    SPD DR
================================================================================

 1  41  26  34  -6  31   0 0.35  0.5    0  6.1 17 310   M    M  10 12     21 300
 2  31  24  28 -11  37   0 0.12  1.0    1  2.6  8 340   M    M  10 1      10 330
 3  28  20  24 -15  41   0 0.55  7.5    2  5.8 15 250   M    M  10 12     17 260
 4  24  10  17 -21  48   0 0.14  3.5   12  3.0 12 250   M    M   8 1      13 240
 5  24   3  14 -24  51   0    T    T   12  3.1 10 240   M    M   7 12     13 240
 6  18  -8   5 -32  60   0 0.01  2.0   14  4.5 12 230   M    M   7 12     14 220
 7  12 -12   0 -37  65   0 0.00  0.0   14  2.3 10 150   M    M   4 12     10 150
 8  26   2  14 -22  51   0 0.00  0.0   10  2.9  7 160   M    M   3 1       8 160
 9  33  19  26 -10  39   0 0.00  0.0   10  4.6 12 200   M    M  10 18     14 190
10  37  14  26  -9  39   0 0.05    T    8  3.1 12 320   M    M   6 168    13 310
11  40  19  30  -5  35   0 0.19  0.4    5  4.0 12 150   M    M   6 16     12 150
12  32  12  22 -12  43   0 0.00  0.0    3  3.0 12 140   M    M   2 1      12 140
13  44  15  30  -4  35   0 0.00  0.0    3  4.4 13 150   M    M   1 12     14 150
14  42  14  28  -5  37   0 0.09  1.0    3  6.0 14 130   M    M   5 1      15 130
15  27   5  16 -16  49   0 0.00  0.0    3  2.9  9 190   M    M   2        10 130
16  48  27  38   6  27   0 0.00  0.0    3  5.0 21 290   M    M   6        25 280
17  38  22  30  -1  35   0    T    T    3  6.7 32 310   M    M   6        38 300
18  35  14  25  -6  40   0 0.00  0.0    3  5.1 15 360   M    M   1        18  20
19  43  13  28  -2  37   0 0.00  0.0    3  4.1 15 200   M    M   0        19 220
20  47  32  40  10  25   0 0.03  0.0    3  7.3 22 240   M    M   7        29 230
21  41  22  32   3  33   0 0.01    T    3  3.1 10 280   M    M   3 1      14 220
22  56  33  45  16  20   0 0.00  0.0    2  5.3 12 100   M    M   6        15 240
23  62  33  48  20  17   0 0.02  0.0    1 12.1 38 290   M    M   2        50 300
================================================================================
SM  829  359       895   0  1.56    15.9 107.0          M      122
================================================================================
AV 36.0 15.6                               4.7 FASTST   M    M   5    MAX(MPH)
                                 MISC ---->  # 38 290               # 50  300
================================================================================
NOTES:
# LAST OF SEVERAL OCCURRENCES

COLUMN 17 PEAK WIND IN M.P.H.

PRELIMINARY LOCAL CLIMATOLOGICAL DATA (WS FORM: F-6) , PAGE 2

                                          STATION:  BOZEMAN/GALLATIN FIELD MT
                                          MONTH:    NOVEMBER
                                          YEAR:     2017
                                          LATITUDE:   45 46 N
                                          LONGITUDE: 111  9 W

[TEMPERATURE DATA]      [PRECIPITATION DATA]       SYMBOLS USED IN COLUMN 16

AVERAGE MONTHLY: 25.8   TOTAL FOR MONTH:   1.56    1 = FOG OR MIST
DPTR FM NORMAL:  -8.2   DPTR FM NORMAL:    0.95    2 = FOG REDUCING VISIBILITY
HIGHEST:    62 ON 23    GRTST 24HR  0.55 ON  3- 3      TO 1/4 MILE OR LESS
LOWEST:    -12 ON  7                               3 = THUNDER
                        SNOW, ICE PELLETS, HAIL    4 = ICE PELLETS
                        TOTAL MONTH:  15.9 INCHES  5 = HAIL
                        GRTST 24HR   7.5 ON  3- 3  6 = FREEZING RAIN OR DRIZZLE
                        GRTST DEPTH:  14 ON  7, 6  7 = DUSTSTORM OR SANDSTORM:
                                                       VSBY 1/2 MILE OR LESS
                                                   8 = SMOKE OR HAZE
[NO. OF DAYS WITH]      [WEATHER - DAYS WITH]      9 = BLOWING SNOW
                                                   X = TORNADO
MAX 32 OR BELOW:   9    0.01 INCH OR MORE:  11
MAX 90 OR ABOVE:   0    0.10 INCH OR MORE:   5
MIN 32 OR BELOW:  21    0.50 INCH OR MORE:   1
MIN  0 OR BELOW:   2    1.00 INCH OR MORE:   0

[HDD (BASE 65) ]
TOTAL THIS MO.   895    CLEAR  (SCALE 0-3)   7
DPTR FM NORMAL   184    PTCLDY (SCALE 4-7)  11
TOTAL FM JUL 1  1919    CLOUDY (SCALE 8-10)  5
DPTR FM NORMAL   311

[CDD (BASE 65) ]
TOTAL THIS MO.     0
DPTR FM NORMAL     0    [PRESSURE DATA]
TOTAL FM JAN 1   327    HIGHEST SLP M ON M
DPTR FM NORMAL   -41    LOWEST  SLP 29.50 ON  1

[REMARKS]
