000
CXUS55 KCAE 211400
CF6CAE
PRELIMINARY LOCAL CLIMATOLOGICAL DATA (WS FORM: F-6)

                                          STATION:   COLUMBIA METRO AIRPORT SC
                                          MONTH:     SEPTEMBER
                                          YEAR:      2014
                                          LATITUDE:   33 57 N
                                          LONGITUDE:  81  7 W

  TEMPERATURE IN F:       :PCPN:    SNOW:  WIND      :SUNSHINE: SKY     :PK WND
================================================================================
1   2   3   4   5  6A  6B    7    8   9   10  11  12  13   14  15   16   17  18
                                     12Z  AVG MX 2MIN
DY MAX MIN AVG DEP HDD CDD  WTR  SNW DPTH SPD SPD DIR MIN PSBL S-S WX    SPD DR
================================================================================

 1  99  73  86   7   0  21 0.06  0.0    0  3.5 18 280   M    M   4 138    25 270
 2  99  74  87   8   0  22 0.15  0.0    0  3.9 29 180   M    M   5 13     36 180
 3  95  71  83   5   0  18 0.00  0.0    0  4.1 14 120   M    M   4        16 130
 4  95  75  85   7   0  20 0.03  0.0    0  6.2 17 140   M    M   4 138    21 140
 5  94  72  83   5   0  18 0.00  0.0    0  5.1 22  80   M    M   4        26  80
 6  94  73  84   6   0  19 0.00  0.0    0  4.7 14 140   M    M   6 8      17 140
 7  93  74  84   7   0  19 0.34  0.0    0  6.5 17  70   M    M   6 13     21  70
 8  79  72  76  -1   0  11 0.01  0.0    0  6.0 13  10   M    M   9 18     17  10
 9  80  71  76  -1   0  11    T  0.0    0  4.1  9 360   M    M  10 8      12  10
10  86  69  78   1   0  13 0.00  0.0    0  1.8  9  70   M    M   6        14  70
11  95  70  83   7   0  18 0.00  0.0    0  3.8 14 250   M    M   5 1      19 220
12  94  75  85   9   0  20    T  0.0    0  4.5 15 200   M    M   7 3      20 260
13  88  74  81   5   0  16 0.35  0.0    0  3.6 13 170   M    M   9 138    16 170
14  79  69  74  -1   0   9    T  0.0    0  6.6 13  80   M    M  10 18     16  60
15  76  68  72  -3   0   7 0.07  0.0    0  3.0  8  70   M    M  10 18     11  60
16  90  73  82   7   0  17 0.01  0.0    0  3.9 18 130   M    M   7 18     23 130
17  81  69  75   1   0  10    T  0.0    0  4.3 12 360   M    M   6 3      15  20
18  86  64  75   1   0  10 0.00  0.0    0  3.0  9 110   M    M   5 128    19 110
19  84  65  75   1   0  10 1.61  0.0    0  7.8 23  80   M    M   6 138    33 110
20  83  66  75   2   0  10 0.00  0.0    0  7.9 15  60   M    M   5        26 120
================================================================================
SM 1770 1417         0 299  2.63     0.0  94.3          M      128
================================================================================
AV 88.5 70.8                               4.7 FASTST   M    M   6    MAX(MPH)
                                 MISC ---->  # 29 180               # 36  180
================================================================================
NOTES:
# LAST OF SEVERAL OCCURRENCES

COLUMN 17 PEAK WIND IN M.P.H.

PRELIMINARY LOCAL CLIMATOLOGICAL DATA (WS FORM: F-6) , PAGE 2

                                          STATION:  COLUMBIA METRO AIRPORT SC
                                          MONTH:    SEPTEMBER
                                          YEAR:     2014
                                          LATITUDE:   33 57 N
                                          LONGITUDE:  81  7 W

[TEMPERATURE DATA]      [PRECIPITATION DATA]       SYMBOLS USED IN COLUMN 16

AVERAGE MONTHLY: 79.7   TOTAL FOR MONTH:   2.63    1 = FOG OR MIST
DPTR FM NORMAL:   3.4   DPTR FM NORMAL:    0.19    2 = FOG REDUCING VISIBILITY
HIGHEST:    99 ON  2, 1 GRTST 24HR  1.61 ON 19-19      TO 1/4 MILE OR LESS
LOWEST:     64 ON 18                               3 = THUNDER
                        SNOW, ICE PELLETS, HAIL    4 = ICE PELLETS
                        TOTAL MONTH:   0.0 INCH    5 = HAIL
                        GRTST 24HR     0.0         6 = FREEZING RAIN OR DRIZZLE
                        GRTST DEPTH:   0           7 = DUSTSTORM OR SANDSTORM:
                                                       VSBY 1/2 MILE OR LESS
                                                   8 = SMOKE OR HAZE
[NO. OF DAYS WITH]      [WEATHER - DAYS WITH]      9 = BLOWING SNOW
                                                   X = TORNADO
MAX 32 OR BELOW:   0    0.01 INCH OR MORE:   9
MAX 90 OR ABOVE:  10    0.10 INCH OR MORE:   4
MIN 32 OR BELOW:   0    0.50 INCH OR MORE:   1
MIN  0 OR BELOW:   0    1.00 INCH OR MORE:   1

[HDD (BASE 65) ]
TOTAL THIS MO.     0    CLEAR  (SCALE 0-3)   0
DPTR FM NORMAL     0    PTCLDY (SCALE 4-7)  15
TOTAL FM JUL 1     0    CLOUDY (SCALE 8-10)  5
DPTR FM NORMAL     0

[CDD (BASE 65) ]
TOTAL THIS MO.   299
DPTR FM NORMAL    70    [PRESSURE DATA]
TOTAL FM JAN 1  2333    HIGHEST SLP M ON M
DPTR FM NORMAL   336    LOWEST  SLP 29.88 ON 17

[REMARKS]
