000
CXUS55 KGJT 211000
CF6CAG
PRELIMINARY LOCAL CLIMATOLOGICAL DATA (WS FORM: F-6)

                                          STATION:   CRAIG CO
                                          MONTH:     OCTOBER
                                          YEAR:      2014
                                          LATITUDE:   40 30 N
                                          LONGITUDE: 107 32 W

  TEMPERATURE IN F:       :PCPN:    SNOW:  WIND      :SUNSHINE: SKY     :PK WND
================================================================================
1   2   3   4   5  6A  6B    7    8   9   10  11  12  13   14  15   16   17  18
                                     12Z  AVG MX 2MIN
DY MAX MIN AVG DEP HDD CDD  WTR  SNW DPTH SPD SPD DIR MIN PSBL S-S WX    SPD DR
================================================================================

 1  48  34  41  -8  24   0 0.35    M    M  4.6 22 310   M    M   9 1      28 310
 2  58  28  43  -6  22   0 0.00    M    M  6.3 20 270   M    M   5 12     24 270
 3  61  28  45  -3  20   0 0.00    M    M  4.3 17 270   M    M   0        24 280
 4  67  26  47  -1  18   0 0.00    M    M  4.9 18 250   M    M   0        24 260
 5  68  29  49   2  16   0 0.00    M    M  6.3 21 290   M    M   1        27 290
 6  70  29  50   3  15   0 0.00    M    M  5.2 20 270   M    M   0        26 260
 7  72  29  51   4  14   0 0.00    M    M  2.4 13 260   M    M   0        16 250
 8  74  34  54   8  11   0 0.00    M    M  1.8 13 270   M    M   0        16 270
 9  63  44  54   8  11   0 0.15    M    M  3.2 18 130   M    M   8        23 130
10  67  38  53   8  12   0 0.00    M    M  3.5 18 130   M    M   3        23 130
11  67  34  51   6  14   0 0.00    M    M  4.4 20 250   M    M   4        24 260
12  50  36  43  -2  22   0 0.04    M    M  8.9 32 320   M    M   8        42 330
13  55  28  42  -2  23   0 0.00    M    M  5.3 15 260   M    M   5        20 250
14  67  24  46   2  19   0 0.00    M    M  3.8 17  70   M    M   0        21  80
15  73  25  49   6  16   0 0.00    M    M  6.4 31 210   M    M   0        37 210
16  70  33  52   9  13   0 0.00    M    M  3.6 15 270   M    M   0        19 280
17  70  27  49   6  16   0 0.00    M    M  1.5 12 320   M    M   0        15 290
18  72  27  50   8  15   0 0.00    M    M  2.9 15 280   M    M   0        20 280
19  72  26  49   7  16   0 0.00    M    M  0.9  9 220   M    M   0        12 360
20  73  28  51  10  14   0 0.00    M    M  2.1 13 290   M    M   2        16 270
================================================================================
SM 1317  607       331   0  0.54    M     82.3          M       45
================================================================================
AV 65.8 30.4                               4.1 FASTST   M    M   2    MAX(MPH)
                                 MISC ---->  # 32 320               # 42  330
================================================================================
NOTES:
# LAST OF SEVERAL OCCURRENCES

COLUMN 17 PEAK WIND IN M.P.H.

PRELIMINARY LOCAL CLIMATOLOGICAL DATA (WS FORM: F-6) , PAGE 2

                                          STATION:  CRAIG CO
                                          MONTH:    OCTOBER
                                          YEAR:     2014
                                          LATITUDE:   40 30 N
                                          LONGITUDE: 107 32 W

[TEMPERATURE DATA]      [PRECIPITATION DATA]       SYMBOLS USED IN COLUMN 16

AVERAGE MONTHLY: 48.1   TOTAL FOR MONTH:   0.54    1 = FOG OR MIST
DPTR FM NORMAL:   2.9   DPTR FM NORMAL:   -0.58    2 = FOG REDUCING VISIBILITY
HIGHEST:    74 ON  8    GRTST 24HR  0.49 ON 30- 1      TO 1/4 MILE OR LESS
LOWEST:     24 ON 14                               3 = THUNDER
                        SNOW, ICE PELLETS, HAIL    4 = ICE PELLETS
                        TOTAL MONTH:    M          5 = HAIL
                        GRTST 24HR    M  ON   M    6 = FREEZING RAIN OR DRIZZLE
                        GRTST DEPTH:  M  ON   M    7 = DUSTSTORM OR SANDSTORM:
                                                       VSBY 1/2 MILE OR LESS
                                                   8 = SMOKE OR HAZE
[NO. OF DAYS WITH]      [WEATHER - DAYS WITH]      9 = BLOWING SNOW
                                                   X = TORNADO
MAX 32 OR BELOW:   0    0.01 INCH OR MORE:   3
MAX 90 OR ABOVE:   0    0.10 INCH OR MORE:   2
MIN 32 OR BELOW:  13    0.50 INCH OR MORE:   0
MIN  0 OR BELOW:   0    1.00 INCH OR MORE:   0

[HDD (BASE 65) ]
TOTAL THIS MO.   331    CLEAR  (SCALE 0-3)  13
DPTR FM NORMAL   -65    PTCLDY (SCALE 4-7)   4
TOTAL FM JUL 1   626    CLOUDY (SCALE 8-10)  3
DPTR FM NORMAL  -135

[CDD (BASE 65) ]
TOTAL THIS MO.     0
DPTR FM NORMAL     0    [PRESSURE DATA]
TOTAL FM JAN 1    71    HIGHEST SLP M ON M
DPTR FM NORMAL   -71    LOWEST  SLP 29.57 ON 12

[REMARKS]
