000
CXUS51 KCLE 301004
CF6CAK
PRELIMINARY LOCAL CLIMATOLOGICAL DATA (WS FORM: F-6)

                                          STATION:   AKRON CANTON OH
                                          MONTH:     JULY
                                          YEAR:      2014
                                          LATITUDE:   40 55 N
                                          LONGITUDE:  81 26 W

  TEMPERATURE IN F:       :PCPN:    SNOW:  WIND      :SUNSHINE: SKY     :PK WND
================================================================================
1   2   3   4   5  6A  6B    7    8   9   10  11  12  13   14  15   16   17  18
                                     12Z  AVG MX 2MIN
DY MAX MIN AVG DEP HDD CDD  WTR  SNW DPTH SPD SPD DIR MIN PSBL S-S WX    SPD DR
================================================================================

 1  90  74  82  11   0  17 0.01  0.0    0 12.4 21 200   M    M   5 3       M  M
 2  85  69  77   5   0  12 0.14  0.0    0  7.3 14 240   M    M   7 1238   14 240
 3  79  58  69  -3   0   4 0.01  0.0    0  6.6 16 290   M    M   8 18     16 290
 4  75  55  65  -7   0   0 0.00  0.0    0  5.9 18  10   M    M   3 1      24  20
 5  79  52  66  -6   0   1 0.00  0.0    0  3.0  9 240   M    M   4 1      23 330
 6  79  59  69  -3   0   4    T  0.0    0  8.3 21 230   M    M   7        28 230
 7  80  69  75   3   0  10 0.46  0.0    0 11.8 24 220   M    M   7 138    32 230
 8  88  65  77   5   0  12 0.91  0.0    0 11.9 22 270   M    M   7 18     36 270
 9  82  61  72   0   0   7 0.00  0.0    0  7.4 20 290   M    M   5        25 300
10  83  58  71  -1   0   6 0.00  0.0    0  5.0 12  30   M    M   4 18     17 300
11  85  59  72   0   0   7 0.00  0.0    0  5.2 10 240   M    M   4        22 330
12  86  65  76   4   0  11 0.00  0.0    0  6.4 17 210   M    M   7        21 210
13  86  70  78   6   0  13 0.18  0.0    0  9.0 21 230   M    M   8 8      30 260
14  85  69  77   5   0  12 0.28  0.0    0  6.0 17 340   M    M   8 18     25 270
15  77  59  68  -4   0   3    T  0.0    0 10.3 20 250   M    M   6 8      25 300
16  72  54  63  -9   2   0 0.00  0.0    0  8.3 17 300   M    M   2        24 290
17  76  55  66  -6   0   1 0.00  0.0    0  4.4 14 340   M    M   7        16 340
18  78  53  66  -6   0   1 0.02  0.0    0  5.5 13 110   M    M   6 1      17 110
19  70  63  67  -5   0   2 0.72  0.0    0  7.8 15 190   M    M  10 18     20 190
20  79  66  73   1   0   8    T  0.0    0  3.3  9 160   M    M   7 18     14 200
21  87  64  76   4   0  11 0.00  0.0    0  2.4 10  20   M    M   5 18      M  M
22  89  67  78   6   0  13 0.00  0.0    0  5.0 14 220   M    M   2 18     18 250
23  79  60  70  -2   0   5    T  0.0    0  8.7 15 360   M    M   8 8      21 320
24  75  57  66  -6   0   1 0.00  0.0    0  8.1 16  30   M    M   4        20  30
25  79  51  65  -7   0   0    T  0.0    0  2.9 12 260   M    M   4        16 260
26  83  64  74   2   0   9 0.56  0.0    0  8.1 20 230   M    M   5 13     26 220
27  82  63  73   1   0   8 0.17  0.0    0  6.6 25 350   M    M   8 138    35 360
28  70  53  62 -10   3   0 0.11  0.0    0 11.1 22 330   M    M   9 1      30 330
29  71  51  61 -11   4   0 0.00  0.0    0  5.7 13 280   M    M   7        20 270
================================================================================
SM 2329 1763         9 178  3.57     0.0 204.4          M      174
================================================================================
AV 80.3 60.8                               7.0 FASTST   M    M   6    MAX(MPH)
                                 MISC ---->  # 25 350                 36    M
================================================================================
NOTES:
# LAST OF SEVERAL OCCURRENCES

COLUMN 17 PEAK WIND IN M.P.H.

PRELIMINARY LOCAL CLIMATOLOGICAL DATA (WS FORM: F-6) , PAGE 2

                                          STATION:  AKRON CANTON OH
                                          MONTH:    JULY
                                          YEAR:     2014
                                          LATITUDE:   40 55 N
                                          LONGITUDE:  81 26 W

[TEMPERATURE DATA]      [PRECIPITATION DATA]       SYMBOLS USED IN COLUMN 16

AVERAGE MONTHLY: 70.6   TOTAL FOR MONTH:   3.57    1 = FOG OR MIST
DPTR FM NORMAL:  -1.4   DPTR FM NORMAL:   -0.25    2 = FOG REDUCING VISIBILITY
HIGHEST:    90 ON  1    GRTST 24HR  1.11 ON  7- 8      TO 1/4 MILE OR LESS
LOWEST:     51 ON 29,25                            3 = THUNDER
                        SNOW, ICE PELLETS, HAIL    4 = ICE PELLETS
                        TOTAL MONTH:   0.0 INCH    5 = HAIL
                        GRTST 24HR     0.0         6 = FREEZING RAIN OR DRIZZLE
                        GRTST DEPTH:   0           7 = DUSTSTORM OR SANDSTORM:
                                                       VSBY 1/2 MILE OR LESS
                                                   8 = SMOKE OR HAZE
[NO. OF DAYS WITH]      [WEATHER - DAYS WITH]      9 = BLOWING SNOW
                                                   X = TORNADO
MAX 32 OR BELOW:   0    0.01 INCH OR MORE:  12
MAX 90 OR ABOVE:   1    0.10 INCH OR MORE:   9
MIN 32 OR BELOW:   0    0.50 INCH OR MORE:   3
MIN  0 OR BELOW:   0    1.00 INCH OR MORE:   0

[HDD (BASE 65) ]
TOTAL THIS MO.     9    CLEAR  (SCALE 0-3)   3
DPTR FM NORMAL     9    PTCLDY (SCALE 4-7)  22
TOTAL FM JUL 1     9    CLOUDY (SCALE 8-10)  4
DPTR FM NORMAL     9

[CDD (BASE 65) ]
TOTAL THIS MO.   178
DPTR FM NORMAL   -25    [PRESSURE DATA]
TOTAL FM JAN 1   437    HIGHEST SLP M ON M
DPTR FM NORMAL    57    LOWEST  SLP 29.61 ON 27

[REMARKS]
