000
CXUS53 KARX 280930
CF6CCY
PRELIMINARY LOCAL CLIMATOLOGICAL DATA (WS FORM: F-6)

                                          STATION:   CHARLES_CITY IA
                                          MONTH:     MAY
                                          YEAR:      2015
                                          LATITUDE:   43  4 N
                                          LONGITUDE:  92 37 W

  TEMPERATURE IN F:       :PCPN:    SNOW:  WIND      :SUNSHINE: SKY     :PK WND
================================================================================
1   2   3   4   5  6A  6B    7    8   9   10  11  12  13   14  15   16   17  18
                                     12Z  AVG MX 2MIN
DY MAX MIN AVG DEP HDD CDD  WTR  SNW DPTH SPD SPD DIR MIN PSBL S-S WX    SPD DR
================================================================================

 1  64  41  53  -1  12   0 0.00  0.0    0  8.2 17 200   M    M   4        21 200
 2  77  46  62   7   3   0 0.00  0.0    0 13.1 22 200   M    M   2        28 200
 3  82  55  69  14   0   4 0.32  0.0    0 12.9 24 310   M    M   4        36 300
 4  68  55  62   6   3   0    M  0.0    0 10.6 18  40   M    M   5 1      25  40
 5  59  52  56   0   9   0    M  0.0    0 12.9 18 120   M    M  10 12     27  80
 6  75  55  65   9   0   0 0.05  0.0    0 14.5 23 140   M    M   7 12     32 140
 7  77  63  70  14   0   5 0.30  0.0    0 17.8 28 180   M    M   5        36 180
 8  64  55  60   3   5   0 0.00  0.0    0 10.1 14 290   M    M  10 1      21 300
 9  68  48  58   1   7   0 0.00  0.0    0  9.2 14  60   M    M   7 1      20  80
10  63  55  59   2   6   0 0.04  0.0    0 15.6 27 100   M    M  10 1      35 100
11  61  43  52  -6  13   0 0.00  0.0    0 18.1 23 250   M    M  10 1      33 250
12  59  41  50  -8  15   0    T  0.0    0 17.1 25 300   M    M   6        36 300
13  68  43  56  -2   9   0 0.00  0.0    0 13.3 21 150   M    M   3        27 140
14  57  50  54  -5  11   0 0.26  0.0    0 15.5 24 130   M    M   9 12     38 130
15  70  57  64   5   1   0 0.00  0.0    0  5.8 10 250   M    M   8 12     13 320
16  81  61  71  12   0   6 0.04  0.0    0 11.1 17 160   M    M   8 18     21 150
17  75  55  65   5   0   0 0.01  0.0    0 18.5 28 200   M    M   7 1      39 200
18  55  39  47 -13  18   0 0.00  0.0    0 19.5 27 280   M    M  10        37 280
19  54  37  46 -14  19   0 0.00  0.0    0 12.1 18 310   M    M   6        23 350
20  50  41  46 -14  19   0    T  0.0    0  4.8  9 230   M    M   7 1       M  M
21  75  39  57  -4   8   0 0.00  0.0    0 11.8 22 310   M    M   0        36 320
22  75  43  59  -2   6   0 0.00  0.0    0  4.6  9 160   M    M   1        13  99
23  77  55  66   5   0   1 0.00  0.0    0  8.5 20 200   M    M   7        32 200
24  64  59  62   0   3   0 0.34  0.0    0 10.7 20 110   M    M   9 1      27 110
25  77  63  70   8   0   5 0.12  0.0    0 13.4 24 190   M    M   7 1      33 190
26  66  59  63   1   2   0 0.72  0.0    0  8.7 15  20   M    M   7 1      20 310
27  81  57  69   6   0   4 0.00  0.0    0  8.6 15 230   M    M   3 1       M  M
================================================================================
SM 1842 1367       169  25  2.20     0.0 327.0          M      172
================================================================================
AV 68.2 50.6                              12.1 FASTST   M    M   6    MAX(MPH)
                                 MISC ---->    28   M                 39    M
================================================================================
NOTES:
# LAST OF SEVERAL OCCURRENCES

COLUMN 17 PEAK WIND IN M.P.H.

PRELIMINARY LOCAL CLIMATOLOGICAL DATA (WS FORM: F-6) , PAGE 2

                                          STATION:  CHARLES_CITY IA
                                          MONTH:    MAY
                                          YEAR:     2015
                                          LATITUDE:   43  4 N
                                          LONGITUDE:  92 37 W

[TEMPERATURE DATA]      [PRECIPITATION DATA]       SYMBOLS USED IN COLUMN 16

AVERAGE MONTHLY: 59.4   TOTAL FOR MONTH:   2.20    1 = FOG OR MIST
DPTR FM NORMAL:   0.8   DPTR FM NORMAL:   -1.73    2 = FOG REDUCING VISIBILITY
HIGHEST:    82 ON  3    GRTST 24HR  0.72 ON 26-26      TO 1/4 MILE OR LESS
LOWEST:     37 ON 19                               3 = THUNDER
                        SNOW, ICE PELLETS, HAIL    4 = ICE PELLETS
                        TOTAL MONTH:   0.0 INCH    5 = HAIL
                        GRTST 24HR     0.0         6 = FREEZING RAIN OR DRIZZLE
                        GRTST DEPTH:   0           7 = DUSTSTORM OR SANDSTORM:
                                                       VSBY 1/2 MILE OR LESS
                                                   8 = SMOKE OR HAZE
[NO. OF DAYS WITH]      [WEATHER - DAYS WITH]      9 = BLOWING SNOW
                                                   X = TORNADO
MAX 32 OR BELOW:   0    0.01 INCH OR MORE:  10
MAX 90 OR ABOVE:   0    0.10 INCH OR MORE:   6
MIN 32 OR BELOW:   0    0.50 INCH OR MORE:   1
MIN  0 OR BELOW:   0    1.00 INCH OR MORE:   0

[HDD (BASE 65) ]
TOTAL THIS MO.   169    CLEAR  (SCALE 0-3)   5
DPTR FM NORMAL   -29    PTCLDY (SCALE 4-7)  15
TOTAL FM JUL 1  7400    CLOUDY (SCALE 8-10)  7
DPTR FM NORMAL   103

[CDD (BASE 65) ]
TOTAL THIS MO.    25
DPTR FM NORMAL    -1    [PRESSURE DATA]
TOTAL FM JAN 1    26    HIGHEST SLP M ON M
DPTR FM NORMAL    -6    LOWEST  SLP M ON M

[REMARKS]
