000
CXUS53 KARX 280930
CF6CCY
PRELIMINARY LOCAL CLIMATOLOGICAL DATA (WS FORM: F-6)

                                          STATION:   CHARLES_CITY IA
                                          MONTH:     JULY
                                          YEAR:      2014
                                          LATITUDE:   43  4 N
                                          LONGITUDE:  92 37 W

  TEMPERATURE IN F:       :PCPN:    SNOW:  WIND      :SUNSHINE: SKY     :PK WND
================================================================================
1   2   3   4   5  6A  6B    7    8   9   10  11  12  13   14  15   16   17  18
                                     12Z  AVG MX 2MIN
DY MAX MIN AVG DEP HDD CDD  WTR  SNW DPTH SPD SPD DIR MIN PSBL S-S WX    SPD DR
================================================================================

 1  73  57  65  -7   0   0    M  0.0    0 13.3 21 250   M    M   7        29 260
 2  68  55  62 -10   3   0 0.01  0.0    0  8.1 15 340   M    M   8 1      21 340
 3  73  50  62 -10   3   0 0.00  0.0    0  4.3 13 340   M    M   3        16 340
 4  75  52  64  -8   1   0 0.00  0.0    0  6.2 13 180   M    M   0        16 190
 5  72  61  67  -5   0   2 0.00  0.0    0 11.7 18 170   M    M   8 1      22 180
 6  86  66  76   4   0  11 0.00  0.0    0  9.1 15 240   M    M   7 128    22 220
 7  81  61  71  -2   0   6 0.00  0.0    0  7.9 14 260   M    M   1        25 260
 8  77  57  67  -6   0   2 0.00  0.0    0 13.1 20 320   M    M   1        29 320
 9  77  54  66  -7   0   1 0.00  0.0    0  5.0 10 280   M    M   2        18 300
10  81  59  70  -3   0   5 0.00  0.0    0  9.3 15 170   M    M   4        15 220
11  77  64  71  -2   0   6 0.01  0.0    0 10.3 15 170   M    M   7 1      22 160
12  77  64  71  -2   0   6 0.30  0.0    0  4.7 13 250   M    M   5 1      21 350
13  79  61  70  -3   0   5 0.00  0.0    0  8.1 17 310   M    M   3 12     24 310
14  68  55  62 -11   3   0 0.00  0.0    0 12.7 24 290   M    M   4        31 310
15  68  52  60 -13   5   0 0.02  0.0    0 11.4 17 340   M    M   6        24 340
16  73  48  61 -11   4   0 0.00  0.0    0  4.2  8 350   M    M   3        14 330
17  77  52  65  -7   0   0 0.00  0.0    0  4.2 10 210   M    M   2        14 230
18  77  57  67  -5   0   2 0.00  0.0    0  7.7 14 210   M    M   5        18 180
19  79  63  71  -1   0   6 0.00  0.0    0  9.0 16 180   M    M   6        21 180
20  81  66  74   2   0   9 0.00  0.0    0 11.3 18 190   M    M   5        25 190
21  86  68  77   5   0  12 0.00  0.0    0 11.9 18 140   M    M   5        27 140
22  88  64  76   4   0  11 0.00  0.0    0 10.8 16 170   M    M   2 1      25 180
23  79  59  69  -3   0   4 0.00  0.0    0  5.6  9  10   M    M   1        13  99
24  79  55  67  -5   0   2 0.00  0.0    0  5.8 14 210   M    M   2        20 160
25  81  63  72   0   0   7 0.38  0.0    0  9.7 18 180   M    M   9 1      31 200
26  82  66  74   2   0   9 0.00  0.0    0  2.9  7 320   M    M   5 1      14 320
27  73  61  67  -5   0   2 0.05  0.0    0 12.7 22 310   M    M   5        31 300
================================================================================
SM 2087 1590        19 108  0.77     0.0 231.0          M      116
================================================================================
AV 77.3 58.9                               8.6 FASTST   M    M   4    MAX(MPH)
                                 MISC ---->    24   M                 31    M
================================================================================
NOTES:
# LAST OF SEVERAL OCCURRENCES

COLUMN 17 PEAK WIND IN M.P.H.

PRELIMINARY LOCAL CLIMATOLOGICAL DATA (WS FORM: F-6) , PAGE 2

                                          STATION:  CHARLES_CITY IA
                                          MONTH:    JULY
                                          YEAR:     2014
                                          LATITUDE:   43  4 N
                                          LONGITUDE:  92 37 W

[TEMPERATURE DATA]      [PRECIPITATION DATA]       SYMBOLS USED IN COLUMN 16

AVERAGE MONTHLY: 68.1   TOTAL FOR MONTH:   0.77    1 = FOG OR MIST
DPTR FM NORMAL:  -4.2   DPTR FM NORMAL:   -3.48    2 = FOG REDUCING VISIBILITY
HIGHEST:    88 ON 22    GRTST 24HR  0.38 ON 25-25      TO 1/4 MILE OR LESS
LOWEST:     48 ON 16                               3 = THUNDER
                        SNOW, ICE PELLETS, HAIL    4 = ICE PELLETS
                        TOTAL MONTH:   0.0 INCH    5 = HAIL
                        GRTST 24HR     0.0         6 = FREEZING RAIN OR DRIZZLE
                        GRTST DEPTH:   0           7 = DUSTSTORM OR SANDSTORM:
                                                       VSBY 1/2 MILE OR LESS
                                                   8 = SMOKE OR HAZE
[NO. OF DAYS WITH]      [WEATHER - DAYS WITH]      9 = BLOWING SNOW
                                                   X = TORNADO
MAX 32 OR BELOW:   0    0.01 INCH OR MORE:   6
MAX 90 OR ABOVE:   0    0.10 INCH OR MORE:   2
MIN 32 OR BELOW:   0    0.50 INCH OR MORE:   0
MIN  0 OR BELOW:   0    1.00 INCH OR MORE:   0

[HDD (BASE 65) ]
TOTAL THIS MO.    19    CLEAR  (SCALE 0-3)  10
DPTR FM NORMAL    19    PTCLDY (SCALE 4-7)  16
TOTAL FM JUL 1    19    CLOUDY (SCALE 8-10)  1
DPTR FM NORMAL    19

[CDD (BASE 65) ]
TOTAL THIS MO.   108
DPTR FM NORMAL  -100    [PRESSURE DATA]
TOTAL FM JAN 1   315    HIGHEST SLP M ON M
DPTR FM NORMAL   -79    LOWEST  SLP M ON M

[REMARKS]
