000
CXUS53 KARX 280930
CF6CCY
PRELIMINARY LOCAL CLIMATOLOGICAL DATA (WS FORM: F-6)

                                          STATION:   CHARLES_CITY IA
                                          MONTH:     JANUARY
                                          YEAR:      2015
                                          LATITUDE:   43  4 N
                                          LONGITUDE:  92 37 W

  TEMPERATURE IN F:       :PCPN:    SNOW:  WIND      :SUNSHINE: SKY     :PK WND
================================================================================
1   2   3   4   5  6A  6B    7    8   9   10  11  12  13   14  15   16   17  18
                                     12Z  AVG MX 2MIN
DY MAX MIN AVG DEP HDD CDD  WTR  SNW DPTH SPD SPD DIR MIN PSBL S-S WX    SPD DR
================================================================================

 1  30  10  20   3  45   0 0.00  0.0    T 11.8 20 280   M    M   5        25 250
 2  28  10  19   2  46   0    T    T    T  6.2 10 130   M    M   4         M  M
 3  32  21  27  10  38   0    M    M    T  7.4 17 340   M    M  10 1      23 340
 4  21  -4   9  -8  56   0    M    M    1 22.2 30 340   M    M   5        39 350
 5   5  -9  -2 -19  67   0    M    M    1  9.4 16 300   M    M   4        18 290
 6   7 -13  -3 -20  68   0 0.00  0.0    5 13.0 25 320   M    M   5 9      35 320
 7   1 -11  -5 -22  70   0 0.00  0.0    5 18.0 27 320   M    M   4 8      37 320
 8  19  -9   5 -12  60   0    M    M    5 20.7 36 310   M    M   9 8      48 310
 9   5  -2   2 -15  63   0 0.00  0.0    6 18.0 35 320   M    M   6 8      48 320
10  23  -8   8  -9  57   0 0.00  0.0    4  9.9 22 200   M    M   5        28 200
11  21   7  14  -3  51   0 0.00  0.0    4  5.8 13 360   M    M   5         M  M
12  16  -6   5 -12  60   0 0.00  0.0    4 13.1 17 350   M    M   2        22 350
13  16  -8   4 -12  61   0 0.00  0.0    4  7.3 10 180   M    M   3         M  M
14  25  12  19   3  46   0 0.00  0.0    4  7.4 14 190   M    M  10         M  M
15  34  18  26  10  39   0 0.00  0.0    4  9.9 17 300   M    M   2 1      23 300
16  37  18  28  12  37   0 0.00  0.0    3 10.4 16 140   M    M   2 12     22 130
17  39  32  36  19  29   0 0.00  0.0    2 14.4 24 290   M    M   7        35 290
18  39  27  33  16  32   0 0.00  0.0    0  9.3 15 290   M    M   0        18 280
19  41  23  32  15  33   0    T    T    0  7.1 10 210   M    M   4 1      17 150
20  36  32  34  17  31   0    M    M    0  5.8 12 320   M    M  10 1       M  M
21  34  27  31  14  34   0    M    M    T  9.3 15 330   M    M  10 12      M  M
22  28  23  26   9  39   0 0.00  0.0    T  8.8 14 220   M    M  10 1      21 210
23  36  19  28  11  37   0 0.00  0.0    T 11.6 17 190   M    M   3        23 200
24  45  27  36  19  29   0 0.00  0.0    0  7.8 10 240   M    M   5         M  M
25  36  27  32  15  33   0    M    M    T 11.1 18  40   M    M  10 1      24  40
26  43  27  35  18  30   0    M    M    1 10.7 16 320   M    M   9        25 310
27  36  28  32  15  33   0 0.00  0.0    M  8.3 13 150   M    M  10         M  M
================================================================================
SM  733  318      1224   0    T     T    294.7          M      159
================================================================================
AV 27.1 11.8                              10.9 FASTST   M    M   6    MAX(MPH)
                                 MISC ---->    36   M                 48    M
================================================================================
NOTES:
# LAST OF SEVERAL OCCURRENCES

COLUMN 17 PEAK WIND IN M.P.H.

PRELIMINARY LOCAL CLIMATOLOGICAL DATA (WS FORM: F-6) , PAGE 2

                                          STATION:  CHARLES_CITY IA
                                          MONTH:    JANUARY
                                          YEAR:     2015
                                          LATITUDE:   43  4 N
                                          LONGITUDE:  92 37 W

[TEMPERATURE DATA]      [PRECIPITATION DATA]       SYMBOLS USED IN COLUMN 16

AVERAGE MONTHLY: 19.5   TOTAL FOR MONTH:      T    1 = FOG OR MIST
DPTR FM NORMAL:   2.6   DPTR FM NORMAL:   -0.75    2 = FOG REDUCING VISIBILITY
HIGHEST:    45 ON 24    GRTST 24HR    T  ON 19-19      TO 1/4 MILE OR LESS
LOWEST:    -13 ON  6                               3 = THUNDER
                        SNOW, ICE PELLETS, HAIL    4 = ICE PELLETS
                        TOTAL MONTH:    T          5 = HAIL
                        GRTST 24HR    T  ON 19-19  6 = FREEZING RAIN OR DRIZZLE
                        GRTST DEPTH:   6 ON  9     7 = DUSTSTORM OR SANDSTORM:
                                                       VSBY 1/2 MILE OR LESS
                                                   8 = SMOKE OR HAZE
[NO. OF DAYS WITH]      [WEATHER - DAYS WITH]      9 = BLOWING SNOW
                                                   X = TORNADO
MAX 32 OR BELOW:  15    0.01 INCH OR MORE:   0
MAX 90 OR ABOVE:   0    0.10 INCH OR MORE:   0
MIN 32 OR BELOW:  27    0.50 INCH OR MORE:   0
MIN  0 OR BELOW:   9    1.00 INCH OR MORE:   0

[HDD (BASE 65) ]
TOTAL THIS MO.  1224    CLEAR  (SCALE 0-3)   6
DPTR FM NORMAL   -72    PTCLDY (SCALE 4-7)  12
TOTAL FM JUL 1  4188    CLOUDY (SCALE 8-10)  9
DPTR FM NORMAL   -48

[CDD (BASE 65) ]
TOTAL THIS MO.     0
DPTR FM NORMAL     0    [PRESSURE DATA]
TOTAL FM JAN 1     0    HIGHEST SLP M ON M
DPTR FM NORMAL     0    LOWEST  SLP M ON M

[REMARKS]
