000
CXUS56 KSLC 231237
CF6CDC
PRELIMINARY LOCAL CLIMATOLOGICAL DATA (WS FORM: F-6)

                                          STATION:   CEDAR CITY UT
                                          MONTH:     SEPTEMBER
                                          YEAR:      2014
                                          LATITUDE:   37 42 N
                                          LONGITUDE: 113  6 W

  TEMPERATURE IN F:       :PCPN:    SNOW:  WIND      :SUNSHINE: SKY     :PK WND
================================================================================
1   2   3   4   5  6A  6B    7    8   9   10  11  12  13   14  15   16   17  18
                                     12Z  AVG MX 2MIN
DY MAX MIN AVG DEP HDD CDD  WTR  SNW DPTH SPD SPD DIR MIN PSBL S-S WX    SPD DR
================================================================================

 1  88  47  68   1   0   3 0.00  0.0    0  4.9 14 210   M    M   0        22 230
 2  88  52  70   3   0   5 0.00  0.0    0  8.2 21 210   M    M   0        31 230
 3  87  59  73   6   0   8 0.00  0.0    0 10.2 23 220   M    M   0        30 220
 4  84  49  67   1   0   2 0.00  0.0    0  6.2 21 220   M    M   0        29 240
 5  84  52  68   2   0   3 0.00  0.0    0  8.5 22 230   M    M   1        29 220
 6  87  47  67   1   0   2 0.00  0.0    0  6.0 21 300   M    M   0 3      27 220
 7  85  52  69   4   0   4    T  0.0    0  5.8 21 310   M    M   2 3      26 200
 8  82  57  70   5   0   5 0.64  0.0    0  9.7 28 310   M    M   5 13     34 310
 9  73  50  62  -3   3   0 0.49  0.0    0  8.4 22  10   M    M   6 1      31  10
10  80  45  63  -1   2   0 0.00  0.0    0  3.5 13 220   M    M   0        16 220
11  82  46  64   0   1   0 0.00  0.0    0  3.4 12  30   M    M   0        15  50
12  80  43  62  -1   3   0 0.00  0.0    0  2.2  8 140   M    M   0        10  40
13  85  43  64   1   1   0 0.00  0.0    0  4.0 16 240   M    M   1        21 230
14  84  49  67   4   0   2 0.00  0.0    0  5.8 15 200   M    M   0        24 170
15  87  48  68   6   0   3 0.00  0.0    0  4.9 10 150   M    M   0        13 290
16  88  50  69   7   0   4 0.00  0.0    0  3.7 15 230   M    M   1 8      20 220
17  84  55  70   9   0   5 0.05  0.0    0  7.1 28  80   M    M   2 3      35 110
18  83  53  68   7   0   3 0.00  0.0    0  7.9 21 230   M    M   1        27 240
19  84  55  70  10   0   5 0.00  0.0    0  4.1 10 350   M    M   2        15 350
20  81  51  66   6   0   1 0.08  0.0    0  5.5 25 200   M    M   4 3      32 200
21  73  54  64   4   1   0 0.20  0.0    0  3.4 10 290   M    M   6 13     15 200
22  78  48  63   4   2   0 0.00  0.0    0  5.8 16 220   M    M   0        23 220
================================================================================
SM 1827 1105        13  55  1.46     0.0 129.2          M       31
================================================================================
AV 83.0 50.2                               5.9 FASTST   M    M   1    MAX(MPH)
                                 MISC ---->  # 28 310               # 35  110
================================================================================
NOTES:
# LAST OF SEVERAL OCCURRENCES

COLUMN 17 PEAK WIND IN M.P.H.

PRELIMINARY LOCAL CLIMATOLOGICAL DATA (WS FORM: F-6) , PAGE 2

                                          STATION:  CEDAR CITY UT
                                          MONTH:    SEPTEMBER
                                          YEAR:     2014
                                          LATITUDE:   37 42 N
                                          LONGITUDE: 113  6 W

[TEMPERATURE DATA]      [PRECIPITATION DATA]       SYMBOLS USED IN COLUMN 16

AVERAGE MONTHLY: 66.6   TOTAL FOR MONTH:   1.46    1 = FOG OR MIST
DPTR FM NORMAL:   3.2   DPTR FM NORMAL:    0.99    2 = FOG REDUCING VISIBILITY
HIGHEST:    88 ON 16, 2 GRTST 24HR  1.09 ON  8- 9      TO 1/4 MILE OR LESS
LOWEST:     43 ON 13,12                            3 = THUNDER
                        SNOW, ICE PELLETS, HAIL    4 = ICE PELLETS
                        TOTAL MONTH:   0.0 INCH    5 = HAIL
                        GRTST 24HR     0.0         6 = FREEZING RAIN OR DRIZZLE
                        GRTST DEPTH:   0           7 = DUSTSTORM OR SANDSTORM:
                                                       VSBY 1/2 MILE OR LESS
                                                   8 = SMOKE OR HAZE
[NO. OF DAYS WITH]      [WEATHER - DAYS WITH]      9 = BLOWING SNOW
                                                   X = TORNADO
MAX 32 OR BELOW:   0    0.01 INCH OR MORE:   5
MAX 90 OR ABOVE:   0    0.10 INCH OR MORE:   3
MIN 32 OR BELOW:   0    0.50 INCH OR MORE:   1
MIN  0 OR BELOW:   0    1.00 INCH OR MORE:   0

[HDD (BASE 65) ]
TOTAL THIS MO.    13    CLEAR  (SCALE 0-3)  18
DPTR FM NORMAL   -58    PTCLDY (SCALE 4-7)   4
TOTAL FM JUL 1    19    CLOUDY (SCALE 8-10)  0
DPTR FM NORMAL   -61

[CDD (BASE 65) ]
TOTAL THIS MO.    55
DPTR FM NORMAL    19    [PRESSURE DATA]
TOTAL FM JAN 1   601    HIGHEST SLP M ON M
DPTR FM NORMAL    16    LOWEST  SLP 29.67 ON  3

[REMARKS]
