000
CXUS56 KSLC 291243
CF6CDC
PRELIMINARY LOCAL CLIMATOLOGICAL DATA (WS FORM: F-6)

                                          STATION:   CEDAR CITY UT
                                          MONTH:     MARCH
                                          YEAR:      2015
                                          LATITUDE:   37 42 N
                                          LONGITUDE: 113  6 W

  TEMPERATURE IN F:       :PCPN:    SNOW:  WIND      :SUNSHINE: SKY     :PK WND
================================================================================
1   2   3   4   5  6A  6B    7    8   9   10  11  12  13   14  15   16   17  18
                                     12Z  AVG MX 2MIN
DY MAX MIN AVG DEP HDD CDD  WTR  SNW DPTH SPD SPD DIR MIN PSBL S-S WX    SPD DR
================================================================================

 1  37  19  28  -9  37   0 0.15    M    0  3.1 10 110   M    M   9 1      12 120
 2  37  28  33  -4  32   0 0.79    M    0 10.4 31 190   M    M   9 128    37 180
 3  37  15  26 -11  39   0 0.16    M    0  7.6 16 310   M    M   8 128    22 310
 4  36   5  21 -17  44   0 0.00  0.0    0  4.6 13  10   M    M   0        17  20
 5  44   6  25 -13  40   0 0.00  0.0    0  1.9 10  40   M    M   0        11  40
 6  51  15  33  -5  32   0 0.00  0.0    0  1.8  9  10   M    M   0        12  10
 7  55  21  38   0  27   0 0.00  0.0    0  3.0 10 140   M    M   0        11 130
 8  59  22  41   2  24   0 0.00  0.0    0  1.7  9  40   M    M   0        10  40
 9  57  23  40   1  25   0 0.00  0.0    0  4.9 13 350   M    M   0        17 360
10  62  23  43   4  22   0 0.00  0.0    0  2.3 10 140   M    M   0        12 140
11  62  32  47   8  18   0 0.00  0.0    0  7.6 21 200   M    M   3        28 200
12  57  36  47   7  18   0 0.03    M    0  6.9 21 360   M    M   9        29 360
13  64  30  47   7  18   0 0.00  0.0    0  5.6 17 360   M    M   0        23 360
14  68  29  49   9  16   0 0.00  0.0    0  4.7 13 220   M    M   0        19 240
15  70  33  52  12  13   0 0.00  0.0    0  8.3 21 230   M    M   0        26 210
16  72  32  52  12  13   0 0.00  0.0    0  6.8 16 210   M    M   0        21 220
17  69  36  53  13  12   0 0.00  0.0    0  6.6 20 220   M    M   1        24 220
18  61  35  48   7  17   0    T    M    0  5.0 18  70   M    M   3        24  80
19  60  29  45   4  20   0 0.00  0.0    0  8.5 21 350   M    M   0        28 340
20  68  24  46   5  19   0 0.00  0.0    0  4.0 13 290   M    M   0        16 270
21  69  30  50   9  15   0 0.00  0.0    0  8.8 23 210   M    M   0        28 210
22  67  36  52  11  13   0 0.00  0.0    0 10.2 25 230   M    M   0        31 210
23  65  39  52  10  13   0 0.00  0.0    0 13.4 26 210   M    M   2        33 200
24  63  29  46   4  19   0 0.00  0.0    0  4.0 20 270   M    M   4        25 270
25  55  33  44   2  21   0 0.00  0.0    0 12.8 23 360   M    M   2        29 350
26  65  25  45   3  20   0 0.00  0.0    0  5.5 15  20   M    M   0        18 320
27  73  27  50   8  15   0 0.00  0.0    0  3.7 13 280   M    M   0        15 220
28  76  34  55  13  10   0 0.00  0.0    0  6.8 21 210   M    M   0        25 220
================================================================================
SM 1659  746       612   0  1.13     0.0 170.5          M       50
================================================================================
AV 59.2 26.6                               6.1 FASTST   M    M   2    MAX(MPH)
                                 MISC ---->  # 31 190               # 37  180
================================================================================
NOTES:
# LAST OF SEVERAL OCCURRENCES

COLUMN 17 PEAK WIND IN M.P.H.

PRELIMINARY LOCAL CLIMATOLOGICAL DATA (WS FORM: F-6) , PAGE 2

                                          STATION:  CEDAR CITY UT
                                          MONTH:    MARCH
                                          YEAR:     2015
                                          LATITUDE:   37 42 N
                                          LONGITUDE: 113  6 W

[TEMPERATURE DATA]      [PRECIPITATION DATA]       SYMBOLS USED IN COLUMN 16

AVERAGE MONTHLY: 42.9   TOTAL FOR MONTH:   1.13    1 = FOG OR MIST
DPTR FM NORMAL:   3.1   DPTR FM NORMAL:   -0.10    2 = FOG REDUCING VISIBILITY
HIGHEST:    76 ON 28    GRTST 24HR  0.79 ON  2- 2      TO 1/4 MILE OR LESS
LOWEST:      5 ON  4                               3 = THUNDER
                        SNOW, ICE PELLETS, HAIL    4 = ICE PELLETS
                        TOTAL MONTH:   0.0 INCH    5 = HAIL
                        GRTST 24HR     0.0         6 = FREEZING RAIN OR DRIZZLE
                        GRTST DEPTH:   0           7 = DUSTSTORM OR SANDSTORM:
                                                       VSBY 1/2 MILE OR LESS
                                                   8 = SMOKE OR HAZE
[NO. OF DAYS WITH]      [WEATHER - DAYS WITH]      9 = BLOWING SNOW
                                                   X = TORNADO
MAX 32 OR BELOW:   0    0.01 INCH OR MORE:   4
MAX 90 OR ABOVE:   0    0.10 INCH OR MORE:   3
MIN 32 OR BELOW:  20    0.50 INCH OR MORE:   1
MIN  0 OR BELOW:   0    1.00 INCH OR MORE:   0

[HDD (BASE 65) ]
TOTAL THIS MO.   612    CLEAR  (SCALE 0-3)  22
DPTR FM NORMAL   -94    PTCLDY (SCALE 4-7)   3
TOTAL FM JUL 1  4450    CLOUDY (SCALE 8-10)  3
DPTR FM NORMAL  -818

[CDD (BASE 65) ]
TOTAL THIS MO.     0
DPTR FM NORMAL     0    [PRESSURE DATA]
TOTAL FM JAN 1     0    HIGHEST SLP M ON M
DPTR FM NORMAL     0    LOWEST  SLP 29.65 ON  2

[REMARKS]
