000
CXUS55 KPAH 300634
CF6CGI
PRELIMINARY LOCAL CLIMATOLOGICAL DATA (WS FORM: F-6)

                                          STATION:   CAPE GIRARDEAU MO
                                          MONTH:     JUNE
                                          YEAR:      2015
                                          LATITUDE:   37 13 N
                                          LONGITUDE:  89 35 W

  TEMPERATURE IN F:       :PCPN:    SNOW:  WIND      :SUNSHINE: SKY     :PK WND
================================================================================
1   2   3   4   5  6A  6B    7    8   9   10  11  12  13   14  15   16   17  18
                                     12Z  AVG MX 2MIN
DY MAX MIN AVG DEP HDD CDD  WTR  SNW DPTH SPD SPD DIR MIN PSBL S-S WX    SPD DR
================================================================================

 1  66  58  62  -9   3   0 0.00  0.0    0  7.0 13  10   M    M  10        16  10
 2  66  59  63  -9   2   0 0.00  0.0    0  5.4 10  60   M    M  10        13  50
 3  77  59  68  -4   0   3 0.00  0.0    0  2.3  8 250   M    M   5        11 250
 4  83  57  70  -2   0   5    T  0.0    0  3.0 12 330   M    M   2 1      14 260
 5  85  62  74   1   0   9 0.00  0.0    0  4.3 10 240   M    M   2 1      14 240
 6  87  63  75   2   0  10 0.00  0.0    0  2.6 10  40   M    M   1 1      13  40
 7  91  65  78   5   0  13 0.00  0.0    0  8.5 18 220   M    M   1 1      23 210
 8  86  66  76   2   0  11    T  0.0    0  7.1 21 270   M    M   3        26 270
 9  92  63  78   4   0  13 0.00  0.0    0  2.5 10  30   M    M   0 1      14  40
10  94  63  79   5   0  14 0.00  0.0    0  2.4 12 330   M    M   0        16 330
11  94  67  81   7   0  16 0.00  0.0    0  7.3 17 230   M    M   2        22 220
12  95  76  86  11   0  21 0.00  0.0    0 12.3 29 290   M    M   1        35 290
13  92  71  82   7   0  17 0.74  0.0    0 10.7 32 240   M    M   5 1      44 240
14  90  73  82   7   0  17 0.89  0.0    0  8.0 21 200   M    M   3 1      25 210
15  89  72  81   6   0  16 0.03  0.0    0  7.4 23 180   M    M   2        28 170
16  89  72  81   5   0  16 0.04  0.0    0  3.9 15 150   M    M   3 3      21 110
17  91  71  81   5   0  16 0.03  0.0    0  5.5 15 260   M    M   2        19 250
18  84  71  78   2   0  13 0.07  0.0    0  4.2 18 180   M    M   2        23 190
19  79  72  76   0   0  11 2.38  0.0    0 10.6 23 180   M    M  10 1      35 170
20  87  72  80   3   0  15 0.01  0.0    0  8.0 14 220   M    M   5        17 280
21  91  75  83   6   0  18 0.00  0.0    0  8.0 22 230   M    M   1        27 230
22  91  73  82   5   0  17 0.00  0.0    0 10.0 21 220   M    M   1        24 220
23  90  77  84   7   0  19 0.00  0.0    0  7.3 18 220   M    M   5        26 220
24  88  72  80   3   0  15 0.00  0.0    0  5.1 12  60   M    M   2        16  50
25  94  73  84   6   0  19 0.12  0.0    0  5.6 21 360   M    M   1        34  10
26  87  69  78   0   0  13    T  0.0    0  5.2 16  10   M    M   1        19 360
27  82  65  74  -4   0   9 0.00  0.0    0  9.5 18 360   M    M   5        25  20
28  85  61  73  -5   0   8 0.01  0.0    0  7.5 17 220   M    M   2        23 220
29  89  70  80   2   0  15 0.00  0.0    0  7.0 14 300   M    M   1        20 300
================================================================================
SM 2514 1967         5 369  4.32     0.0 188.2          M       88
================================================================================
AV 86.7 67.8                               6.5 FASTST   M    M   3    MAX(MPH)
                                 MISC ---->  # 32 240               # 44  240
================================================================================
NOTES:
# LAST OF SEVERAL OCCURRENCES

COLUMN 17 PEAK WIND IN M.P.H.

PRELIMINARY LOCAL CLIMATOLOGICAL DATA (WS FORM: F-6) , PAGE 2

                                          STATION:  CAPE GIRARDEAU MO
                                          MONTH:    JUNE
                                          YEAR:     2015
                                          LATITUDE:   37 13 N
                                          LONGITUDE:  89 35 W

[TEMPERATURE DATA]      [PRECIPITATION DATA]       SYMBOLS USED IN COLUMN 16

AVERAGE MONTHLY: 77.3   TOTAL FOR MONTH:   4.32    1 = FOG OR MIST
DPTR FM NORMAL:   2.1   DPTR FM NORMAL:    0.86    2 = FOG REDUCING VISIBILITY
HIGHEST:    95 ON 12    GRTST 24HR  2.43 ON 18-19      TO 1/4 MILE OR LESS
LOWEST:     57 ON  4                               3 = THUNDER
                        SNOW, ICE PELLETS, HAIL    4 = ICE PELLETS
                        TOTAL MONTH:   0.0 INCH    5 = HAIL
                        GRTST 24HR     0.0         6 = FREEZING RAIN OR DRIZZLE
                        GRTST DEPTH:   0           7 = DUSTSTORM OR SANDSTORM:
                                                       VSBY 1/2 MILE OR LESS
                                                   8 = SMOKE OR HAZE
[NO. OF DAYS WITH]      [WEATHER - DAYS WITH]      9 = BLOWING SNOW
                                                   X = TORNADO
MAX 32 OR BELOW:   0    0.01 INCH OR MORE:  10
MAX 90 OR ABOVE:  12    0.10 INCH OR MORE:   4
MIN 32 OR BELOW:   0    0.50 INCH OR MORE:   3
MIN  0 OR BELOW:   0    1.00 INCH OR MORE:   1

[HDD (BASE 65) ]
TOTAL THIS MO.     5    CLEAR  (SCALE 0-3)  19
DPTR FM NORMAL     4    PTCLDY (SCALE 4-7)   7
TOTAL FM JUL 1  4617    CLOUDY (SCALE 8-10)  3
DPTR FM NORMAL   230

[CDD (BASE 65) ]
TOTAL THIS MO.   369
DPTR FM NORMAL    72    [PRESSURE DATA]
TOTAL FM JAN 1   546    HIGHEST SLP M ON M
DPTR FM NORMAL    97    LOWEST  SLP 29.63 ON 20

[REMARKS]
