000
CXUS55 KDVN 011100
CF6CID
PRELIMINARY LOCAL CLIMATOLOGICAL DATA (WS FORM: F-6)

                                          STATION:   CEDAR RAPIDS IA
                                          MONTH:     AUGUST
                                          YEAR:      2015
                                          LATITUDE:   41 52 N
                                          LONGITUDE:  91 42 W

  TEMPERATURE IN F:       :PCPN:    SNOW:  WIND      :SUNSHINE: SKY     :PK WND
================================================================================
1   2   3   4   5  6A  6B    7    8   9   10  11  12  13   14  15   16   17  18
                                     12Z  AVG MX 2MIN
DY MAX MIN AVG DEP HDD CDD  WTR  SNW DPTH SPD SPD DIR MIN PSBL S-S WX    SPD DR
================================================================================

 1  85  57  71  -1   0   6 0.00    M    M  6.0 16 240   M    M   0        21 250
 2  89  67  78   6   0  13 0.01    M    M 11.1 23 240   M    M   1        30 230
 3  79  59  69  -3   0   4 0.00    M    M  6.8 14 300   M    M   0        17 250
 4  80  55  68  -4   0   3 0.00    M    M  3.6 10 280   M    M   1        13 270
 5  79  61  70  -2   0   5 0.00    M    M  6.6 13  60   M    M   1        14  50
 6  81  60  71  -1   0   6 0.00    M    M  5.1 13 120   M    M   0        16 120
 7  86  63  75   3   0  10 0.02    M    M  7.7 15 300   M    M   3 1      19 180
 8  80  64  72   0   0   7 0.23    M    M  4.5 13  80   M    M   4 13     14  80
 9  78  65  72   0   0   7 0.79    M    M  6.3 17 110   M    M   8 138    22 110
10  82  62  72   0   0   7 0.01    M    M  8.8 20 320   M    M   4 12     26 320
11  82  59  71  -1   0   6 0.00    M    M  7.7 16 320   M    M   1        20 320
12  80  58  69  -3   0   4 0.00    M    M  4.1  8 230   M    M   0        11 240
13  83  57  70  -2   0   5 0.00    M    M  6.7 16 250   M    M   1 12     20 250
14  86  67  77   5   0  12 0.00    M    M  5.2 13 260   M    M   0 1      16 250
15  85  64  75   4   0  10 0.00    M    M  3.9  9 200   M    M   1 12     12 220
16  85  63  74   3   0   9 0.00    M    M  6.7 16 190   M    M   0 1      20 180
17  80  66  73   2   0   8    T    M    M  4.5 13 340   M    M   3 1      15 340
18  73  62  68  -3   0   3 0.25    M    M  6.0 18 320   M    M   7 13     23 310
19  65  56  61 -10   4   0 0.04    M    M 13.8 26 240   M    M   9 1      34 240
20  76  52  64  -7   1   0 0.00    M    M  9.7 21 280   M    M   0        26 270
21  80  57  69  -2   0   4 0.00    M    M 10.3 21 200   M    M   1        28 190
22  79  61  70   0   0   5 0.00    M    M 10.5 21 140   M    M   4 13     29 170
23  72  52  62  -8   3   0 0.18    M    M 14.2 26 290   M    M   2 13     33 270
24  72  49  61  -9   4   0 0.00  0.0    0 13.0 28 290   M    M   2        34 290
25  74  48  61  -9   4   0 0.00    M    M  9.9 20 300   M    M   0        25 310
26  76  46  61  -9   4   0 0.00    M    M  2.6 12 350   M    M   0 18     18  10
27  73  50  62  -8   3   0 0.00    M    M  6.1 17 170   M    M   0 1      24 160
28  69  58  64  -5   1   0 0.49    M    M  9.4 22 140   M    M   5 13     30 120
29  75  58  67  -2   0   2    T    M    M  4.4 12  30   M    M   8 12     14  50
30  74  57  66  -3   0   1 0.00    M    M  3.6  9 180   M    M   7 12     12 190
31  85  59  72   3   0   7 0.00    M    M  6.2 14 150   M    M   1 18     17 160
================================================================================
SM 2443 1812        24 144  2.02     0.0 225.0          M       74
================================================================================
AV 78.8 58.5                               7.3 FASTST   M    M   2    MAX(MPH)
                                 MISC ---->  # 28 290               # 34  240
================================================================================
NOTES:
# LAST OF SEVERAL OCCURRENCES

COLUMN 17 PEAK WIND IN M.P.H.

PRELIMINARY LOCAL CLIMATOLOGICAL DATA (WS FORM: F-6) , PAGE 2

                                          STATION:  CEDAR RAPIDS IA
                                          MONTH:    AUGUST
                                          YEAR:     2015
                                          LATITUDE:   41 52 N
                                          LONGITUDE:  91 42 W

[TEMPERATURE DATA]      [PRECIPITATION DATA]       SYMBOLS USED IN COLUMN 16

AVERAGE MONTHLY: 68.6   TOTAL FOR MONTH:   2.02    1 = FOG OR MIST
DPTR FM NORMAL:  -2.4   DPTR FM NORMAL:   -2.46    2 = FOG REDUCING VISIBILITY
HIGHEST:    89 ON  2    GRTST 24HR  1.02 ON  8- 9      TO 1/4 MILE OR LESS
LOWEST:     46 ON 26                               3 = THUNDER
                        SNOW, ICE PELLETS, HAIL    4 = ICE PELLETS
                        TOTAL MONTH:   0.0 INCH    5 = HAIL
                        GRTST 24HR     0.0         6 = FREEZING RAIN OR DRIZZLE
                        GRTST DEPTH:   0           7 = DUSTSTORM OR SANDSTORM:
                                                       VSBY 1/2 MILE OR LESS
                                                   8 = SMOKE OR HAZE
[NO. OF DAYS WITH]      [WEATHER - DAYS WITH]      9 = BLOWING SNOW
                                                   X = TORNADO
MAX 32 OR BELOW:   0    0.01 INCH OR MORE:   9
MAX 90 OR ABOVE:   0    0.10 INCH OR MORE:   5
MIN 32 OR BELOW:   0    0.50 INCH OR MORE:   1
MIN  0 OR BELOW:   0    1.00 INCH OR MORE:   0

[HDD (BASE 65) ]
TOTAL THIS MO.    24    CLEAR  (SCALE 0-3)  20
DPTR FM NORMAL     9    PTCLDY (SCALE 4-7)  10
TOTAL FM JUL 1    28    CLOUDY (SCALE 8-10)  1
DPTR FM NORMAL     9

[CDD (BASE 65) ]
TOTAL THIS MO.   144
DPTR FM NORMAL   -57    [PRESSURE DATA]
TOTAL FM JAN 1   560    HIGHEST SLP 30.21 ON 12
DPTR FM NORMAL  -108    LOWEST  SLP 29.60 ON 19

[REMARKS]
#FINAL-08-15#
