000
CXUS55 KOHX 281010
CF6CKV
PRELIMINARY LOCAL CLIMATOLOGICAL DATA (WS FORM: F-6)

                                          STATION:   CLARKSVILLE
                                          MONTH:     FEBRUARY
                                          YEAR:      2015
                                          LATITUDE:   36 37 N
                                          LONGITUDE:  87 25 W

  TEMPERATURE IN F:       :PCPN:    SNOW:  WIND      :SUNSHINE: SKY     :PK WND
================================================================================
1   2   3   4   5  6A  6B    7    8   9   10  11  12  13   14  15   16   17  18
                                     12Z  AVG MX 2MIN
DY MAX MIN AVG DEP HDD CDD  WTR  SNW DPTH SPD SPD DIR MIN PSBL S-S WX    SPD DR
================================================================================

 1  54  40  47  11  18   0 1.01    M    M 11.4 24 300   M    M  10 1      31 300
 2  40  20  30  -6  35   0 0.01    M    M 12.4 29 320   M    M   9 1      38 310
 3  44  17  31  -6  34   0 0.00    M    M  5.6 13 200   M    M   0        16 200
 4  56  28  42   5  23   0 0.00    M    M  9.5 31 350   M    M   3 1      38 360
 5  33  17  25 -12  40   0    T    M    M  9.2 24  10   M    M   1 1      31 360
 6  50  13  32  -5  33   0 0.00    M    M  5.1 14 220   M    M   0        22 200
 7  65  28  47  10  18   0 0.00    M    M 11.7 25 210   M    M   0        31 210
 8  59  53  56  18   9   0 0.00    M    M 12.0 21 210   M    M   8        29 220
 9  57  32  45   7  20   0 0.00    M    M 14.6 22 330   M    M  10 18     27 320
10  46  29  38   0  27   0 0.00    M    M  7.7 17  10   M    M   5        20 360
11  52  22  37  -1  28   0 0.00    M    M  7.0 21 320   M    M   2 18     26 320
12  35  17  26 -13  39   0    T    M    M 14.3 31 350   M    M   5        39 350
13  35  15  25 -14  40   0 0.00    M    M  4.0 12 210   M    M   2        15 240
14  46  15  31  -8  34   0 0.00    M    M 12.7 30 340   M    M   4        38 330
15  24  11  18 -21  47   0    T    M    M 11.9 18  80   M    M   6        22  80
16  24  15  20 -20  45   0 0.71    M    M 11.9 17 350   M    M  10 1268   20 330
17  29   2  16 -24  49   0    T    M    M  5.9 14 210   M    M   3 1      18 320
18  27   4  16 -24  49   0 0.02    M    M 13.0 35 330   M    M   6 18     43 330
19  14  -8   3 -38  62   0    T    M    M  6.4 16 350   M    M   1        20 360
20  31   5  18 -23  47   0 0.18    M    M  9.8 16 150   M    M   9 168    22 150
21  42  31  37  -4  28   0 2.83    M    M 10.4 21 180   M    M  10 16     28 160
22  35  24  30 -12  35   0 0.00    M    M 11.4 20 360   M    M   8 18     25  10
23  24  15  20 -22  45   0 0.00    M    M 14.1 24 360   M    M   6        30 350
24  32  17  25 -17  40   0 0.00    M    M  5.9 15 210   M    M   6        19 200
25  36  16  26 -17  39   0 0.00    M    M  2.7  9  50   M    M   3        11  50
26  37  20  29 -14  36   0    T    M    M  9.2 21 340   M    M   6 18     25 330
27  28  13  21 -22  44   0 0.00    M    M  9.0 16  10   M    M   3        19  10
================================================================================
SM 1055  511       964   0  4.76    M    258.8          M      136
================================================================================
AV 39.1 18.9                               9.6 FASTST   M    M   5    MAX(MPH)
                                 MISC ---->  # 35 330               # 43  330
================================================================================
NOTES:
# LAST OF SEVERAL OCCURRENCES

COLUMN 17 PEAK WIND IN M.P.H.

PRELIMINARY LOCAL CLIMATOLOGICAL DATA (WS FORM: F-6) , PAGE 2

                                          STATION:  CLARKSVILLE
                                          MONTH:    FEBRUARY
                                          YEAR:     2015
                                          LATITUDE:   36 37 N
                                          LONGITUDE:  87 25 W

[TEMPERATURE DATA]      [PRECIPITATION DATA]       SYMBOLS USED IN COLUMN 16

AVERAGE MONTHLY: 29.0   TOTAL FOR MONTH:   4.76    1 = FOG OR MIST
DPTR FM NORMAL: -10.4   DPTR FM NORMAL:    0.72    2 = FOG REDUCING VISIBILITY
HIGHEST:    65 ON  7    GRTST 24HR  3.00 ON 20-21      TO 1/4 MILE OR LESS
LOWEST:     -8 ON 19                               3 = THUNDER
                        SNOW, ICE PELLETS, HAIL    4 = ICE PELLETS
                        TOTAL MONTH:    M          5 = HAIL
                        GRTST 24HR    M  ON   M    6 = FREEZING RAIN OR DRIZZLE
                        GRTST DEPTH:  M  ON   M    7 = DUSTSTORM OR SANDSTORM:
                                                       VSBY 1/2 MILE OR LESS
                                                   8 = SMOKE OR HAZE
[NO. OF DAYS WITH]      [WEATHER - DAYS WITH]      9 = BLOWING SNOW
                                                   X = TORNADO
MAX 32 OR BELOW:   9    0.01 INCH OR MORE:   6
MAX 90 OR ABOVE:   0    0.10 INCH OR MORE:   4
MIN 32 OR BELOW:  25    0.50 INCH OR MORE:   3
MIN  0 OR BELOW:   1    1.00 INCH OR MORE:   2

[HDD (BASE 65) ]
TOTAL THIS MO.   964    CLEAR  (SCALE 0-3)  11
DPTR FM NORMAL   272    PTCLDY (SCALE 4-7)  10
TOTAL FM JUL 1  3499    CLOUDY (SCALE 8-10)  6
DPTR FM NORMAL   335

[CDD (BASE 65) ]
TOTAL THIS MO.     0
DPTR FM NORMAL     0    [PRESSURE DATA]
TOTAL FM JAN 1     0    HIGHEST SLP  0.00 ON 18
DPTR FM NORMAL    -1    LOWEST  SLP 29.62 ON  1

[REMARKS]
