000
CXUS51 KCLE 010800
CF6CLE
PRELIMINARY LOCAL CLIMATOLOGICAL DATA (WS FORM: F-6)

                                          STATION:   CLEVELAND OH
                                          MONTH:     JULY
                                          YEAR:      2015
                                          LATITUDE:   41 24 N
                                          LONGITUDE:  81 51 W

  TEMPERATURE IN F:       :PCPN:    SNOW:  WIND      :SUNSHINE: SKY     :PK WND
================================================================================
1   2   3   4   5  6A  6B    7    8   9   10  11  12  13   14  15   16   17  18
                                     12Z  AVG MX 2MIN
DY MAX MIN AVG DEP HDD CDD  WTR  SNW DPTH SPD SPD DIR MIN PSBL S-S WX    SPD DR
================================================================================

 1  75  62  69  -4   0   4    T  0.0    0  6.5 13 360   M    M   7 13     16 320
 2  71  60  66  -7   0   1 0.00  0.0    0  8.8 15  10   M    M   5        19  20
 3  74  53  64  -9   1   0 0.00  0.0    0  7.9 16  40   M    M   5        18  20
 4  76  55  66  -7   0   1 0.00  0.0    0  4.1 13  10   M    M   0 8      16  10
 5  82  55  69  -4   0   4 0.00  0.0    0  4.5 13  20   M    M   5 18     16  40
 6  83  61  72  -1   0   7 0.00  0.0    0  4.6 14 360   M    M   5 1      17 350
 7  85  62  74   1   0   9 0.77  0.0    0 11.0 24 240   M    M   9 13     32 250
 8  70  61  66  -8   0   1 0.01  0.0    0  7.8 15  20   M    M   8 1      19  20
 9  74  65  70  -4   0   5 1.11  0.0    0  6.8 18 200   M    M  10 1      26 210
10  75  58  67  -7   0   2 0.00  0.0    0  4.7 10  20   M    M   8 18     14  10
11  78  55  67  -7   0   2 0.00  0.0    0  4.6 13  20   M    M   3 1      16  10
12  76  62  69  -5   0   4 0.20  0.0    0  5.6 14  80   M    M  10 13     16  80
13  82  64  73  -1   0   8 0.25  0.0    0  8.8 17 160   M    M   7 1      21 170
14  83  68  76   2   0  11 0.14  0.0    0 10.0 22 340   M    M   8 13     30 330
15  69  56  63 -11   2   0    T  0.0    0 10.7 20 360   M    M   6 18     24 360
16  78  52  65  -9   0   0 0.00  0.0    0  5.7 14 120   M    M   4        17 100
17  84  64  74   0   0   9 0.03  0.0    0 10.9 21 210   M    M   9 3      27 200
18  89  72  81   7   0  16 0.00  0.0    0  8.5 22 240   M    M   7        33 250
19  88  72  80   6   0  15    T  0.0    0  8.6 18 250   M    M   9 3      23 250
20  85  66  76   2   0  11 0.00  0.0    0  5.8 15 260   M    M   5        18 280
21  77  63  70  -4   0   5 0.02  0.0    0  8.1 18  10   M    M   5 1      23 360
22  77  61  69  -5   0   4 0.00  0.0    0  6.5 15 290   M    M   5        20 280
23  80  57  69  -5   0   4 0.00  0.0    0  4.5 15 350   M    M   2        20 340
24  84  61  73  -1   0   8 0.00  0.0    0  4.9 14  10   M    M   4        17 360
25  88  63  76   3   0  11 0.01  0.0    0  8.9 17 240   M    M   3        24 240
26  83  69  76   3   0  11 0.04  0.0    0  6.5 15  10   M    M   7 13     18  30
27  86  61  74   1   0   9 0.00  0.0    0  6.7 16  20   M    M   3        21  10
28  89  65  77   4   0  12 0.00  0.0    0  6.0 16  30   M    M   4        19  30
29  93  66  80   7   0  15 0.14  0.0    0  5.4 23 260   M    M   5 13     26 260
30  85  65  75   2   0  10 0.00  0.0    0 10.0 20 270   M    M   4        26 300
31  88  63  76   3   0  11    T  0.0    0 10.3 25 250   M    M   2        31 250
================================================================================
SM 2507 1917         3 210  2.72     0.0 223.7          M      174
================================================================================
AV 80.9 61.8                               7.2 FASTST   M    M   6    MAX(MPH)
                                 MISC ---->  # 25 250               # 33  250
================================================================================
NOTES:
# LAST OF SEVERAL OCCURRENCES

COLUMN 17 PEAK WIND IN M.P.H.

PRELIMINARY LOCAL CLIMATOLOGICAL DATA (WS FORM: F-6) , PAGE 2

                                          STATION:  CLEVELAND OH
                                          MONTH:    JULY
                                          YEAR:     2015
                                          LATITUDE:   41 24 N
                                          LONGITUDE:  81 51 W

[TEMPERATURE DATA]      [PRECIPITATION DATA]       SYMBOLS USED IN COLUMN 16

AVERAGE MONTHLY: 71.4   TOTAL FOR MONTH:   2.72    1 = FOG OR MIST
DPTR FM NORMAL:  -2.1   DPTR FM NORMAL:   -0.74    2 = FOG REDUCING VISIBILITY
HIGHEST:    93 ON 29    GRTST 24HR  1.11 ON  9- 9      TO 1/4 MILE OR LESS
LOWEST:     52 ON 16                               3 = THUNDER
                        SNOW, ICE PELLETS, HAIL    4 = ICE PELLETS
                        TOTAL MONTH:   0.0 INCH    5 = HAIL
                        GRTST 24HR     0.0         6 = FREEZING RAIN OR DRIZZLE
                        GRTST DEPTH:   0           7 = DUSTSTORM OR SANDSTORM:
                                                       VSBY 1/2 MILE OR LESS
                                                   8 = SMOKE OR HAZE
[NO. OF DAYS WITH]      [WEATHER - DAYS WITH]      9 = BLOWING SNOW
                                                   X = TORNADO
MAX 32 OR BELOW:   0    0.01 INCH OR MORE:  11
MAX 90 OR ABOVE:   1    0.10 INCH OR MORE:   6
MIN 32 OR BELOW:   0    0.50 INCH OR MORE:   2
MIN  0 OR BELOW:   0    1.00 INCH OR MORE:   1

[HDD (BASE 65) ]
TOTAL THIS MO.     3    CLEAR  (SCALE 0-3)   4
DPTR FM NORMAL    -1    PTCLDY (SCALE 4-7)  20
TOTAL FM JUL 1     3    CLOUDY (SCALE 8-10)  7
DPTR FM NORMAL    -1

[CDD (BASE 65) ]
TOTAL THIS MO.   210
DPTR FM NORMAL   -55    [PRESSURE DATA]
TOTAL FM JAN 1   478    HIGHEST SLP 30.20 ON 11
DPTR FM NORMAL   -14    LOWEST  SLP 29.50 ON 14

[REMARKS]
#FINAL-07-15#
