000
CXUS51 KCLE 300800
CF6CLE
PRELIMINARY LOCAL CLIMATOLOGICAL DATA (WS FORM: F-6)

                                          STATION:   CLEVELAND OH
                                          MONTH:     JUNE
                                          YEAR:      2015
                                          LATITUDE:   41 24 N
                                          LONGITUDE:  81 51 W

  TEMPERATURE IN F:       :PCPN:    SNOW:  WIND      :SUNSHINE: SKY     :PK WND
================================================================================
1   2   3   4   5  6A  6B    7    8   9   10  11  12  13   14  15   16   17  18
                                     12Z  AVG MX 2MIN
DY MAX MIN AVG DEP HDD CDD  WTR  SNW DPTH SPD SPD DIR MIN PSBL S-S WX    SPD DR
================================================================================

 1  54  47  51 -14  14   0    T  0.0    0 10.9 21  40   M    M  10 1      25  40
 2  66  51  59  -6   6   0 0.00  0.0    0 12.0 20  20   M    M   6        24  30
 3  72  49  61  -5   4   0 0.00  0.0    0  7.5 15  10   M    M   2        19  20
 4  79  58  69   3   0   4 0.00  0.0    0  6.4 12  20   M    M   6        15 130
 5  82  60  71   5   0   6    T  0.0    0  7.9 22 350   M    M   6        27 350
 6  67  54  61  -5   4   0 0.00  0.0    0 12.4 22  20   M    M   5        27  30
 7  82  51  67   0   0   2 0.00  0.0    0 11.6 22 200   M    M   5        30 190
 8  79  65  72   5   0   7    T  0.0    0 13.1 26 260   M    M   8        34 240
 9  76  60  68   0   0   3    T  0.0    0  9.9 18 290   M    M   7        27 280
10  88  62  75   7   0  10 0.31  0.0    0 11.4 26 240   M    M   6 138    36 240
11  77  65  71   3   0   6 0.00  0.0    0  7.6 18  30   M    M   9 13     21  20
12  90  62  76   8   0  11 0.58  0.0    0 10.3 23 300   M    M   9 13     31 190
13  78  60  69   0   0   4 0.95  0.0    0  4.6 10  20   M    M   7 138    13  20
14  85  69  77   8   0  12 0.49  0.0    0  8.5 23 330   M    M   8 138    28 320
15  85  70  78   9   0  13 0.63  0.0    0  8.1 23 200   M    M   8 138    29 250
16  77  65  71   1   0   6 0.45  0.0    0  9.5 17 350   M    M   6 1      23 350
17  75  59  67  -3   0   2 0.00  0.0    0  6.6 15 180   M    M   9        18 190
18  84  68  76   6   0  11 0.08  0.0    0  8.1 22 250   M    M  10 13     27 240
19  69  63  66  -4   0   1 0.00  0.0    0  7.7 17 350   M    M   9        20 350
20  80  65  73   2   0   8 0.01  0.0    0  6.6 16 160   M    M   9 1      20 170
21  81  69  75   4   0  10 0.01  0.0    0  8.5 17 270   M    M   7        20 290
22  85  63  74   3   0   9 0.78  0.0    0  9.3 25 240   M    M   5 13     35 240
23  79  65  72   1   0   7 0.98  0.0    0 11.1 31 340   M    M   6 13     37 340
24  76  58  67  -5   0   2 0.00  0.0    0  4.6 13 360   M    M   5        20 330
25  71  60  66  -6   0   1 0.08  0.0    0  3.2 10 220   M    M   9 1      15 240
26  75  61  68  -4   0   3    T  0.0    0  9.3 21  40   M    M   8 18     25  30
27  76  62  69  -3   0   4 2.76  0.0    0  8.9 18  90   M    M   9 13     25 100
28  69  58  64  -8   1   0 0.22  0.0    0 12.2 25 330   M    M   8 1      34 340
29  70  57  64  -8   1   0 0.03  0.0    0  7.2 14 140   M    M   9        20 170
================================================================================
SM 2227 1756        30 142  8.36     0.0 255.0          M      211
================================================================================
AV 76.8 60.6                               8.8 FASTST   M    M   7    MAX(MPH)
                                 MISC ---->  # 31 340               # 37  340
================================================================================
NOTES:
# LAST OF SEVERAL OCCURRENCES

COLUMN 17 PEAK WIND IN M.P.H.

PRELIMINARY LOCAL CLIMATOLOGICAL DATA (WS FORM: F-6) , PAGE 2

                                          STATION:  CLEVELAND OH
                                          MONTH:    JUNE
                                          YEAR:     2015
                                          LATITUDE:   41 24 N
                                          LONGITUDE:  81 51 W

[TEMPERATURE DATA]      [PRECIPITATION DATA]       SYMBOLS USED IN COLUMN 16

AVERAGE MONTHLY: 68.7   TOTAL FOR MONTH:   8.36    1 = FOG OR MIST
DPTR FM NORMAL:  -0.4   DPTR FM NORMAL:    5.04    2 = FOG REDUCING VISIBILITY
HIGHEST:    90 ON 12    GRTST 24HR  2.76 ON 27-27      TO 1/4 MILE OR LESS
LOWEST:     47 ON  1                               3 = THUNDER
                        SNOW, ICE PELLETS, HAIL    4 = ICE PELLETS
                        TOTAL MONTH:   0.0 INCH    5 = HAIL
                        GRTST 24HR     0.0         6 = FREEZING RAIN OR DRIZZLE
                        GRTST DEPTH:   0           7 = DUSTSTORM OR SANDSTORM:
                                                       VSBY 1/2 MILE OR LESS
                                                   8 = SMOKE OR HAZE
[NO. OF DAYS WITH]      [WEATHER - DAYS WITH]      9 = BLOWING SNOW
                                                   X = TORNADO
MAX 32 OR BELOW:   0    0.01 INCH OR MORE:  15
MAX 90 OR ABOVE:   1    0.10 INCH OR MORE:  10
MIN 32 OR BELOW:   0    0.50 INCH OR MORE:   6
MIN  0 OR BELOW:   0    1.00 INCH OR MORE:   1

[HDD (BASE 65) ]
TOTAL THIS MO.    30    CLEAR  (SCALE 0-3)   1
DPTR FM NORMAL   -11    PTCLDY (SCALE 4-7)  15
TOTAL FM JUL 1  6523    CLOUDY (SCALE 8-10) 13
DPTR FM NORMAL   762

[CDD (BASE 65) ]
TOTAL THIS MO.   142
DPTR FM NORMAL   -17    [PRESSURE DATA]
TOTAL FM JAN 1   263    HIGHEST SLP M ON M
DPTR FM NORMAL    45    LOWEST  SLP 29.58 ON 28

[REMARKS]
