000
CXUS53 KILX 272300
CF6CMI
PRELIMINARY LOCAL CLIMATOLOGICAL DATA (WS FORM: F-6)

                                          STATION:   CHAMPAIGN IL AIRPORT
                                          MONTH:     MAY
                                          YEAR:      2017
                                          LATITUDE:   40  1 N
                                          LONGITUDE:  88 17 W

  TEMPERATURE IN F:       :PCPN:    SNOW:  WIND      :SUNSHINE: SKY     :PK WND
================================================================================
1   2   3   4   5  6A  6B    7    8   9   10  11  12  13   14  15   16   17  18
                                     12Z  AVG MX 2MIN
DY MAX MIN AVG DEP HDD CDD  WTR  SNW DPTH SPD SPD DIR MIN PSBL S-S WX    SPD DR
================================================================================

 1  63  45  54  -4  11   0 0.01    M    M 21.6 36 230   M    M   8 1      42 220
 2  59  42  51  -7  14   0 0.01    M    M 19.0 37 270   M    M   5        45 270
 3  51  39  45 -13  20   0 0.35    M    M  9.0 15  60   M    M   6 1      22  60
 4  48  45  47 -12  18   0 1.37    M    M 21.1 31  30   M    M   8 1      44  20
 5  62  42  52  -7  13   0 0.00    M    M 18.4 32 340   M    M   0        42 340
 6  62  45  54  -6  11   0 0.13    M    M  9.8 25 350   M    M   6 1      31 360
 7  65  39  52  -8  13   0 0.00    M    M  7.7 16  60   M    M   0        23 320
 8  67  40  54  -6  11   0    T    M    M  9.5 15 130   M    M   2        18 120
 9  83  50  67   6   0   2 0.00    M    M 11.0 20 150   M    M   3 1      24  30
10  84  55  70   9   0   5 0.49    M    M  8.7 37 270   M    M   4 138    44 260
11  65  55  60  -1   5   0 0.00    M    M  9.6 18  10   M    M   8 12     22  40
12  72  50  61  -1   4   0 0.00    M    M  9.9 20  50   M    M   1        25  30
13  80  48  64   2   1   0 0.00    M    M  7.3 21 270   M    M   0        25 280
14  86  55  71   9   0   6 0.00    M    M 11.5 25 230   M    M   0 8      31 220
15  90  57  74  11   0   9 0.00    M    M 10.1 20 210   M    M   0        26 180
16  89  59  74  11   0   9 0.00    M    M 18.2 32 180   M    M   0        42 190
17  85  68  77  13   0  12    T    M    M 24.8 40 180   M    M   2 8      50 190
18  91  61  76  12   0  11 0.63    M    M 18.8 29 180   M    M   3 13     35 180
19  62  51  57  -7   8   0 0.68    M    M 15.4 24  80   M    M   9 13     30  50
20  78  52  65   1   0   0 1.13    M    M 13.9 28 130   M    M   5 13     33 130
21  70  50  60  -5   5   0 0.00    M    M 13.3 25 280   M    M   6 3      31 270
22  73  48  61  -4   4   0    T    M    M 10.0 21 210   M    M   2        28 230
23  70  57  64  -2   1   0 0.21    M    M  6.3 17 310   M    M   8 1      21 310
24  62  57  60  -6   5   0 0.33    M    M 11.1 18 350   M    M  10 18     23 350
25  67  54  61  -5   4   0 0.00  0.0    0 12.7 23 310   M    M   7 18     27 320
26  81  53  67   1   0   2 0.14  0.0    0 10.4 23 130   M    M   4 138    28 130
================================================================================
SM 1865 1317       148  56  5.48     0.0 339.1          M      107
================================================================================
AV 71.7 50.7                              13.0 FASTST   M    M   4    MAX(MPH)
                                 MISC ---->  # 40 180               # 50  190
================================================================================
NOTES:
# LAST OF SEVERAL OCCURRENCES

COLUMN 17 PEAK WIND IN M.P.H.

PRELIMINARY LOCAL CLIMATOLOGICAL DATA (WS FORM: F-6) , PAGE 2

                                          STATION:  CHAMPAIGN IL AIRPORT
                                          MONTH:    MAY
                                          YEAR:     2017
                                          LATITUDE:   40  1 N
                                          LONGITUDE:  88 17 W

[TEMPERATURE DATA]      [PRECIPITATION DATA]       SYMBOLS USED IN COLUMN 16

AVERAGE MONTHLY: 61.2   TOTAL FOR MONTH:   5.48    1 = FOG OR MIST
DPTR FM NORMAL:  -1.0   DPTR FM NORMAL:    1.63    2 = FOG REDUCING VISIBILITY
HIGHEST:    91 ON 18    GRTST 24HR  1.37 ON  4- 4      TO 1/4 MILE OR LESS
LOWEST:     39 ON  7, 3                            3 = THUNDER
                        SNOW, ICE PELLETS, HAIL    4 = ICE PELLETS
                        TOTAL MONTH:   0.0 INCH    5 = HAIL
                        GRTST 24HR     0.0         6 = FREEZING RAIN OR DRIZZLE
                        GRTST DEPTH:   0           7 = DUSTSTORM OR SANDSTORM:
                                                       VSBY 1/2 MILE OR LESS
                                                   8 = SMOKE OR HAZE
[NO. OF DAYS WITH]      [WEATHER - DAYS WITH]      9 = BLOWING SNOW
                                                   X = TORNADO
MAX 32 OR BELOW:   0    0.01 INCH OR MORE:  12
MAX 90 OR ABOVE:   2    0.10 INCH OR MORE:  10
MIN 32 OR BELOW:   0    0.50 INCH OR MORE:   4
MIN  0 OR BELOW:   0    1.00 INCH OR MORE:   2

[HDD (BASE 65) ]
TOTAL THIS MO.   148    CLEAR  (SCALE 0-3)  12
DPTR FM NORMAL    17    PTCLDY (SCALE 4-7)   9
TOTAL FM JUL 1  4572    CLOUDY (SCALE 8-10)  5
DPTR FM NORMAL -1223

[CDD (BASE 65) ]
TOTAL THIS MO.    56
DPTR FM NORMAL    -4    [PRESSURE DATA]
TOTAL FM JAN 1    80    HIGHEST SLP M ON M
DPTR FM NORMAL     9    LOWEST  SLP 29.43 ON  1

[REMARKS]
