000
CXUS53 KARX 010930
CF6CMY
PRELIMINARY LOCAL CLIMATOLOGICAL DATA (WS FORM: F-6)

                                          STATION:   SPARTA - FORT MCCOY WI
                                          MONTH:     APRIL
                                          YEAR:      2016
                                          LATITUDE:   43 58 N
                                          LONGITUDE:  90 44 W

  TEMPERATURE IN F:       :PCPN:    SNOW:  WIND      :SUNSHINE: SKY     :PK WND
================================================================================
1   2   3   4   5  6A  6B    7    8   9   10  11  12  13   14  15   16   17  18
                                     12Z  AVG MX 2MIN
DY MAX MIN AVG DEP HDD CDD  WTR  SNW DPTH SPD SPD DIR MIN PSBL S-S WX    SPD DR
================================================================================

 1  44  28  36   M  29   0 0.01  0.0    0  7.2 22 300   M    M   8 12     29 300
 2  35  24  30   M  35   0 0.05  0.3    T 11.7 28 320   M    M   7        36 310
 3  72  29  51   M  14   0 0.00  0.0    0  8.9 20 270   M    M   4        30 270
 4  40  21  31   M  34   0    T    T    0  5.3 12  10   M    M   7        17  10
 5  41  15  28   M  37   0 0.03    T    0  6.0 16 190   M    M   6        23 190
 6  44  34  39   M  26   0 0.14  0.0    0  5.8 12 320   M    M  10 1      20 320
 7  41  32  37   M  28   0    T  0.0    0  7.0 13 340   M    M  10        18 340
 8  39  24  32   M  33   0 0.07    T    T 11.9 22 320   M    M   8        39 320
 9  41  13  27   M  38   0 0.00  0.0    0  6.8 14 180   M    M   2        18 180
10  60  36  48   M  17   0 0.00  0.0    0  8.6 14 160   M    M   4        21 220
11  47  29  38   M  27   0 0.00  0.0    0 11.5 20 300   M    M   4        33 290
12  51  16  34   M  31   0 0.00  0.0    0  2.5  7 210   M    M   3         M  M
13  60  42  51   M  14   0    T  0.0    0  8.9 13 140   M    M   6        18 160
14  70  39  55   M  10   0 0.00  0.0    0  7.2 17 170   M    M   0        21 170
15  75  38  57   M   8   0 0.00  0.0    0  8.3 15 170   M    M   0        22 130
16  80  43  62   M   3   0 0.00  0.0    0  6.5 14 150   M    M   2        22 170
17  82  50  66   M   0   1 0.00  0.0    0  5.2 12 160   M    M   5        17 170
18  82  43  63   M   2   0 0.00  0.0    0  3.5 13 100   M    M   2        18 180
19  58  46  52   M  13   0 0.08  0.0    0  7.8 13 100   M    M   8        16  60
20  71  42  57   M   8   0 0.09  0.0    0  6.7 13 140   M    M   7        18 140
21  71  46  59   M   6   0 0.00  0.0    0  2.9 13 350   M    M   7 12     17 350
22  62  36  49   M  16   0 0.00  0.0    0  5.3 12  30   M    M   5         M  M
23  68  32  50   M  15   0 0.00  0.0    0  5.0 12 190   M    M   4        16 150
24  63  50  57   M   8   0 0.03  0.0    0  9.0 16  90   M    M   6        21 100
25  77  47  62   M   3   0 0.00  0.0    0  9.3 17 180   M    M   5        24 180
26  48  40  44   M  21   0 0.00  0.0    0  9.3 15  70   M    M   8        22  70
27  56  37  47   M  18   0 0.24  0.0    0 12.9 24  70   M    M   5        33  70
28  43  38  41   M  24   0 0.13  0.0    0  7.8 14  80   M    M  10 1      24  80
29  53  35  44   M  21   0 0.00  0.0    0  2.6 13  30   M    M   9         M  M
30  53  32  43   M  22   0 0.05  0.0    0  8.0 17  90   M    M   6        32  90
================================================================================
SM 1727 1037       561   1  0.92     0.3 219.4          M      168
================================================================================
AV 57.6 34.6                               7.3 FASTST   M    M   6    MAX(MPH)
                                 MISC ---->    28   M                 39    M
================================================================================
NOTES:
# LAST OF SEVERAL OCCURRENCES

COLUMN 17 PEAK WIND IN M.P.H.

PRELIMINARY LOCAL CLIMATOLOGICAL DATA (WS FORM: F-6) , PAGE 2

                                          STATION:  SPARTA - FORT MCCOY WI
                                          MONTH:    APRIL
                                          YEAR:     2016
                                          LATITUDE:   43 58 N
                                          LONGITUDE:  90 44 W

[TEMPERATURE DATA]      [PRECIPITATION DATA]       SYMBOLS USED IN COLUMN 16

AVERAGE MONTHLY: 46.1   TOTAL FOR MONTH:   0.92    1 = FOG OR MIST
DPTR FM NORMAL:     M   DPTR FM NORMAL:       M    2 = FOG REDUCING VISIBILITY
HIGHEST:    82 ON 18,17 GRTST 24HR  0.24 ON 27-27      TO 1/4 MILE OR LESS
LOWEST:     13 ON  9                               3 = THUNDER
                        SNOW, ICE PELLETS, HAIL    4 = ICE PELLETS
                        TOTAL MONTH:   0.3 INCH    5 = HAIL
                        GRTST 24HR   0.3 ON   M    6 = FREEZING RAIN OR DRIZZLE
                        GRTST DEPTH:   0           7 = DUSTSTORM OR SANDSTORM:
                                                       VSBY 1/2 MILE OR LESS
                                                   8 = SMOKE OR HAZE
[NO. OF DAYS WITH]      [WEATHER - DAYS WITH]      9 = BLOWING SNOW
                                                   X = TORNADO
MAX 32 OR BELOW:   0    0.01 INCH OR MORE:  11
MAX 90 OR ABOVE:   0    0.10 INCH OR MORE:   3
MIN 32 OR BELOW:  12    0.50 INCH OR MORE:   0
MIN  0 OR BELOW:   0    1.00 INCH OR MORE:   0

[HDD (BASE 65) ]
TOTAL THIS MO.   561    CLEAR  (SCALE 0-3)   6
DPTR FM NORMAL     M    PTCLDY (SCALE 4-7)  17
TOTAL FM JUL 1  6509    CLOUDY (SCALE 8-10)  7
DPTR FM NORMAL     M

[CDD (BASE 65) ]
TOTAL THIS MO.     1
DPTR FM NORMAL     M    [PRESSURE DATA]
TOTAL FM JAN 1     1    HIGHEST SLP M ON M
DPTR FM NORMAL     M    LOWEST  SLP M ON M

[REMARKS]
#FINAL-04-16#
