000
CXUS55 KGJT 191000
CF6CNY
PRELIMINARY LOCAL CLIMATOLOGICAL DATA (WS FORM: F-6)

                                          STATION:   CANYONLANDS AIRPORT UT
                                          MONTH:     SEPTEMBER
                                          YEAR:      2017
                                          LATITUDE:   38 46 N
                                          LONGITUDE: 109 45 W

  TEMPERATURE IN F:       :PCPN:    SNOW:  WIND      :SUNSHINE: SKY     :PK WND
================================================================================
1   2   3   4   5  6A  6B    7    8   9   10  11  12  13   14  15   16   17  18
                                     12Z  AVG MX 2MIN
DY MAX MIN AVG DEP HDD CDD  WTR  SNW DPTH SPD SPD DIR MIN PSBL S-S WX    SPD DR
================================================================================

 1  93  60  77   5   0  12 0.00    M    M  4.9 14 300   M    M   0        20  30
 2  98  58  78   6   0  13 0.00    M    M  3.9 14 290   M    M   0        18 300
 3  99  61  80   8   0  15 0.00    M    M  3.0 12 280   M    M   0 8      15 290
 4 102  57  80   8   0  15 0.00    M    M  3.9 21  30   M    M   0        31 270
 5  99  66  83  12   0  18 0.00    M    M  4.2 18  80   M    M   0        23  70
 6  96  68  82  11   0  17 0.00    M    M  6.7 23 250   M    M   0        29 260
 7  94  62  78   8   0  13 0.00    M    M  6.5 37 260   M    M   0 8      43 260
 8  92  58  75   5   0  10 0.00    M    M  5.0 28 210   M    M   1 3      34 220
 9  87  69  78   8   0  13    T    M    M  5.6 23 240   M    M   3        28 240
10  89  61  75   6   0  10 0.00    M    M  5.2 15 290   M    M   1        17 280
11  94  64  79  10   0  14 0.00    M    M  3.7 14  60   M    M   0        19  70
12  96  64  80  11   0  15 0.00    M    M  8.2 31 300   M    M   0        37 290
13  93  58  76   8   0  11    T    M    M  6.4 51 280   M    M   0 8      65 280
14  85  52  69   1   0   4 0.32    M    M  7.5 45 190   M    M   3 13     56 190
15  69  48  59  -8   6   0 0.09    M    M  6.8 31 300   M    M   5 1      37 310
16  74  47  61  -6   4   0 0.00    M    M  4.2 10 330   M    M   1        12 340
17  78  52  65  -2   0   0 0.00    M    M  6.8 20 310   M    M   3        22 310
18  84  49  67   1   0   2 0.00    M    M  7.8 23 210   M    M   0        29 220
================================================================================
SM 1622 1054        10 182  0.41    M    100.3          M       17
================================================================================
AV 90.1 58.6                               5.6 FASTST   M    M   1    MAX(MPH)
                                 MISC ---->  # 51 280               # 65  280
================================================================================
NOTES:
# LAST OF SEVERAL OCCURRENCES

COLUMN 17 PEAK WIND IN M.P.H.

PRELIMINARY LOCAL CLIMATOLOGICAL DATA (WS FORM: F-6) , PAGE 2

                                          STATION:  CANYONLANDS AIRPORT UT
                                          MONTH:    SEPTEMBER
                                          YEAR:     2017
                                          LATITUDE:   38 46 N
                                          LONGITUDE: 109 45 W

[TEMPERATURE DATA]      [PRECIPITATION DATA]       SYMBOLS USED IN COLUMN 16

AVERAGE MONTHLY: 74.3   TOTAL FOR MONTH:   0.41    1 = FOG OR MIST
DPTR FM NORMAL:   4.9   DPTR FM NORMAL:   -0.14    2 = FOG REDUCING VISIBILITY
HIGHEST:   102 ON  4    GRTST 24HR  0.32 ON 14-14      TO 1/4 MILE OR LESS
LOWEST:     47 ON 16                               3 = THUNDER
                        SNOW, ICE PELLETS, HAIL    4 = ICE PELLETS
                        TOTAL MONTH:    M          5 = HAIL
                        GRTST 24HR    M  ON   M    6 = FREEZING RAIN OR DRIZZLE
                        GRTST DEPTH:  M  ON   M    7 = DUSTSTORM OR SANDSTORM:
                                                       VSBY 1/2 MILE OR LESS
                                                   8 = SMOKE OR HAZE
[NO. OF DAYS WITH]      [WEATHER - DAYS WITH]      9 = BLOWING SNOW
                                                   X = TORNADO
MAX 32 OR BELOW:   0    0.01 INCH OR MORE:   2
MAX 90 OR ABOVE:  11    0.10 INCH OR MORE:   1
MIN 32 OR BELOW:   0    0.50 INCH OR MORE:   0
MIN  0 OR BELOW:   0    1.00 INCH OR MORE:   0

[HDD (BASE 65) ]
TOTAL THIS MO.    10    CLEAR  (SCALE 0-3)  17
DPTR FM NORMAL    -5    PTCLDY (SCALE 4-7)   1
TOTAL FM JUL 1    10    CLOUDY (SCALE 8-10)  0
DPTR FM NORMAL    -6

[CDD (BASE 65) ]
TOTAL THIS MO.   182
DPTR FM NORMAL    86    [PRESSURE DATA]
TOTAL FM JAN 1  1709    HIGHEST SLP M ON M
DPTR FM NORMAL   447    LOWEST  SLP 29.66 ON 15

[REMARKS]
