000
CXUS55 KGJT 301000
CF6CNY
PRELIMINARY LOCAL CLIMATOLOGICAL DATA (WS FORM: F-6)

                                          STATION:   CANYONLANDS AIRPORT UT
                                          MONTH:     MARCH
                                          YEAR:      2015
                                          LATITUDE:   38 46 N
                                          LONGITUDE: 109 45 W

  TEMPERATURE IN F:       :PCPN:    SNOW:  WIND      :SUNSHINE: SKY     :PK WND
================================================================================
1   2   3   4   5  6A  6B    7    8   9   10  11  12  13   14  15   16   17  18
                                     12Z  AVG MX 2MIN
DY MAX MIN AVG DEP HDD CDD  WTR  SNW DPTH SPD SPD DIR MIN PSBL S-S WX    SPD DR
================================================================================

 1  45  25  35  -5  30   0    T    M    M  1.8 12 110   M    M   8 1      13 110
 2  54  35  45   5  20   0 0.03    M    M  8.4 26 300   M    M   5 1      29 300
 3  46  30  38  -3  27   0 0.01    M    M  6.7 32 240   M    M   4 1      38 240
 4  44  22  33  -8  32   0 0.00    M    M  4.8 16 290   M    M   1        19 300
 5  48  22  35  -6  30   0 0.00    M    M  3.6 10 300   M    M   0        14 310
 6  55  23  39  -3  26   0 0.00    M    M  2.9 10 110   M    M   0        13  90
 7  60  22  41  -1  24   0 0.00    M    M  2.1  9 320   M    M   0        12 270
 8  62  25  44   2  21   0 0.00    M    M  2.8 12 320   M    M   0        17 300
 9  63  25  44   1  21   0 0.00    M    M  3.1 14 290   M    M   0        20 330
10  65  24  45   2  20   0 0.00    M    M  2.2 10 330   M    M   0        14 330
11  64  30  47   4  18   0 0.00    M    M  3.0 13 320   M    M   0        15 140
12  60  40  50   7  15   0 0.00    M    M  3.8 17  30   M    M   5        22 360
13  69  32  51   7  14   0 0.00    M    M  5.9 21  50   M    M   1        25  40
14  68  32  50   6  15   0 0.00    M    M  3.9 12 280   M    M   0        16 300
15  72  32  52   8  13   0 0.00    M    M  3.5 10 320   M    M   0        13 130
16  76  31  54  10  11   0 0.00    M    M  2.9 13 310   M    M   0        16 310
17  75  35  55  10  10   0 0.00    M    M  4.1 13 300   M    M   1        18 330
18  69  46  58  13   7   0 0.00    M    M  5.6 23 330   M    M   5        29 310
19  67  39  53   8  12   0 0.00    M    M  7.7 24  50   M    M   2        30  60
20  71  32  52   6  13   0 0.00    M    M  3.7 13 310   M    M   0        15  40
21  72  31  52   6  13   0 0.00    M    M  2.0 12 320   M    M   0        17 230
22  73  34  54   8  11   0 0.00    M    M  3.5 15 280   M    M   0        22 290
23  72  45  59  13   6   0    T    M    M 13.2 31 310   M    M   1        36 270
24  65  28  47   0  18   0 0.00    M    M  8.3 20 240   M    M   2        25 230
25  61  33  47   0  18   0 0.00    M    M  9.8 25 310   M    M   1        30 310
26  65  28  47   0  18   0 0.00    M    M  3.6 13 240   M    M   0        17 250
27  74  33  54   7  11   0 0.00    M    M  3.0  9 310   M    M   0        16 290
28  80  32  56   8   9   0 0.00    M    M  5.5 17 280   M    M   0        25 240
29  76  43  60  12   5   0 0.00    M    M  4.2 16 290   M    M   0        18 290
================================================================================
SM 1871  909       488   0  0.04    M    135.6          M       36
================================================================================
AV 64.5 31.3                               4.7 FASTST   M    M   1    MAX(MPH)
                                 MISC ---->  # 32 240               # 38  240
================================================================================
NOTES:
# LAST OF SEVERAL OCCURRENCES

COLUMN 17 PEAK WIND IN M.P.H.

PRELIMINARY LOCAL CLIMATOLOGICAL DATA (WS FORM: F-6) , PAGE 2

                                          STATION:  CANYONLANDS AIRPORT UT
                                          MONTH:    MARCH
                                          YEAR:     2015
                                          LATITUDE:   38 46 N
                                          LONGITUDE: 109 45 W

[TEMPERATURE DATA]      [PRECIPITATION DATA]       SYMBOLS USED IN COLUMN 16

AVERAGE MONTHLY: 47.9   TOTAL FOR MONTH:   0.04    1 = FOG OR MIST
DPTR FM NORMAL:   3.8   DPTR FM NORMAL:   -0.68    2 = FOG REDUCING VISIBILITY
HIGHEST:    80 ON 28    GRTST 24HR  0.03 ON  2- 2      TO 1/4 MILE OR LESS
LOWEST:     22 ON  7, 5                            3 = THUNDER
                        SNOW, ICE PELLETS, HAIL    4 = ICE PELLETS
                        TOTAL MONTH:    M          5 = HAIL
                        GRTST 24HR    M  ON   M    6 = FREEZING RAIN OR DRIZZLE
                        GRTST DEPTH:  M  ON   M    7 = DUSTSTORM OR SANDSTORM:
                                                       VSBY 1/2 MILE OR LESS
                                                   8 = SMOKE OR HAZE
[NO. OF DAYS WITH]      [WEATHER - DAYS WITH]      9 = BLOWING SNOW
                                                   X = TORNADO
MAX 32 OR BELOW:   0    0.01 INCH OR MORE:   2
MAX 90 OR ABOVE:   0    0.10 INCH OR MORE:   0
MIN 32 OR BELOW:  19    0.50 INCH OR MORE:   0
MIN  0 OR BELOW:   0    1.00 INCH OR MORE:   0

[HDD (BASE 65) ]
TOTAL THIS MO.   488    CLEAR  (SCALE 0-3)  24
DPTR FM NORMAL  -116    PTCLDY (SCALE 4-7)   5
TOTAL FM JUL 1  4205    CLOUDY (SCALE 8-10)  0
DPTR FM NORMAL  -808

[CDD (BASE 65) ]
TOTAL THIS MO.     0
DPTR FM NORMAL     0    [PRESSURE DATA]
TOTAL FM JAN 1     0    HIGHEST SLP M ON M
DPTR FM NORMAL     0    LOWEST  SLP 29.43 ON  2

[REMARKS]
