452
CXUS55 KGJT 291000
CF6CNY
PRELIMINARY LOCAL CLIMATOLOGICAL DATA (WS FORM: F-6)

                                          STATION:   CANYONLANDS AIRPORT UT
                                          MONTH:     APRIL
                                          YEAR:      2016
                                          LATITUDE:   38 46 N
                                          LONGITUDE: 109 45 W

  TEMPERATURE IN F:       :PCPN:    SNOW:  WIND      :SUNSHINE: SKY     :PK WND
================================================================================
1   2   3   4   5  6A  6B    7    8   9   10  11  12  13   14  15   16   17  18
                                     12Z  AVG MX 2MIN
DY MAX MIN AVG DEP HDD CDD  WTR  SNW DPTH SPD SPD DIR MIN PSBL S-S WX    SPD DR
================================================================================

 1  57  26  42  -6  23   0 0.00    M    M  8.1 22  70   M    M   0        29  80
 2  65  28  47  -2  18   0 0.00    M    M  3.9 10 130   M    M   0        15  30
 3  71  31  51   2  14   0 0.00    M    M  2.3 10 290   M    M   0        16 300
 4  76  42  59  10   6   0 0.00    M    M  8.2 21 220   M    M   0        25 220
 5  72  40  56   6   9   0 0.00    M    M 13.2 37 300   M    M   0        48 320
 6  70  30  50   0  15   0 0.00    M    M  2.7 12 260   M    M   0 8      14  90
 7  78  35  57   7   8   0 0.00    M    M  4.9 17  90   M    M   0        21 120
 8  76  51  64  14   1   0    T    M    M  9.6 26 210   M    M   3        32 210
 9  70  48  59   9   6   0    T    M    M  7.2 22 210   M    M   7        27 210
10  72  47  60   9   5   0    T    M    M  7.3 21 230   M    M   2        29 240
11  73  42  58   7   7   0 0.00    M    M  3.9 14 270   M    M   1        18 280
12  76  42  59   8   6   0 0.00    M    M  3.3 13 130   M    M   2        17 320
13  78  42  60   8   5   0 0.00    M    M  8.0 22 210   M    M   1        29 190
14  74  51  63  11   2   0    T    M    M 14.6 35 310   M    M   3 3      43 310
15  52  42  47  -5  18   0    T    M    M  9.7 23  80   M    M  10        28  60
16  58  39  49  -3  16   0    T    M    M 15.4 33  50   M    M   9        42  50
17  55  36  46  -7  19   0 0.00    M    M 13.4 28  50   M    M   6        36  50
18  58  31  45  -8  20   0    T    M    M  5.2 16  60   M    M   4        20  50
19  64  33  49  -4  16   0 0.00    M    M  5.0 18  70   M    M   4        22  80
20  74  43  59   5   6   0 0.00    M    M  7.5 20  80   M    M   0        25  80
21  80  50  65  11   0   0 0.00    M    M  4.1 13 100   M    M   0        16 100
22  84  52  68  14   0   3 0.00    M    M  9.7 28 200   M    M   0        37 190
23  73  43  58   3   7   0    T    M    M 17.6 39 200   M    M   2        47 280
24  71  38  55   0  10   0 0.00    M    M  6.9 21 280   M    M   1        28 280
25  68  47  58   3   7   0    T    M    M 13.2 38 160   M    M   5 3      46 160
26  52  39  46 -10  19   0    M    M    M  5.6 14 250   M    M   9 1      17 170
27  63  35  49  -7  16   0    T    M    M  3.4 21 240   M    M   5        24 250
28  54  42  48  -8  17   0    M    M    M  7.9 22 210   M    M   5 13     27 220
================================================================================
SM 1914 1125       296   3    T     M    221.8          M       79
================================================================================
AV 68.4 40.2                               7.9 FASTST   M    M   3    MAX(MPH)
                                 MISC ---->  # 39 200               # 48  320
================================================================================
NOTES:
# LAST OF SEVERAL OCCURRENCES

COLUMN 17 PEAK WIND IN M.P.H.

PRELIMINARY LOCAL CLIMATOLOGICAL DATA (WS FORM: F-6) , PAGE 2

                                          STATION:  CANYONLANDS AIRPORT UT
                                          MONTH:    APRIL
                                          YEAR:     2016
                                          LATITUDE:   38 46 N
                                          LONGITUDE: 109 45 W

[TEMPERATURE DATA]      [PRECIPITATION DATA]       SYMBOLS USED IN COLUMN 16

AVERAGE MONTHLY: 54.3   TOTAL FOR MONTH:      T    1 = FOG OR MIST
DPTR FM NORMAL:   2.1   DPTR FM NORMAL:   -0.64    2 = FOG REDUCING VISIBILITY
HIGHEST:    84 ON 22    GRTST 24HR    T  ON 27-27      TO 1/4 MILE OR LESS
LOWEST:     26 ON  1                               3 = THUNDER
                        SNOW, ICE PELLETS, HAIL    4 = ICE PELLETS
                        TOTAL MONTH:    M          5 = HAIL
                        GRTST 24HR    M  ON   M    6 = FREEZING RAIN OR DRIZZLE
                        GRTST DEPTH:  M  ON   M    7 = DUSTSTORM OR SANDSTORM:
                                                       VSBY 1/2 MILE OR LESS
                                                   8 = SMOKE OR HAZE
[NO. OF DAYS WITH]      [WEATHER - DAYS WITH]      9 = BLOWING SNOW
                                                   X = TORNADO
MAX 32 OR BELOW:   0    0.01 INCH OR MORE:   0
MAX 90 OR ABOVE:   0    0.10 INCH OR MORE:   0
MIN 32 OR BELOW:   5    0.50 INCH OR MORE:   0
MIN  0 OR BELOW:   0    1.00 INCH OR MORE:   0

[HDD (BASE 65) ]
TOTAL THIS MO.   296    CLEAR  (SCALE 0-3)  17
DPTR FM NORMAL   -63    PTCLDY (SCALE 4-7)   8
TOTAL FM JUL 1  5004    CLOUDY (SCALE 8-10)  3
DPTR FM NORMAL  -403

[CDD (BASE 65) ]
TOTAL THIS MO.     3
DPTR FM NORMAL     3    [PRESSURE DATA]
TOTAL FM JAN 1     3    HIGHEST SLP M ON M
DPTR FM NORMAL     3    LOWEST  SLP 29.38 ON 25

[REMARKS]
