000
CXUS55 KRIW 300904
CF6CPR
PRELIMINARY LOCAL CLIMATOLOGICAL DATA (WS FORM: F-6)

                                          STATION:   CASPER WY
                                          MONTH:     MAY
                                          YEAR:      2015
                                          LATITUDE:   42 55 N
                                          LONGITUDE: 106 28 W

  TEMPERATURE IN F:       :PCPN:    SNOW:  WIND      :SUNSHINE: SKY     :PK WND
================================================================================
1   2   3   4   5  6A  6B    7    8   9   10  11  12  13   14  15   16   17  18
                                     12Z  AVG MX 2MIN
DY MAX MIN AVG DEP HDD CDD  WTR  SNW DPTH SPD SPD DIR MIN PSBL S-S WX    SPD DR
================================================================================

 1  72  27  50   3  15   0 0.00  0.0    0  4.9 16 200   M    M   0        22 210
 2  76  34  55   7  10   0    T  0.0    0 13.7 33 220   M    M   1        43 210
 3  68  38  53   5  12   0 0.03  0.0    0  6.3 32 190   M    M   2 3      43 190
 4  68  37  53   5  12   0 0.04  0.0    0  4.5 17  80   M    M   4 123    20 100
 5  69  33  51   2  14   0 0.00  0.0    0  7.1 20  90   M    M   3 128    26  80
 6  57  39  48  -1  17   0 0.30  0.0    0  9.4 24  40   M    M   9 1      31  30
 7  49  38  44  -5  21   0 0.07  0.0    0  9.3 17  70   M    M  10 1      22  80
 8  53  37  45  -5  20   0 0.45  0.0    0 12.2 32  90   M    M  10 1      41  90
 9  42  31  37 -13  28   0 0.31  3.3    0 19.3 29  10   M    M  10 1      34  20
10  40  29  35 -15  30   0 0.06  0.9    3 10.9 22  10   M    M  10 18     27  10
11  57  27  42  -9  23   0 0.00  0.0    0  9.2 18 250   M    M   1        23 220
12  72  32  52   1  13   0 0.00  0.0    0  7.3 22 210   M    M   1        29 200
13  64  38  51   0  14   0    T  0.0    0  7.2 24 300   M    M   5        32 290
14  70  36  53   1  12   0    T  0.0    0  7.9 22 110   M    M   1 3      27 110
15  59  38  49  -3  16   0 0.31  0.0    0  9.3 31  90   M    M   7 13     38  90
16  62  39  51  -1  14   0 0.00  0.0    0 15.2 28 220   M    M   1        35 210
17  56  39  48  -4  17   0 0.05  0.0    0 10.0 22  10   M    M  10 1      27  10
18  51  37  44  -9  21   0    T  0.0    0 14.1 22  90   M    M   9        28  90
19  45  31  38 -15  27   0 0.35  1.8    1 21.4 31  90   M    M  10 1      41  90
20  45  31  38 -16  27   0 0.01  0.3    T  8.4 15  80   M    M  10 1      19  80
21  61  37  49  -5  16   0 0.00  0.0    0  9.1 22  80   M    M   6        28  90
22  52  44  48  -6  17   0 0.24  0.0    0  8.8 24  90   M    M  10 1      29  80
23  64  37  51  -3  14   0 0.54  0.0    0  6.8 26 160   M    M   6 123    33 160
24  58  44  51  -4  14   0 0.62  0.0    0  8.0 20 360   M    M   9 1      24 340
25  63  44  54  -1  11   0 0.01  0.0    0  6.9 17 310   M    M   8        19 310
26  70  41  56   1   9   0 0.06  0.0    0  8.1 22 190   M    M   4 13     26 300
27  71  49  60   4   5   0    T  0.0    0 10.1 23 230   M    M   6        32 220
28  69  45  57   1   8   0 0.01  0.0    0  8.1 25 320   M    M   5 3      35 330
29  56  38  47  -9  18   0 0.43  0.0    0  8.6 17  10   M    M   7 1      21  10
================================================================================
SM 1739 1070       475   0  3.89     6.3 282.1          M      175
================================================================================
AV 60.0 36.9                               9.7 FASTST   M    M   6    MAX(MPH)
                                 MISC ---->  # 33 220               # 43  210
================================================================================
NOTES:
# LAST OF SEVERAL OCCURRENCES

COLUMN 17 PEAK WIND IN M.P.H.

PRELIMINARY LOCAL CLIMATOLOGICAL DATA (WS FORM: F-6) , PAGE 2

                                          STATION:  CASPER WY
                                          MONTH:    MAY
                                          YEAR:     2015
                                          LATITUDE:   42 55 N
                                          LONGITUDE: 106 28 W

[TEMPERATURE DATA]      [PRECIPITATION DATA]       SYMBOLS USED IN COLUMN 16

AVERAGE MONTHLY: 48.4   TOTAL FOR MONTH:   3.89    1 = FOG OR MIST
DPTR FM NORMAL:  -3.4   DPTR FM NORMAL:    2.00    2 = FOG REDUCING VISIBILITY
HIGHEST:    76 ON  2    GRTST 24HR  1.13 ON 23-24      TO 1/4 MILE OR LESS
LOWEST:     27 ON 11, 1                            3 = THUNDER
                        SNOW, ICE PELLETS, HAIL    4 = ICE PELLETS
                        TOTAL MONTH:   6.3 INCHES  5 = HAIL
                        GRTST 24HR   3.3 ON   M    6 = FREEZING RAIN OR DRIZZLE
                        GRTST DEPTH:   3 ON 10     7 = DUSTSTORM OR SANDSTORM:
                                                       VSBY 1/2 MILE OR LESS
                                                   8 = SMOKE OR HAZE
[NO. OF DAYS WITH]      [WEATHER - DAYS WITH]      9 = BLOWING SNOW
                                                   X = TORNADO
MAX 32 OR BELOW:   0    0.01 INCH OR MORE:  18
MAX 90 OR ABOVE:   0    0.10 INCH OR MORE:   9
MIN 32 OR BELOW:   7    0.50 INCH OR MORE:   2
MIN  0 OR BELOW:   0    1.00 INCH OR MORE:   0

[HDD (BASE 65) ]
TOTAL THIS MO.   475    CLEAR  (SCALE 0-3)   7
DPTR FM NORMAL    91    PTCLDY (SCALE 4-7)  10
TOTAL FM JUL 1  6927    CLOUDY (SCALE 8-10) 12
DPTR FM NORMAL  -499

[CDD (BASE 65) ]
TOTAL THIS MO.     0
DPTR FM NORMAL     0    [PRESSURE DATA]
TOTAL FM JAN 1     0    HIGHEST SLP M ON M
DPTR FM NORMAL     0    LOWEST  SLP 29.52 ON  6

[REMARKS]
