000
CXUS55 KRIW 010945
CF6CPR
PRELIMINARY LOCAL CLIMATOLOGICAL DATA (WS FORM: F-6)

                                          STATION:   CASPER WY
                                          MONTH:     JULY
                                          YEAR:      2015
                                          LATITUDE:   42 55 N
                                          LONGITUDE: 106 28 W

  TEMPERATURE IN F:       :PCPN:    SNOW:  WIND      :SUNSHINE: SKY     :PK WND
================================================================================
1   2   3   4   5  6A  6B    7    8   9   10  11  12  13   14  15   16   17  18
                                     12Z  AVG MX 2MIN
DY MAX MIN AVG DEP HDD CDD  WTR  SNW DPTH SPD SPD DIR MIN PSBL S-S WX    SPD DR
================================================================================

 1  92  57  75   7   0  10 0.06  0.0    0  6.8 20 200   M    M   1 3      23  50
 2  86  55  71   3   0   6    T  0.0    0  8.2 23  70   M    M   4 1      29  60
 3  89  52  71   3   0   6    T  0.0    0  6.5 24 200   M    M   1 3      30 210
 4  97  54  76   7   0  11 0.00  0.0    0  7.1 21  80   M    M   1        24  90
 5  83  55  69   0   0   4 0.17  0.0    0 13.8 25  10   M    M   3 1      32  10
 6  70  53  62  -7   3   0 0.04  0.0    0  8.1 16  90   M    M   6 18     19  80
 7  79  51  65  -4   0   0    T  0.0    0  6.4 20  40   M    M   4 138    23  20
 8  72  51  62  -8   3   0    T  0.0    0  8.6 21  90   M    M   5 13     26  90
 9  82  50  66  -4   0   1 0.00  0.0    0  6.8 17 300   M    M   4 138    22 300
10  84  55  70   0   0   5 0.00  0.0    0 16.5 31 220   M    M   1        43 250
11  88  56  72   2   0   7 0.00  0.0    0 17.7 29 220   M    M   1        40 230
12  90  56  73   3   0   8 0.00  0.0    0 14.6 35 240   M    M   0        47 240
13  92  50  71   0   0   6 0.00  0.0    0  9.7 29 240   M    M   0        39 250
14  89  54  72   1   0   7 0.00  0.0    0  6.3 28 230   M    M   1 3      39 240
15  84  57  71   0   0   6 0.14  0.0    0  7.7 36 280   M    M   5 3      46 270
16  90  49  70  -1   0   5 0.00  0.0    0 12.7 30 280   M    M   1        40 250
17  82  50  66  -5   0   1 0.03  0.0    0 14.0 44 280   M    M   3 38     53 280
18  79  49  64  -7   1   0 0.00  0.0    0  7.7 24 340   M    M   2        30 350
19  83  48  66  -5   0   1    T  0.0    0 11.3 26 260   M    M   0        36 270
20  86  43  65  -7   0   0 0.01  0.0    0  6.6 25 320   M    M   2        29 320
21  84  51  68  -4   0   3    T  0.0    0  7.1 18 210   M    M   2        25 210
22  88  52  70  -2   0   5 0.10  0.0    0 11.3 31 180   M    M   1 3      38 180
23  89  57  73   1   0   8 0.00  0.0    0 17.1 33 240   M    M   1        44 240
24  93  51  72   0   0   7 0.00  0.0    0  7.8 25 230   M    M   0        31 240
25  90  48  69  -3   0   4 0.00  0.0    0  8.0 25 290   M    M   1        31 290
26  94  52  73   1   0   8 0.00  0.0    0  8.3 23 230   M    M   0        29 240
27  94  50  72   0   0   7 0.02  0.0    0 16.4 51 260   M    M   1 3      62 250
28  77  44  61 -11   4   0 0.00  0.0    0 14.3 29 270   M    M   0        43 270
29  83  36  60 -12   5   0 0.00  0.0    0  5.1 14 280   M    M   0        19 280
30  88  42  65  -7   0   0 0.00  0.0    0  5.5 14  90   M    M   0        19 320
31  93  44  69  -3   0   4 0.00  0.0    0  5.6 15 290   M    M   0        19 270
================================================================================
SM 2670 1572        16 130  0.57     0.0 303.6          M       51
================================================================================
AV 86.1 50.7                               9.8 FASTST   M    M   2    MAX(MPH)
                                 MISC ---->  # 51 260               # 62  250
================================================================================
NOTES:
# LAST OF SEVERAL OCCURRENCES

COLUMN 17 PEAK WIND IN M.P.H.

PRELIMINARY LOCAL CLIMATOLOGICAL DATA (WS FORM: F-6) , PAGE 2

                                          STATION:  CASPER WY
                                          MONTH:    JULY
                                          YEAR:     2015
                                          LATITUDE:   42 55 N
                                          LONGITUDE: 106 28 W

[TEMPERATURE DATA]      [PRECIPITATION DATA]       SYMBOLS USED IN COLUMN 16

AVERAGE MONTHLY: 68.4   TOTAL FOR MONTH:   0.57    1 = FOG OR MIST
DPTR FM NORMAL:  -2.1   DPTR FM NORMAL:   -0.84    2 = FOG REDUCING VISIBILITY
HIGHEST:    97 ON  4    GRTST 24HR  0.21 ON  5- 6      TO 1/4 MILE OR LESS
LOWEST:     36 ON 29                               3 = THUNDER
                        SNOW, ICE PELLETS, HAIL    4 = ICE PELLETS
                        TOTAL MONTH:   0.0 INCH    5 = HAIL
                        GRTST 24HR     0.0         6 = FREEZING RAIN OR DRIZZLE
                        GRTST DEPTH:   0           7 = DUSTSTORM OR SANDSTORM:
                                                       VSBY 1/2 MILE OR LESS
                                                   8 = SMOKE OR HAZE
[NO. OF DAYS WITH]      [WEATHER - DAYS WITH]      9 = BLOWING SNOW
                                                   X = TORNADO
MAX 32 OR BELOW:   0    0.01 INCH OR MORE:   8
MAX 90 OR ABOVE:  10    0.10 INCH OR MORE:   3
MIN 32 OR BELOW:   0    0.50 INCH OR MORE:   0
MIN  0 OR BELOW:   0    1.00 INCH OR MORE:   0

[HDD (BASE 65) ]
TOTAL THIS MO.    16    CLEAR  (SCALE 0-3)  25
DPTR FM NORMAL     0    PTCLDY (SCALE 4-7)   6
TOTAL FM JUL 1    16    CLOUDY (SCALE 8-10)  0
DPTR FM NORMAL     0

[CDD (BASE 65) ]
TOTAL THIS MO.   130
DPTR FM NORMAL   -58    [PRESSURE DATA]
TOTAL FM JAN 1   206    HIGHEST SLP 30.26 ON 29
DPTR FM NORMAL   -39    LOWEST  SLP 29.50 ON 27

[REMARKS]
#FINAL-07-15#
