000
CXUS53 KLSX 011600
CF6CPS
PRELIMINARY LOCAL CLIMATOLOGICAL DATA (WS FORM: F-6)

                                          STATION:   CAHOKIA/ST. LOUIS
                                          MONTH:     SEPTEMBER
                                          YEAR:      2014
                                          LATITUDE:   38 34 N
                                          LONGITUDE:  90  9 W

  TEMPERATURE IN F:       :PCPN:    SNOW:  WIND      :SUNSHINE: SKY     :PK WND
================================================================================
1   2   3   4   5  6A  6B    7    8   9   10  11  12  13   14  15   16   17  18
                                     12Z  AVG MX 2MIN
DY MAX MIN AVG DEP HDD CDD  WTR  SNW DPTH SPD SPD DIR MIN PSBL S-S WX    SPD DR
================================================================================

 1  86  69  78   5   0  13 1.73  0.0    0  5.9 26 350   M    M   4 13     32 360
 2  84  66  75   2   0  10 0.25  0.0    0  4.6 13 270   M    M   4 12     19 260
 3  88  63  76   4   0  11 0.00  0.0    0  4.1 13 140   M    M   3 12     16 150
 4  94  69  82  10   0  17 0.00  0.0    0  5.3 13 170   M    M   1        17 180
 5  95  70  83  11   0  18 1.53  0.0    0  5.0 30 310   M    M   1 1      42 310
 6  74  57  66  -5   0   1 0.02  0.0    0  7.4 18 330   M    M   7 1      23 340
 7  79  53  66  -5   0   1 0.00  0.0    0  3.1 10  90   M    M   0 1      14  70
 8  82  53  68  -3   0   3 0.00  0.0    0  3.6 10 130   M    M   0 12     14 150
 9  89  62  76   6   0  11 0.14  0.0    0  7.0 31 330   M    M   5 3      48 320
10  87  69  78   8   0  13 1.04  0.0    0  8.9 29 330   M    M   6 13     34 330
11  69  56  63  -7   2   0 0.02  0.0    0 11.4 17 360   M    M  10 1      20  30
12  60  52  56 -13   9   0    T  0.0    0  9.3 18 360   M    M  10 1      23  10
13  65  46  56 -13   9   0 0.00  0.0    0  6.6 18  10   M    M   2        23  40
14  72  42  57 -11   8   0 0.00  0.0    0  1.9  8 330   M    M   0 1      10 330
15  80  53  67  -1   0   2 0.02  0.0    0  6.7 20 350   M    M   8 1      24 360
16  68  49  59  -9   6   0 0.00  0.0    0  4.1 12  30   M    M   7 12     15  10
17  69  46  58  -9   7   0 0.02  0.0    0  4.2 12 130   M    M   7 12     16 120
18  76  54  65  -2   0   0 0.00  0.0    0  3.7 14  70   M    M   5 1      17 130
19  81  50  66   0   0   1 0.00  0.0    0  3.1 14 130   M    M   0 12     20 130
20  88  57  73   7   0   8 0.00  0.0    0  4.2 13 250   M    M   0 1      18 240
21  80  58  69   3   0   4 0.01  0.0    0 11.5 25 330   M    M   1        32 320
22  75  48  62  -3   3   0 0.00  0.0    0  2.5 12 350   M    M   0 1      14 320
23  77  45  61  -4   4   0 0.00  0.0    0  2.5 12 140   M    M   0 12     17 130
24  80  47  64   0   1   0 0.00  0.0    0  2.6 10 140   M    M   0 1      14 140
25  84  51  68   4   0   3 0.00  0.0    0  2.3 10 150   M    M   1        13 130
26  86  57  72   8   0   7 0.00  0.0    0  2.3 10  60   M    M   0 1      12  60
27  87  56  72   9   0   7 0.00  0.0    0  1.7 10  90   M    M   0 18     17  50
28  87  52  70   7   0   5 0.00  0.0    0  1.1  9 340   M    M   0 12     12  40
29  87  53  70   7   0   5 0.00  0.0    0  2.0 10 350   M    M   0 1      14 340
30  87  55  71   9   0   6 0.00  0.0    0  3.0  9 140   M    M   1 18     14 220
================================================================================
SM 2416 1658        49 146  4.78     0.0 141.6          M       83
================================================================================
AV 80.5 55.3                               4.7 FASTST   M    M   3    MAX(MPH)
                                 MISC ---->  # 31 330               # 48  320
================================================================================
NOTES:
# LAST OF SEVERAL OCCURRENCES

COLUMN 17 PEAK WIND IN M.P.H.

PRELIMINARY LOCAL CLIMATOLOGICAL DATA (WS FORM: F-6) , PAGE 2

                                          STATION:  CAHOKIA/ST. LOUIS
                                          MONTH:    SEPTEMBER
                                          YEAR:     2014
                                          LATITUDE:   38 34 N
                                          LONGITUDE:  90  9 W

[TEMPERATURE DATA]      [PRECIPITATION DATA]       SYMBOLS USED IN COLUMN 16

AVERAGE MONTHLY: 67.9   TOTAL FOR MONTH:   4.78    1 = FOG OR MIST
DPTR FM NORMAL:   0.2   DPTR FM NORMAL:    1.60    2 = FOG REDUCING VISIBILITY
HIGHEST:    95 ON  5    GRTST 24HR  1.98 ON  1- 2      TO 1/4 MILE OR LESS
LOWEST:     42 ON 14                               3 = THUNDER
                        SNOW, ICE PELLETS, HAIL    4 = ICE PELLETS
                        TOTAL MONTH:   0.0 INCH    5 = HAIL
                        GRTST 24HR     0.0         6 = FREEZING RAIN OR DRIZZLE
                        GRTST DEPTH:   0           7 = DUSTSTORM OR SANDSTORM:
                                                       VSBY 1/2 MILE OR LESS
                                                   8 = SMOKE OR HAZE
[NO. OF DAYS WITH]      [WEATHER - DAYS WITH]      9 = BLOWING SNOW
                                                   X = TORNADO
MAX 32 OR BELOW:   0    0.01 INCH OR MORE:  10
MAX 90 OR ABOVE:   2    0.10 INCH OR MORE:   5
MIN 32 OR BELOW:   0    0.50 INCH OR MORE:   3
MIN  0 OR BELOW:   0    1.00 INCH OR MORE:   3

[HDD (BASE 65) ]
TOTAL THIS MO.    49    CLEAR  (SCALE 0-3)  19
DPTR FM NORMAL    -4    PTCLDY (SCALE 4-7)   9
TOTAL FM JUL 1    49    CLOUDY (SCALE 8-10)  2
DPTR FM NORMAL    -6

[CDD (BASE 65) ]
TOTAL THIS MO.   146
DPTR FM NORMAL    12    [PRESSURE DATA]
TOTAL FM JAN 1  1381    HIGHEST SLP 30.41 ON 13
DPTR FM NORMAL    89    LOWEST  SLP 29.66 ON 10

[REMARKS]
#FINAL-09-14#
