000
CXUS51 KRLX 271147
CF6CRW
PRELIMINARY LOCAL CLIMATOLOGICAL DATA (WS FORM: F-6)

                                          STATION:   CHARLESTON WV
                                          MONTH:     SEPTEMBER
                                          YEAR:      2016
                                          LATITUDE:   38 22 N
                                          LONGITUDE:  81 36 W

  TEMPERATURE IN F:       :PCPN:    SNOW:  WIND      :SUNSHINE: SKY     :PK WND
================================================================================
1   2   3   4   5  6A  6B    7    8   9   10  11  12  13   14  15   16   17  18
                                     12Z  AVG MX 2MIN
DY MAX MIN AVG DEP HDD CDD  WTR  SNW DPTH SPD SPD DIR MIN PSBL S-S WX    SPD DR
================================================================================

 1  82  61  72   0   0   7    T  0.0    0  4.5 15 310   M    M   6 1      20 320
 2  81  56  69  -3   0   4 0.00  0.0    0  5.3 17  60   M    M   4 128    22  60
 3  82  53  68  -4   0   3 0.00  0.0    0  2.0 13  80   M    M   2 12     16  60
 4  84  56  70  -1   0   5 0.00  0.0    0  1.2  7  80   M    M   2 1      10 170
 5  89  58  74   3   0   9 0.00  0.0    0  1.2  9 310   M    M   1 1      12 180
 6  92  58  75   4   0  10 0.00  0.0    0  2.4 12 290   M    M   3 1      15 290
 7  93  65  79   9   0  14 0.00  0.0    0  3.4 14 230   M    M   2 1      21 240
 8  93  67  80  10   0  15 0.00  0.0    0  4.3 16 210   M    M   3        21 240
 9  88  68  78   8   0  13 0.00  0.0    0  4.7 18 250   M    M   6        26 240
10  93  67  80  10   0  15 0.05  0.0    0  6.6 21 310   M    M   4 2      31 300
11  81  57  69   0   0   4    T  0.0    0  2.9 18 330   M    M   4 1      29 340
12  89  52  71   2   0   6 0.00  0.0    0  1.8  9 230   M    M   3 1      15 270
13  93  60  77   9   0  12 0.00  0.0    0  3.5 15 260   M    M   2 1      20 330
14  91  62  77   9   0  12 0.00  0.0    0  2.3 13 330   M    M   2 1      16 340
15  84  62  73   5   0   8 0.00  0.0    0  1.7 10 330   M    M   4 18     14 330
16  91  62  77  10   0  12 0.00  0.0    0  4.0 14 150   M    M   4 12     20 140
17  91  70  81  14   0  16 0.00  0.0    0  4.9 13 190   M    M   6        18 200
18  73  68  71   4   0   6 0.33  0.0    0  1.5 10 130   M    M   9 1      14 130
19  84  65  75   9   0  10    T  0.0    0  1.8 10  60   M    M   7 1      13  70
20  88  62  75   9   0  10 0.00  0.0    0  2.3 13  80   M    M   4 12     17  80
21  91  56  74   9   0   9 0.00  0.0    0  2.0 12  30   M    M   3 12     17  10
22  90  57  74   9   0   9 0.00  0.0    0  2.0  7  70   M    M   2 1      10  30
23  92  60  76  11   0  11 0.00  0.0    0  2.0 12 290   M    M   3 1      15 290
24  90  62  76  12   0  11 0.00  0.0    0  3.6 13 310   M    M   2 1      19 360
25  88  62  75  11   0  10 0.00  0.0    0  2.0 10 280   M    M   2 12     14 260
26  86  59  73  10   0   8 0.11  0.0    0  4.8 25 280   M    M   5 138    38 280
================================================================================
SM 2279 1585         0 249  0.49     0.0  78.7          M       95
================================================================================
AV 87.7 61.0                               3.0 FASTST   M    M   4    MAX(MPH)
                                 MISC ---->  # 25 280               # 38  280
================================================================================
NOTES:
# LAST OF SEVERAL OCCURRENCES

COLUMN 17 PEAK WIND IN M.P.H.

PRELIMINARY LOCAL CLIMATOLOGICAL DATA (WS FORM: F-6) , PAGE 2

                                          STATION:  CHARLESTON WV
                                          MONTH:    SEPTEMBER
                                          YEAR:     2016
                                          LATITUDE:   38 22 N
                                          LONGITUDE:  81 36 W

[TEMPERATURE DATA]      [PRECIPITATION DATA]       SYMBOLS USED IN COLUMN 16

AVERAGE MONTHLY: 74.3   TOTAL FOR MONTH:   0.49    1 = FOG OR MIST
DPTR FM NORMAL:   6.2   DPTR FM NORMAL:   -2.35    2 = FOG REDUCING VISIBILITY
HIGHEST:    93 ON 13,10 GRTST 24HR  0.33 ON 18-18      TO 1/4 MILE OR LESS
LOWEST:     52 ON 12                               3 = THUNDER
                        SNOW, ICE PELLETS, HAIL    4 = ICE PELLETS
                        TOTAL MONTH:   0.0 INCH    5 = HAIL
                        GRTST 24HR     0.0         6 = FREEZING RAIN OR DRIZZLE
                        GRTST DEPTH:   0           7 = DUSTSTORM OR SANDSTORM:
                                                       VSBY 1/2 MILE OR LESS
                                                   8 = SMOKE OR HAZE
[NO. OF DAYS WITH]      [WEATHER - DAYS WITH]      9 = BLOWING SNOW
                                                   X = TORNADO
MAX 32 OR BELOW:   0    0.01 INCH OR MORE:   3
MAX 90 OR ABOVE:  12    0.10 INCH OR MORE:   2
MIN 32 OR BELOW:   0    0.50 INCH OR MORE:   0
MIN  0 OR BELOW:   0    1.00 INCH OR MORE:   0

[HDD (BASE 65) ]
TOTAL THIS MO.     0    CLEAR  (SCALE 0-3)  14
DPTR FM NORMAL   -37    PTCLDY (SCALE 4-7)  11
TOTAL FM JUL 1     0    CLOUDY (SCALE 8-10)  1
DPTR FM NORMAL   -39

[CDD (BASE 65) ]
TOTAL THIS MO.   249
DPTR FM NORMAL   132    [PRESSURE DATA]
TOTAL FM JAN 1  1430    HIGHEST SLP M ON M
DPTR FM NORMAL   367    LOWEST  SLP 29.85 ON 10

[REMARKS]
