683
CXUS51 KRLX 221246
CF6CRW
PRELIMINARY LOCAL CLIMATOLOGICAL DATA (WS FORM: F-6)

                                          STATION:   CHARLESTON WV
                                          MONTH:     NOVEMBER
                                          YEAR:      2017
                                          LATITUDE:   38 22 N
                                          LONGITUDE:  81 36 W

  TEMPERATURE IN F:       :PCPN:    SNOW:  WIND      :SUNSHINE: SKY     :PK WND
================================================================================
1   2   3   4   5  6A  6B    7    8   9   10  11  12  13   14  15   16   17  18
                                     12Z  AVG MX 2MIN
DY MAX MIN AVG DEP HDD CDD  WTR  SNW DPTH SPD SPD DIR MIN PSBL S-S WX    SPD DR
================================================================================

 1  67  40  54   2  11   0 0.01  0.0    0  3.2 12 180   M    M   9         M  M
 2  77  49  63  11   2   0    T  0.0    0  3.1 15 210   M    M   5        20 210
 3  72  56  64  13   1   0 0.03  0.0    0  4.9 15 360   M    M   9        19  10
 4  68  53  61  10   4   0    T  0.0    0  2.8 12 160   M    M   9 12     15 170
 5  79  53  66  15   0   1 0.00  0.0    0  7.9 21 200   M    M   5 1      27 190
 6  70  51  61  11   4   0 0.34  0.0    0  6.7 18 310   M    M  10 1      24 350
 7  51  42  47  -3  18   0 0.74  0.0    0  6.3 12  30   M    M  10 1      17  20
 8  44  41  43  -7  22   0 0.00  0.0    0  4.1 10  30   M    M   9        13  20
 9  52  38  45  -4  20   0 0.00  0.0    0  2.8 10 220   M    M   7 1      12 220
10  40  26  33 -16  32   0 0.00  0.0    0  6.3 13  20   M    M   4 1      17 320
11  50  23  37 -12  28   0 0.00  0.0    0  2.6  9  60   M    M   2        12  50
12  57  34  46  -2  19   0    T  0.0    0  1.2  6 180   M    M   7        11 200
13  52  40  46  -2  19   0 0.08  0.0    0  5.2 16 280   M    M  10 18     22 290
14  47  32  40  -8  25   0    T  0.0    0  2.9  8  70   M    M   8 18     12  70
15  57  28  43  -4  22   0 0.01  0.0    0  4.2 15 220   M    M   7 12     19 220
16  50  34  42  -5  23   0    T  0.0    0  9.1 17 300   M    M   9        25 260
17  55  34  45  -1  20   0 0.00  0.0    0  2.3 10  70   M    M   6        14  80
18  71  36  54   8  11   0 0.26  0.0    0 13.7 31 290   M    M   9 1      58 280
19  50  36  43  -3  22   0 0.04  0.0    0 10.8 25 280   M    M   9 18     40 330
20  49  28  39  -6  26   0 0.00  0.0    0  4.9 14 240   M    M   1        20 230
21  64  24  44  -1  21   0 0.05  0.0    0  5.6 23 230   M    M   3        32 240
================================================================================
SM 1222  798       350   1  1.56     0.0 110.6          M      148
================================================================================
AV 58.2 38.0                               5.3 FASTST   M    M   7    MAX(MPH)
                                 MISC ---->  # 31 290               # 58  280
================================================================================
NOTES:
# LAST OF SEVERAL OCCURRENCES

COLUMN 17 PEAK WIND IN M.P.H.

PRELIMINARY LOCAL CLIMATOLOGICAL DATA (WS FORM: F-6) , PAGE 2

                                          STATION:  CHARLESTON WV
                                          MONTH:    NOVEMBER
                                          YEAR:     2017
                                          LATITUDE:   38 22 N
                                          LONGITUDE:  81 36 W

[TEMPERATURE DATA]      [PRECIPITATION DATA]       SYMBOLS USED IN COLUMN 16

AVERAGE MONTHLY: 48.1   TOTAL FOR MONTH:   1.56    1 = FOG OR MIST
DPTR FM NORMAL:  -0.5   DPTR FM NORMAL:   -1.04    2 = FOG REDUCING VISIBILITY
HIGHEST:    79 ON  5    GRTST 24HR  0.74 ON  7- 7      TO 1/4 MILE OR LESS
LOWEST:     23 ON 11                               3 = THUNDER
                        SNOW, ICE PELLETS, HAIL    4 = ICE PELLETS
                        TOTAL MONTH:   0.0 INCH    5 = HAIL
                        GRTST 24HR     0.0         6 = FREEZING RAIN OR DRIZZLE
                        GRTST DEPTH:   0           7 = DUSTSTORM OR SANDSTORM:
                                                       VSBY 1/2 MILE OR LESS
                                                   8 = SMOKE OR HAZE
[NO. OF DAYS WITH]      [WEATHER - DAYS WITH]      9 = BLOWING SNOW
                                                   X = TORNADO
MAX 32 OR BELOW:   0    0.01 INCH OR MORE:   9
MAX 90 OR ABOVE:   0    0.10 INCH OR MORE:   3
MIN 32 OR BELOW:   6    0.50 INCH OR MORE:   1
MIN  0 OR BELOW:   0    1.00 INCH OR MORE:   0

[HDD (BASE 65) ]
TOTAL THIS MO.   350    CLEAR  (SCALE 0-3)   2
DPTR FM NORMAL     1    PTCLDY (SCALE 4-7)   8
TOTAL FM JUL 1   599    CLOUDY (SCALE 8-10) 11
DPTR FM NORMAL   -90

[CDD (BASE 65) ]
TOTAL THIS MO.     1
DPTR FM NORMAL     1    [PRESSURE DATA]
TOTAL FM JAN 1  1138    HIGHEST SLP M ON M
DPTR FM NORMAL    44    LOWEST  SLP 29.30 ON 18

[REMARKS]
