159
CXUS56 KTFX 291205
CF6CTB
PRELIMINARY LOCAL CLIMATOLOGICAL DATA (WS FORM: F-6)

                                          STATION:   CUT BANK MT
                                          MONTH:     APRIL
                                          YEAR:      2016
                                          LATITUDE:   48 37 N
                                          LONGITUDE: 112 23 W

  TEMPERATURE IN F:       :PCPN:    SNOW:  WIND      :SUNSHINE: SKY     :PK WND
================================================================================
1   2   3   4   5  6A  6B    7    8   9   10  11  12  13   14  15   16   17  18
                                     12Z  AVG MX 2MIN
DY MAX MIN AVG DEP HDD CDD  WTR  SNW DPTH SPD SPD DIR MIN PSBL S-S WX    SPD DR
================================================================================

 1  66  29  48  11  17   0 0.00    M    0 10.5 25 320   M    M   5        30 340
 2  68  42  55  18  10   0 0.00    M    0 21.8 35 250   M    M   0        43 250
 3  64  40  52  15  13   0 0.00    M    0 10.0 21  10   M    M   4        25  20
 4  62  30  46   8  19   0 0.00    M    0 16.4 39 250   M    M   2        48 250
 5  54  33  44   6  21   0 0.03    M    M 26.6 38 250   M    M   6 1      47 250
 6  58  40  49  11  16   0 0.00    M    0 28.2 49 270   M    M   0        61 270
 7  65  32  49  11  16   0 0.00    M    0  6.8 15 350   M    M   1        20 350
 8  78  27  53  14  12   0 0.00    M    0 11.0 24 250   M    M   0        29 240
 9  61  41  51  12  14   0 0.00    M    0 15.9 31 250   M    M   4        39 250
10  51  28  40   1  25   0 0.00    M    0  9.2 26  10   M    M   3        32  20
11  70  24  47   7  18   0 0.00    M    0 10.7 24 250   M    M   0        35 280
12  68  34  51  11  14   0 0.00    M    0 15.0 35 250   M    M   1        42 250
13  56  33  45   5  20   0 0.00    M    0 18.2 36 240   M    M   4        43 240
14  42  30  36  -4  29   0 0.30    M    0 10.7 29 350   M    M   6 1      35 350
15  46  31  39  -2  26   0 0.18    M    3 15.6 38  10   M    M   6 1      44  10
16  57  26  42   1  23   0 0.00    M    T  6.6 17 190   M    M   1        22 190
17  61  30  46   5  19   0 0.00    M    0  6.8 18 150   M    M   0        22 140
18  63  31  47   5  18   0 0.00    M    0 10.2 22 150   M    M   0        30 150
19  74  23  49   7  16   0 0.00    M    0  6.4 14 140   M    M   0        18 150
20  71  33  52  10  13   0 0.00    M    0 14.1 38 340   M    M   0        46 340
21  76  35  56  14   9   0    T    M    0  8.5 23 180   M    M   1        35 210
22  64  40  52   9  13   0 0.00    M    0 14.6 24 330   M    M   0        29 330
23  53  37  45   2  20   0 0.73    M    0 15.6 25 350   M    M   7 1      30 350
24  47  36  42  -1  23   0 0.25    M    0  5.8 14 360   M    M  10 1      15 360
25  44  34  39  -5  26   0 0.03    M    0 10.8 21 360   M    M  10 12     24 360
26  45  34  40  -4  25   0 0.00    M    0  6.1 14  70   M    M  10 1      16  30
27  44  33  39  -5  26   0 0.10    M    0  7.0 14  60   M    M  10 18     19  50
28  45  32  39  -6  26   0 0.02    M    T  6.6 16 140   M    M   9 1      21 140
================================================================================
SM 1653  918       527   0  1.64    M    345.7          M      100
================================================================================
AV 59.0 32.8                              12.3 FASTST   M    M   4    MAX(MPH)
                                 MISC ---->  # 49 270               # 61  270
================================================================================
NOTES:
# LAST OF SEVERAL OCCURRENCES

COLUMN 17 PEAK WIND IN M.P.H.

PRELIMINARY LOCAL CLIMATOLOGICAL DATA (WS FORM: F-6) , PAGE 2

                                          STATION:  CUT BANK MT
                                          MONTH:    APRIL
                                          YEAR:     2016
                                          LATITUDE:   48 37 N
                                          LONGITUDE: 112 23 W

[TEMPERATURE DATA]      [PRECIPITATION DATA]       SYMBOLS USED IN COLUMN 16

AVERAGE MONTHLY: 45.9   TOTAL FOR MONTH:   1.64    1 = FOG OR MIST
DPTR FM NORMAL:   5.3   DPTR FM NORMAL:    0.93    2 = FOG REDUCING VISIBILITY
HIGHEST:    78 ON  8    GRTST 24HR  0.98 ON 23-24      TO 1/4 MILE OR LESS
LOWEST:     23 ON 19                               3 = THUNDER
                        SNOW, ICE PELLETS, HAIL    4 = ICE PELLETS
                        TOTAL MONTH:    M          5 = HAIL
                        GRTST 24HR    M  ON   M    6 = FREEZING RAIN OR DRIZZLE
                        GRTST DEPTH:   3 ON 15     7 = DUSTSTORM OR SANDSTORM:
                                                       VSBY 1/2 MILE OR LESS
                                                   8 = SMOKE OR HAZE
[NO. OF DAYS WITH]      [WEATHER - DAYS WITH]      9 = BLOWING SNOW
                                                   X = TORNADO
MAX 32 OR BELOW:   0    0.01 INCH OR MORE:   8
MAX 90 OR ABOVE:   0    0.10 INCH OR MORE:   5
MIN 32 OR BELOW:  13    0.50 INCH OR MORE:   1
MIN  0 OR BELOW:   0    1.00 INCH OR MORE:   0

[HDD (BASE 65) ]
TOTAL THIS MO.   527    CLEAR  (SCALE 0-3)  14
DPTR FM NORMAL  -153    PTCLDY (SCALE 4-7)   9
TOTAL FM JUL 1  6836    CLOUDY (SCALE 8-10)  5
DPTR FM NORMAL  -942

[CDD (BASE 65) ]
TOTAL THIS MO.     0
DPTR FM NORMAL     0    [PRESSURE DATA]
TOTAL FM JAN 1     0    HIGHEST SLP M ON M
DPTR FM NORMAL     0    LOWEST  SLP 29.54 ON  9

[REMARKS]
