000
CXUS52 KTAE 280800
CF6CTY
PRELIMINARY LOCAL CLIMATOLOGICAL DATA (WS FORM: F-6)

                                          STATION:   CROSS CITY
                                          MONTH:     MARCH
                                          YEAR:      2015
                                          LATITUDE:   29 37 N
                                          LONGITUDE:  83  6 W

  TEMPERATURE IN F:       :PCPN:    SNOW:  WIND      :SUNSHINE: SKY     :PK WND
================================================================================
1   2   3   4   5  6A  6B    7    8   9   10  11  12  13   14  15   16   17  18
                                     12Z  AVG MX 2MIN
DY MAX MIN AVG DEP HDD CDD  WTR  SNW DPTH SPD SPD DIR MIN PSBL S-S WX    SPD DR
================================================================================

 1  79  50  65   6   0   0 0.17  0.0    0  6.1  8  20   M    M   0         M  M
 2  83  59  71  11   0   6 0.00  0.0    0  4.3 10 240   M    M   0         M  M
 3  85  57  71  11   0   6 0.00  0.0    0  3.3 14 260   M    M   0        19 220
 4  82  56  69   9   0   4 0.00  0.0    0  6.0 22 200   M    M   0        30 210
 5  81  59  70  10   0   5 0.03  0.0    0  8.0 16 210   M    M   0        25 190
 6  64  47  56  -4   9   0 0.01  0.0    0 10.6 16  20   M    M   0        21  40
 7  72  43  58  -2   7   0 0.00  0.0    0  6.6 15  30   M    M   0        20  20
 8  78  39  59  -2   6   0 0.00  0.0    0  3.2  9  80   M    M   0        14  60
 9  80  50  65   4   0   0 0.00  0.0    0  2.8  9 200   M    M   0        14 170
10  87  61  74  13   0   9 0.00  0.0    0  5.7 18 200   M    M   0        23 200
11  87  60  74  13   0   9 0.00  0.0    0  3.8 17 230   M    M   0        22 220
12  83  63  73  11   0   8 0.02  0.0    0  3.9 13  20   M    M   0        17  60
13  86  68  77  15   0  12 0.02  0.0    0  6.2 14 230   M    M   0        20 150
14  81  69  75  13   0  10 0.00  0.0    0  8.7 22 200   M    M   0        30 220
15  87  60  74  12   0   9 0.00  0.0    0  4.7 14 300   M    M   0        18 290
16  89  53  71   9   0   6 0.02  0.0    M  4.3 15 280   M    M   0        19 280
17  87  52  70   8   0   5 0.03  0.0    0  6.6 20 260   M    M   0        26 280
18  89  58  74  11   0   9 0.00  0.0    0  4.9 14  30   M    M   0        18  70
19  86  60  73  10   0   8 0.00  0.0    0  3.6 13 240   M    M   0        17 210
20  89  61  75  12   0  10 0.00  0.0    0  4.0 14 270   M    M   0        22 290
21  88  62  75  12   0  10 0.00  0.0    0  4.1 14 230   M    M   0        18 230
22  84  68  76  13   0  11 0.04  0.0    0  5.8 15 250   M    M   0        19 250
23  84  62  73   9   0   8 0.12  0.0    0  6.4 15 270   M    M   0        20 250
24  75  58  67   3   0   2 0.00  0.0    0  4.2 12  20   M    M   0        15  30
25  82  56  69   5   0   4 0.00  0.0    0  3.5 13 240   M    M   0        17 230
26  79  55  67   3   0   2 0.82  0.0    0  4.8 23 290   M    M   0        34 280
27  74  53  64   0   1   0 0.08  0.0    0  8.5 20 300   M    M   0        26 290
================================================================================
SM 2221 1539        23 153  1.36     0.0 144.6          M        0
================================================================================
AV 82.3 57.0                               5.4 FASTST   M    M   0    MAX(MPH)
                                 MISC ---->  # 23 290               # 34  280
================================================================================
NOTES:
# LAST OF SEVERAL OCCURRENCES

COLUMN 17 PEAK WIND IN M.P.H.

PRELIMINARY LOCAL CLIMATOLOGICAL DATA (WS FORM: F-6) , PAGE 2

                                          STATION:  CROSS CITY
                                          MONTH:    MARCH
                                          YEAR:     2015
                                          LATITUDE:   29 37 N
                                          LONGITUDE:  83  6 W

[TEMPERATURE DATA]      [PRECIPITATION DATA]       SYMBOLS USED IN COLUMN 16

AVERAGE MONTHLY: 69.6   TOTAL FOR MONTH:   1.36    1 = FOG OR MIST
DPTR FM NORMAL:   7.8   DPTR FM NORMAL:   -2.32    2 = FOG REDUCING VISIBILITY
HIGHEST:    89 ON 20,18 GRTST 24HR  0.82 ON 26-26      TO 1/4 MILE OR LESS
LOWEST:     39 ON  8                               3 = THUNDER
                        SNOW, ICE PELLETS, HAIL    4 = ICE PELLETS
                        TOTAL MONTH:   0.0 INCH    5 = HAIL
                        GRTST 24HR     0.0         6 = FREEZING RAIN OR DRIZZLE
                        GRTST DEPTH:   0           7 = DUSTSTORM OR SANDSTORM:
                                                       VSBY 1/2 MILE OR LESS
                                                   8 = SMOKE OR HAZE
[NO. OF DAYS WITH]      [WEATHER - DAYS WITH]      9 = BLOWING SNOW
                                                   X = TORNADO
MAX 32 OR BELOW:   0    0.01 INCH OR MORE:  11
MAX 90 OR ABOVE:   0    0.10 INCH OR MORE:   3
MIN 32 OR BELOW:   0    0.50 INCH OR MORE:   1
MIN  0 OR BELOW:   0    1.00 INCH OR MORE:   0

[HDD (BASE 65) ]
TOTAL THIS MO.    23    CLEAR  (SCALE 0-3)  27
DPTR FM NORMAL  -101    PTCLDY (SCALE 4-7)   0
TOTAL FM JUL 1  1183    CLOUDY (SCALE 8-10)  0
DPTR FM NORMAL   -61

[CDD (BASE 65) ]
TOTAL THIS MO.   153
DPTR FM NORMAL   117    [PRESSURE DATA]
TOTAL FM JAN 1   169    HIGHEST SLP M ON M
DPTR FM NORMAL   106    LOWEST  SLP 29.78 ON 27

[REMARKS]
