000
CXUS52 KTAE 300800
CF6CTY
PRELIMINARY LOCAL CLIMATOLOGICAL DATA (WS FORM: F-6)

                                          STATION:   CROSS CITY
                                          MONTH:     JUNE
                                          YEAR:      2015
                                          LATITUDE:   29 37 N
                                          LONGITUDE:  83  6 W

  TEMPERATURE IN F:       :PCPN:    SNOW:  WIND      :SUNSHINE: SKY     :PK WND
================================================================================
1   2   3   4   5  6A  6B    7    8   9   10  11  12  13   14  15   16   17  18
                                     12Z  AVG MX 2MIN
DY MAX MIN AVG DEP HDD CDD  WTR  SNW DPTH SPD SPD DIR MIN PSBL S-S WX    SPD DR
================================================================================

 1  91  68  80   2   0  15 0.34  0.0    0  3.1 22 340   M    M   0        27 350
 2  82  69  76  -3   0  11 0.05  0.0    0  2.6 14 240   M    M   0        17 240
 3  90  66  78  -1   0  13 0.07  0.0    0  3.7 12 300   M    M   0        15 290
 4  93  70  82   3   0  17 0.00  0.0    0  3.1 13 360   M    M   0        17 350
 5  90  70  80   1   0  15 0.23  0.0    0  2.8 16  60   M    M   0        27  50
 6  93  69  81   2   0  16 0.42  0.0    0  3.7 16 170   M    M   0        21 110
 7  93  68  81   2   0  16 0.78  0.0    0  3.1 12  70   M    M   0        19  90
 8  92  69  81   2   0  16 0.00  0.0    0  2.9 15 290   M    M   0        19 300
 9  90  71  81   1   0  16 0.05  0.0    0  3.5 14 250   M    M   0        19 260
10  89  73  81   1   0  16 0.28  0.0    0  3.2 17 150   M    M   0        23 160
11  88  71  80   0   0  15 0.97  0.0    0  4.6 15 230   M    M   0        21 220
12  94  72  83   3   0  18 0.07  0.0    0  3.2 17 180   M    M   0        24 140
13  95  71  83   3   0  18 0.91  0.0    0  2.3 44 170   M    M   0        60 170
14  96  67  82   2   0  17 0.00  0.0    0  2.6 10 270   M    M   0        14 110
15  96  69  83   3   0  18 0.00  0.0    0  3.5 14 240   M    M   0        17 240
16  98  73  86   6   0  21 0.05  0.0    0  3.3 14 260   M    M   0        17 250
17  98  76  87   7   0  22 0.22  0.0    0  3.2 17 290   M    M   0        22 250
18  96  75  86   6   0  21 0.10  0.0    0  3.1 14 260   M    M   0        19 290
19  95  74  85   5   0  20 0.06  0.0    0  4.6 15 300   M    M   0        18 260
20  95  73  84   4   0  19 0.00  0.0    0  5.0 16 250   M    M   0        20 250
21  96  74  85   5   0  20 0.06  0.0    0  4.6 16 260   M    M   0        19 260
22   M   M   M   M   M   M    M    M    M   M   M   M   M    M   M         M  M
23  96  73  85   5   0  20 0.06  0.0    0  3.2 21 180   M    M   0        27 180
24  95  72  84   4   0  19 0.00  0.0    0  4.5 13 260   M    M   0        17 200
25  88  74  81   0   0  16 0.24  0.0    0  2.6 20 240   M    M   0        24 240
26  91  73  82   1   0  17 0.24  0.0    0  4.4 16 310   M    M   0        21 320
27  91  75  83   2   0  18 0.38  0.0    0  5.3 16 240   M    M   0        22 250
28  91  75  83   2   0  18 0.57  0.0    0  6.3 20 270   M    M   0        27 270
29  88  73  81   0   0  16 1.04  0.0    0  4.9 17 220   M    M   0        22 290
================================================================================
SM 2590 2003         0 484  7.19     0.0 102.9          M        0
================================================================================
AV 92.5 71.5                               3.7 FASTST   M    M   0    MAX(MPH)
                                 MISC ---->  # 44 170               # 60  170
================================================================================
NOTES:
# LAST OF SEVERAL OCCURRENCES

COLUMN 17 PEAK WIND IN M.P.H.

PRELIMINARY LOCAL CLIMATOLOGICAL DATA (WS FORM: F-6) , PAGE 2

                                          STATION:  CROSS CITY
                                          MONTH:    JUNE
                                          YEAR:     2015
                                          LATITUDE:   29 37 N
                                          LONGITUDE:  83  6 W

[TEMPERATURE DATA]      [PRECIPITATION DATA]       SYMBOLS USED IN COLUMN 16

AVERAGE MONTHLY: 82.0   TOTAL FOR MONTH:   7.19    1 = FOG OR MIST
DPTR FM NORMAL:   2.2   DPTR FM NORMAL:    2.28    2 = FOG REDUCING VISIBILITY
HIGHEST:    98 ON 17,16 GRTST 24HR  1.32 ON 28-29      TO 1/4 MILE OR LESS
LOWEST:     66 ON  3                               3 = THUNDER
                        SNOW, ICE PELLETS, HAIL    4 = ICE PELLETS
                        TOTAL MONTH:   0.0 INCH    5 = HAIL
                        GRTST 24HR     0.0         6 = FREEZING RAIN OR DRIZZLE
                        GRTST DEPTH:   0           7 = DUSTSTORM OR SANDSTORM:
                                                       VSBY 1/2 MILE OR LESS
                                                   8 = SMOKE OR HAZE
[NO. OF DAYS WITH]      [WEATHER - DAYS WITH]      9 = BLOWING SNOW
                                                   X = TORNADO
MAX 32 OR BELOW:   0    0.01 INCH OR MORE:  22
MAX 90 OR ABOVE:  23    0.10 INCH OR MORE:  14
MIN 32 OR BELOW:   0    0.50 INCH OR MORE:   5
MIN  0 OR BELOW:   0    1.00 INCH OR MORE:   1

[HDD (BASE 65) ]
TOTAL THIS MO.     0    CLEAR  (SCALE 0-3)  28
DPTR FM NORMAL     0    PTCLDY (SCALE 4-7)   0
TOTAL FM JUL 1  1213    CLOUDY (SCALE 8-10)  0
DPTR FM NORMAL   -93

[CDD (BASE 65) ]
TOTAL THIS MO.   484
DPTR FM NORMAL    52    [PRESSURE DATA]
TOTAL FM JAN 1  1323    HIGHEST SLP M ON M
DPTR FM NORMAL   412    LOWEST  SLP 29.87 ON  3

[REMARKS]
