000
CXUS55 KCAE 271400
CF6CUB
PRELIMINARY LOCAL CLIMATOLOGICAL DATA (WS FORM: F-6)

                                          STATION:   HAMILTON - OWENS AIRPORT SC
                                          MONTH:     FEBRUARY
                                          YEAR:      2015
                                          LATITUDE:   33 58 N
                                          LONGITUDE:  80 59 W

  TEMPERATURE IN F:       :PCPN:    SNOW:  WIND      :SUNSHINE: SKY     :PK WND
================================================================================
1   2   3   4   5  6A  6B    7    8   9   10  11  12  13   14  15   16   17  18
                                     12Z  AVG MX 2MIN
DY MAX MIN AVG DEP HDD CDD  WTR  SNW DPTH SPD SPD DIR MIN PSBL S-S WX    SPD DR
================================================================================

 1  66  38  52   5  13   0    T    M    M  6.4 18 180   M    M   2        25 170
 2  61  35  48   0  17   0 0.59    M    M 12.1 31 270   M    M   5 1      43 260
 3  50  27  39  -9  26   0 0.00    M    M  1.6  8  60   M    M   0        15  20
 4  55  31  43  -5  22   0    T    M    M  1.0  7 180   M    M   4 18     11 180
 5  60  36  48   0  17   0 0.01    M    M  4.9 14 360   M    M   4        23 360
 6  50  26  38 -10  27   0 0.00    M    M  1.9  8 120   M    M   0 8      12 110
 7  65  28  47  -1  18   0 0.00    M    M  4.3 15 250   M    M   0 8      21 250
 8  71  36  54   6  11   0 0.00    M    M  4.5 20 220   M    M   0        28 220
 9  68  45  57   9   8   0 0.17    M    M  2.0 12 270   M    M   8 123    16 270
10  56  40  48  -1  17   0    T    M    M  4.6 14  30   M    M   8 1      22 340
11  58  35  47  -2  18   0 0.00    M    M  1.7 10 260   M    M   0 8      14 360
12  63  33  48  -1  17   0 0.00    M    M  6.9 25 290   M    M   0 18     37 300
13  45  29  37 -12  28   0 0.00    M    M  3.1 10  30   M    M   0        16  20
14  59  25  42  -7  23   0 0.00  0.0    0  9.3 25 280   M    M   0 8      39 290
15  54  28  41  -8  24   0 0.00    M    M  5.9 22 300   M    M   0        34 300
16  42  30  36 -14  29   0 0.22    M    M  4.0  9  40   M    M   8 1      14  40
17  39  32  36 -14  29   0 0.43    M    M  3.1  9 340   M    M  10 1      14  30
18  49  30  40 -10  25   0 0.00    M    M  9.8 29 280   M    M   6 18     39 280
19  33  21  27 -23  38   0 0.00    M    M  8.1 18 310   M    M   0        26 310
20  37  16  27 -23  38   0 0.00    M    M  1.7  7 120   M    M   1        11 170
21  65  30  48  -2  17   0 0.00    M    M  6.0 21 200   M    M   7        27 200
22  65  50  58   7   7   0 0.93    M    M  2.0 14 260   M    M   9 1      20 280
23  59  43  51   0  14   0 0.52    M    M  4.1 10  30   M    M  10 1      17  50
24  43  32  38 -13  27   0 0.10    M    M  3.5 12  70   M    M  10 1468   17  70
25  41  34  38 -13  27   0 1.36    M    M  3.7  9 280   M    M  10 18     14  10
26  44  35  40 -12  25   0 0.18    M    M  2.7 12  70   M    M   8 1      15  70
================================================================================
SM 1398  845       562   0  4.51     0.0 118.9          M      110
================================================================================
AV 53.8 32.5                               4.6 FASTST   M    M   4    MAX(MPH)
                                 MISC ---->  # 31 270               # 43  260
================================================================================
NOTES:
# LAST OF SEVERAL OCCURRENCES

COLUMN 17 PEAK WIND IN M.P.H.

PRELIMINARY LOCAL CLIMATOLOGICAL DATA (WS FORM: F-6) , PAGE 2

                                          STATION:  HAMILTON - OWENS AIRPORT SC
                                          MONTH:    FEBRUARY
                                          YEAR:     2015
                                          LATITUDE:   33 58 N
                                          LONGITUDE:  80 59 W

[TEMPERATURE DATA]      [PRECIPITATION DATA]       SYMBOLS USED IN COLUMN 16

AVERAGE MONTHLY: 43.1   TOTAL FOR MONTH:   4.51    1 = FOG OR MIST
DPTR FM NORMAL:  -6.1   DPTR FM NORMAL:    1.15    2 = FOG REDUCING VISIBILITY
HIGHEST:    71 ON  8    GRTST 24HR  1.54 ON 25-26      TO 1/4 MILE OR LESS
LOWEST:     16 ON 20                               3 = THUNDER
                        SNOW, ICE PELLETS, HAIL    4 = ICE PELLETS
                        TOTAL MONTH:   0.0 INCH    5 = HAIL
                        GRTST 24HR     0.0         6 = FREEZING RAIN OR DRIZZLE
                        GRTST DEPTH:   0           7 = DUSTSTORM OR SANDSTORM:
                                                       VSBY 1/2 MILE OR LESS
                                                   8 = SMOKE OR HAZE
[NO. OF DAYS WITH]      [WEATHER - DAYS WITH]      9 = BLOWING SNOW
                                                   X = TORNADO
MAX 32 OR BELOW:   0    0.01 INCH OR MORE:  10
MAX 90 OR ABOVE:   0    0.10 INCH OR MORE:   9
MIN 32 OR BELOW:  14    0.50 INCH OR MORE:   4
MIN  0 OR BELOW:   0    1.00 INCH OR MORE:   1

[HDD (BASE 65) ]
TOTAL THIS MO.   562    CLEAR  (SCALE 0-3)  12
DPTR FM NORMAL   152    PTCLDY (SCALE 4-7)   7
TOTAL FM JUL 1  2085    CLOUDY (SCALE 8-10)  7
DPTR FM NORMAL   183

[CDD (BASE 65) ]
TOTAL THIS MO.     0
DPTR FM NORMAL     0    [PRESSURE DATA]
TOTAL FM JAN 1     0    HIGHEST SLP M ON M
DPTR FM NORMAL    -1    LOWEST  SLP 29.61 ON 26

[REMARKS]
