000
CXUS53 KUNR 290945
CF6CUT
PRELIMINARY LOCAL CLIMATOLOGICAL DATA (WS FORM: F-6)

                                          STATION:   CUSTER COUNTY AIRPORT SD
                                          MONTH:     AUGUST
                                          YEAR:      2015
                                          LATITUDE:   43 43 N
                                          LONGITUDE: 103 37 W

  TEMPERATURE IN F:       :PCPN:    SNOW:  WIND      :SUNSHINE: SKY     :PK WND
================================================================================
1   2   3   4   5  6A  6B    7    8   9   10  11  12  13   14  15   16   17  18
                                     12Z  AVG MX 2MIN
DY MAX MIN AVG DEP HDD CDD  WTR  SNW DPTH SPD SPD DIR MIN PSBL S-S WX    SPD DR
================================================================================

 1  87  56  72   6   0   7 0.00    M    M  5.5 16  90   M    M   1        19  80
 2  83  58  71   5   0   6 0.00    M    M  7.2 18  90   M    M   1        23  80
 3  76  52  64  -2   1   0 0.00    M    M  8.0 16  90   M    M   0        20  80
 4  77  55  66   0   0   1 0.00    M    M  6.6 15 110   M    M   4 18     22 170
 5  85  52  69   3   0   4 0.46    M    M  5.1 15 320   M    M   1 13     22 320
 6  76  52  64  -1   1   0 0.00    M    M  6.7 23 280   M    M   0 1      31 270
 7  76  49  63  -2   2   0 0.01    M    M  2.8 14 290   M    M   2        20 270
 8  77  56  67   2   0   2    T    M    M  5.4 16 130   M    M   3        24 120
 9  73  52  63  -2   2   0 0.00    M    M  5.2 17 110   M    M   3 13     23 100
10  75  49  62  -3   3   0 0.01    M    M  5.4 14  90   M    M   2 1      18 100
11  82  53  68   3   0   3 0.00    M    M  5.6 14 180   M    M   0 3      21 190
12  90  59  75  10   0  10    T    M    M  5.3 18 270   M    M   1 1      28 270
13  86  60  73   8   0   8    T    M    M  5.1 14  70   M    M   4        21 360
14  88  57  73   9   0   8 0.00    M    M  5.7 15 140   M    M   0        23 120
15  93  64  79  15   0  14 0.01    M    M  7.9 16  80   M    M   3 3      22  50
16  71  49  60  -4   5   0 0.00    M    M 10.1 16  80   M    M   2        21  80
17  60  47  54 -10  11   0 1.50    M    M  7.5 22  20   M    M  10 123    35  20
18  53  45  49 -15  16   0 0.04    M    M  6.7 17  20   M    M   8 1      24  10
19  65  44  55  -9  10   0 0.00    M    M  4.7 16 290   M    M   5 8      23 270
20  76  42  59  -5   6   0 0.00    M    M  5.7 17 270   M    M   0        23 270
21  83  51  67   4   0   2 0.00    M    M  3.9 15 250   M    M   0        22 250
22  64  39  52 -11  13   0 0.00    M    M 12.1 30 290   M    M   1 8      45 300
23  70  35  53 -10  12   0 0.00    M    M  5.3 14 240   M    M   0        21  60
24  75  39  57  -6   8   0 0.00    M    M  4.2 12 130   M    M   0        16 140
25  83  48  66   4   0   1 0.00    M    M  5.1 13 170   M    M   0        18 160
26  86  54  70   8   0   5 0.09    M    M  6.8 16 210   M    M   0 13     28 230
27  74  56  65   3   0   0 0.01    M    M  5.8 18  10   M    M   4        26 350
28  81  54  68   6   0   3 0.00    M    M  4.0 12  40   M    M   0 8      14 120
================================================================================
SM 2165 1427        90  74  2.13    M    169.4          M       55
================================================================================
AV 77.3 51.0                               6.1 FASTST   M    M   2    MAX(MPH)
                                 MISC ---->  # 30 290               # 45  300
================================================================================
NOTES:
# LAST OF SEVERAL OCCURRENCES

COLUMN 17 PEAK WIND IN M.P.H.

PRELIMINARY LOCAL CLIMATOLOGICAL DATA (WS FORM: F-6) , PAGE 2

                                          STATION:  CUSTER COUNTY AIRPORT SD
                                          MONTH:    AUGUST
                                          YEAR:     2015
                                          LATITUDE:   43 43 N
                                          LONGITUDE: 103 37 W

[TEMPERATURE DATA]      [PRECIPITATION DATA]       SYMBOLS USED IN COLUMN 16

AVERAGE MONTHLY: 64.1   TOTAL FOR MONTH:   2.13    1 = FOG OR MIST
DPTR FM NORMAL:  -0.1   DPTR FM NORMAL:    0.22    2 = FOG REDUCING VISIBILITY
HIGHEST:    93 ON 15    GRTST 24HR  1.52 ON 17-18      TO 1/4 MILE OR LESS
LOWEST:     35 ON 23                               3 = THUNDER
                        SNOW, ICE PELLETS, HAIL    4 = ICE PELLETS
                        TOTAL MONTH:    M          5 = HAIL
                        GRTST 24HR    M  ON   M    6 = FREEZING RAIN OR DRIZZLE
                        GRTST DEPTH:  M  ON   M    7 = DUSTSTORM OR SANDSTORM:
                                                       VSBY 1/2 MILE OR LESS
                                                   8 = SMOKE OR HAZE
[NO. OF DAYS WITH]      [WEATHER - DAYS WITH]      9 = BLOWING SNOW
                                                   X = TORNADO
MAX 32 OR BELOW:   0    0.01 INCH OR MORE:   8
MAX 90 OR ABOVE:   2    0.10 INCH OR MORE:   2
MIN 32 OR BELOW:   0    0.50 INCH OR MORE:   1
MIN  0 OR BELOW:   0    1.00 INCH OR MORE:   1

[HDD (BASE 65) ]
TOTAL THIS MO.    90    CLEAR  (SCALE 0-3)  22
DPTR FM NORMAL    13    PTCLDY (SCALE 4-7)   4
TOTAL FM JUL 1   146    CLOUDY (SCALE 8-10)  2
DPTR FM NORMAL     8

[CDD (BASE 65) ]
TOTAL THIS MO.    74
DPTR FM NORMAL    25    [PRESSURE DATA]
TOTAL FM JAN 1   171    HIGHEST SLP M ON M
DPTR FM NORMAL    15    LOWEST  SLP 29.20 ON 22

[REMARKS]
