000
CXUS51 KILN 280612
CF6CVG
PRELIMINARY LOCAL CLIMATOLOGICAL DATA (WS FORM: F-6)

                                          STATION:   CINCINNATI OH
                                          MONTH:     APRIL
                                          YEAR:      2016
                                          LATITUDE:   39  2 N
                                          LONGITUDE:  84 40 W

  TEMPERATURE IN F:       :PCPN:    SNOW:  WIND      :SUNSHINE: SKY     :PK WND
================================================================================
1   2   3   4   5  6A  6B    7    8   9   10  11  12  13   14  15   16   17  18
                                     12Z  AVG MX 2MIN
DY MAX MIN AVG DEP HDD CDD  WTR  SNW DPTH SPD SPD DIR MIN PSBL S-S WX    SPD DR
================================================================================

 1  63  46  55   6  10   0 0.04  0.0    0 10.8 26 270   M    M   6 1      35 270
 2  53  33  43  -7  22   0    T  0.0    0 18.3 43 310   M    M   5 8      55 280
 3  59  26  43  -7  22   0 0.00  0.0    0 10.4 21 200   M    M   0        28 210
 4  63  34  49  -1  16   0    T  0.0    0 15.2 25 280   M    M   8 1      30 320
 5  46  32  39 -12  26   0    T    T    0  8.0 15  80   M    M   6 1      22  80
 6  66  37  52   1  13   0 0.13  0.0    0 16.2 36 280   M    M   9 1      46 280
 7  48  37  43  -8  22   0 0.03    T    0 15.1 29 280   M    M  10 1      38 280
 8  44  28  36 -16  29   0 0.14    T    0 11.0 29 310   M    M   7 1      39 290
 9  41  30  36 -16  29   0    T    T    0 13.7 26 310   M    M   6        35 290
10  60  29  45  -7  20   0 0.22  0.0    0 13.8 23 180   M    M   8 1      35 160
11  61  41  51  -2  14   0 1.13  0.0    0 11.2 23 200   M    M   8 1      32 200
12  53  33  43 -10  22   0 0.00  0.0    0  7.3 15  20   M    M   0        18  10
13  60  37  49  -4  16   0 0.00  0.0    0  8.9 18  90   M    M   1        28 100
14  68  39  54   0  11   0 0.00  0.0    0  8.0 14  70   M    M   1        18  70
15  77  45  61   7   4   0 0.00  0.0    0  6.3 14  40   M    M   2        16  40
16  78  52  65  11   0   0 0.00  0.0    0  5.9 13  90   M    M   0        17 100
17  81  49  65  10   0   0 0.00  0.0    0  2.5 10 110   M    M   0        14 110
18  83  48  66  11   0   1 0.00  0.0    0  2.3 12 250   M    M   5        15 240
19  83  51  67  12   0   2 0.00  0.0    0  3.7 20  60   M    M   7        22  60
20  82  55  69  13   0   4    T  0.0    0  8.0 18 140   M    M   7        30 160
21  72  56  64   8   1   0 0.18  0.0    0  8.7 24 250   M    M  10 13     33 270
22  65  54  60   4   5   0 0.25  0.0    0  5.9 17 290   M    M   9 1      21 290
23  67  50  59   2   6   0 0.00  0.0    0  8.7 17  20   M    M   4 18     21  30
24  75  45  60   3   5   0 0.00  0.0    0  3.9 12 160   M    M   2        15 170
25  80  53  67  10   0   2 0.00  0.0    0  8.7 22 190   M    M   5        32 190
26  82  60  71  13   0   6 1.24  0.0    0  8.3 45 320   M    M   6 123    51 360
27  65  51  58   0   7   0 0.73  0.0    0  7.5 17  80   M    M  10 1238   20  80
================================================================================
SM 1775 1151       300  15  4.09    T    248.3          M      142
================================================================================
AV 65.7 42.6                               9.2 FASTST   M    M   5    MAX(MPH)
                                 MISC ---->  # 45 320               # 55  280
================================================================================
NOTES:
# LAST OF SEVERAL OCCURRENCES

COLUMN 17 PEAK WIND IN M.P.H.

PRELIMINARY LOCAL CLIMATOLOGICAL DATA (WS FORM: F-6) , PAGE 2

                                          STATION:  CINCINNATI OH
                                          MONTH:    APRIL
                                          YEAR:     2016
                                          LATITUDE:   39  2 N
                                          LONGITUDE:  84 40 W

[TEMPERATURE DATA]      [PRECIPITATION DATA]       SYMBOLS USED IN COLUMN 16

AVERAGE MONTHLY: 54.2   TOTAL FOR MONTH:   4.09    1 = FOG OR MIST
DPTR FM NORMAL:   0.5   DPTR FM NORMAL:    0.61    2 = FOG REDUCING VISIBILITY
HIGHEST:    83 ON 19,18 GRTST 24HR  1.40 ON 31- 1      TO 1/4 MILE OR LESS
LOWEST:     26 ON  3                               3 = THUNDER
                        SNOW, ICE PELLETS, HAIL    4 = ICE PELLETS
                        TOTAL MONTH:    T          5 = HAIL
                        GRTST 24HR    T  ON  9- 9  6 = FREEZING RAIN OR DRIZZLE
                        GRTST DEPTH:   0           7 = DUSTSTORM OR SANDSTORM:
                                                       VSBY 1/2 MILE OR LESS
                                                   8 = SMOKE OR HAZE
[NO. OF DAYS WITH]      [WEATHER - DAYS WITH]      9 = BLOWING SNOW
                                                   X = TORNADO
MAX 32 OR BELOW:   0    0.01 INCH OR MORE:  10
MAX 90 OR ABOVE:   0    0.10 INCH OR MORE:   8
MIN 32 OR BELOW:   5    0.50 INCH OR MORE:   3
MIN  0 OR BELOW:   0    1.00 INCH OR MORE:   2

[HDD (BASE 65) ]
TOTAL THIS MO.   300    CLEAR  (SCALE 0-3)   8
DPTR FM NORMAL   -19    PTCLDY (SCALE 4-7)  14
TOTAL FM JUL 1  3962    CLOUDY (SCALE 8-10)  5
DPTR FM NORMAL  -850

[CDD (BASE 65) ]
TOTAL THIS MO.    15
DPTR FM NORMAL     0    [PRESSURE DATA]
TOTAL FM JAN 1    15    HIGHEST SLP 30.47 ON  5
DPTR FM NORMAL     0    LOWEST  SLP 29.52 ON  6

[REMARKS]
