000
CXUS52 KCHS 220915
CF6CXM
PRELIMINARY LOCAL CLIMATOLOGICAL DATA (WS FORM: F-6)

                                          STATION:   DOWNTOWN CHARLESTON SC
                                          MONTH:     OCTOBER
                                          YEAR:      2014
                                          LATITUDE:   32 46 N
                                          LONGITUDE:  79 56 W

  TEMPERATURE IN F:       :PCPN:    SNOW:  WIND      :SUNSHINE: SKY     :PK WND
================================================================================
1   2   3   4   5  6A  6B    7    8   9   10  11  12  13   14  15   16   17  18
                                     12Z  AVG MX 2MIN
DY MAX MIN AVG DEP HDD CDD  WTR  SNW DPTH SPD SPD DIR MIN PSBL S-S WX    SPD DR
================================================================================

 1  81   M   M   M   M   M 0.00    M    M   M   M   M   M    M   M         M  M
 2  85  68  77   4   0  12 0.00    M    M   M  12 120   M    M   M        13 120
 3  82  70  76   4   0  11 0.00    M    M   M  18 190   M    M   M        24 190
 4  79  57  68  -4   0   3 0.00    M    M   M  13 280   M    M   M        25 270
 5  70  54  62 -10   3   0 0.00    M    M  8.5 14  20   M    M   M        18  20
 6  76  59  68  -3   0   3 0.00    M    M   M  13 190   M    M   M        16 180
 7  81  67  74   3   0   9 0.00    M    M   M  12 210   M    M   M        18 220
 8  86  70  78   7   0  13 0.00    M    M   M  14 200   M    M   M        19 220
 9  81  71  76   5   0  11 0.00    M    M   M  13  80   M    M   M        18  90
10  86  70  78   8   0  13 0.00    M    M  7.1 13 120   M    M   M        16 130
11  88  71  80  10   0  15 0.00    M    M  6.0 12 180   M    M   M        17 220
12  86  72  79   9   0  14 0.00    M    M  7.0 15 110   M    M   M        21  80
13  87  72  80  11   0  15 0.00    M    M   M  14  90   M    M   M        17  90
14  83  71  77   8   0  12 0.23    M    M   M  16 160   M    M   M        24 160
15  78  65  72   3   0   7 0.77    M    M   M  15 190   M    M   M        20 190
16  74  61  68  -1   0   3 0.00    M    M   M  12 260   M    M   M        20 250
17  78  55  67  -1   0   2 0.00    M    M   M   7 260   M    M   M        14 260
18  83  64  74   6   0   9 0.00    M    M   M  12 260   M    M   M        19 280
19  70  59  65  -3   0   0 0.00    M    M 10.4 20  10   M    M   M         M  M
20  76  60  68   1   0   3 0.00    M    M   M  10 120   M    M   M        16 140
21  79  66  73   6   0   8 0.03    M    M   M   8 250   M    M   M        15 260
================================================================================
SM 1689 1302         3 163  1.03    M     39.0          M        M
================================================================================
AV 80.4 65.1                               7.8 FASTST   M    M   3    MAX(MPH)
                                 MISC ---->  # 20  10                 25    M
================================================================================
NOTES:
# LAST OF SEVERAL OCCURRENCES

COLUMN 17 PEAK WIND IN M.P.H.

PRELIMINARY LOCAL CLIMATOLOGICAL DATA (WS FORM: F-6) , PAGE 2

                                          STATION:  DOWNTOWN CHARLESTON SC
                                          MONTH:    OCTOBER
                                          YEAR:     2014
                                          LATITUDE:   32 46 N
                                          LONGITUDE:  79 56 W

[TEMPERATURE DATA]      [PRECIPITATION DATA]       SYMBOLS USED IN COLUMN 16

AVERAGE MONTHLY: 72.8   TOTAL FOR MONTH:   1.03    1 = FOG OR MIST
DPTR FM NORMAL:   2.8   DPTR FM NORMAL:   -1.73    2 = FOG REDUCING VISIBILITY
HIGHEST:    88 ON 11    GRTST 24HR  0.77 ON 15-15      TO 1/4 MILE OR LESS
LOWEST:     54 ON  5                               3 = THUNDER
                        SNOW, ICE PELLETS, HAIL    4 = ICE PELLETS
                        TOTAL MONTH:    M          5 = HAIL
                        GRTST 24HR    M  ON   M    6 = FREEZING RAIN OR DRIZZLE
                        GRTST DEPTH:  M  ON   M    7 = DUSTSTORM OR SANDSTORM:
                                                       VSBY 1/2 MILE OR LESS
                                                   8 = SMOKE OR HAZE
[NO. OF DAYS WITH]      [WEATHER - DAYS WITH]      9 = BLOWING SNOW
                                                   X = TORNADO
MAX 32 OR BELOW:   0    0.01 INCH OR MORE:   3
MAX 90 OR ABOVE:   0    0.10 INCH OR MORE:   2
MIN 32 OR BELOW:   0    0.50 INCH OR MORE:   1
MIN  0 OR BELOW:   0    1.00 INCH OR MORE:   0

[HDD (BASE 65) ]
TOTAL THIS MO.     3    CLEAR  (SCALE 0-3)   0
DPTR FM NORMAL   -14    PTCLDY (SCALE 4-7)   0
TOTAL FM JUL 1     3    CLOUDY (SCALE 8-10)  0
DPTR FM NORMAL   -15

[CDD (BASE 65) ]
TOTAL THIS MO.   163
DPTR FM NORMAL    42    [PRESSURE DATA]
TOTAL FM JAN 1  2490    HIGHEST SLP M ON M
DPTR FM NORMAL   186    LOWEST  SLP M ON M

[REMARKS]
