000
CXUS54 KHGX 281415
CF6CXO
PRELIMINARY LOCAL CLIMATOLOGICAL DATA (WS FORM: F-6)

                                          STATION:   CONROE
                                          MONTH:     APRIL
                                          YEAR:      2016
                                          LATITUDE:   30 21 N
                                          LONGITUDE:  95 25 W

  TEMPERATURE IN F:       :PCPN:    SNOW:  WIND      :SUNSHINE: SKY     :PK WND
================================================================================
1   2   3   4   5  6A  6B    7    8   9   10  11  12  13   14  15   16   17  18
                                     12Z  AVG MX 2MIN
DY MAX MIN AVG DEP HDD CDD  WTR  SNW DPTH SPD SPD DIR MIN PSBL S-S WX    SPD DR
================================================================================

 1  68  46  57  -7   8   0 0.01  0.0    0 10.4 23  20   M    M   6 3      38  30
 2  73  43  58  -6   7   0 0.00  0.0    0  7.7 21 340   M    M   0        26 310
 3  76  36  56  -8   9   0 0.00  0.0    0  2.4 10 180   M    M   0        14 200
 4  81  43  62  -2   3   0 0.00  0.0    0  2.7 13 210   M    M   0        17 210
 5  83  45  64  -1   1   0 0.00  0.0    0  5.9 18 140   M    M   0        23 160
 6  81  47  64  -1   1   0 0.00  0.0    0  5.6 17 340   M    M   3 1      23 320
 7  84  41  63  -2   2   0 0.00  0.0    0  2.6 12 250   M    M   0 18     15 230
 8  82  47  65   0   0   0 0.00  0.0    0  3.1 15  60   M    M   0        22  50
 9  78  47  63  -2   2   0    T    M    0  6.3 20 150   M    M   1        26 160
10  82  52  67   1   0   2 0.02  0.0    0 10.9 24 180   M    M   6 13     31 190
11  78  69  74   8   0   9 0.10  0.0    0  9.6 21 160   M    M  10 138    29 160
12  75  65  70   4   0   5    T  0.0    0  6.1 15  90   M    M  10 13     19 100
13  71  61  66   0   0   1 1.20  0.0    0  4.1 24 220   M    M   9 13     31 230
14  75  59  67   1   0   2 0.00  0.0    0  5.6 14 310   M    M   9 1      18 340
15  79  53  66  -1   0   1 0.00  0.0    0  2.6  9 140   M    M   4 1      12 120
16  82  62  72   5   0   7    T  0.0    0 11.1 21 130   M    M   8 1      30 140
17  78  68  73   6   0   8 0.59  0.0    0 11.2 20 100   M    M   9 13     31 100
18  72  64  68   1   0   3 6.34  0.0    0  4.5 16 160   M    M   8 13     21 160
19  82  66  74   6   0   9    T  0.0    0  4.3 18 160   M    M   8 12     22 150
20  77  63  70   2   0   5 0.21  0.0    0  3.7 20 330   M    M   6 13     27 320
21  79  60  70   2   0   5 0.76  0.0    0  2.3 22 330   M    M   4 123    30 340
22  81  57  69   1   0   4 0.00  0.0    0  3.8 14 320   M    M   1        20 350
23  82  52  67  -1   0   2 0.00  0.0    0  2.6 13 140   M    M   1        20 150
24  77  54  66  -3   0   1 0.19  0.0    0  5.8 21 150   M    M   5 1      26 150
25  87  67  77   8   0  12 0.00  0.0    0  9.2 20 140   M    M   6 1      25 140
26  86  73  80  11   0  15 0.00  0.0    0 11.8 22 150   M    M   9 18     27 140
27  85  63  74   4   0   9 0.57  0.0    0  6.8 38 270   M    M   3 1238   59 270
================================================================================
SM 2134 1503        33 100  9.99     0.0 162.7          M      126
================================================================================
AV 79.0 55.7                               6.0 FASTST   M    M   5    MAX(MPH)
                                 MISC ---->  # 38 270               # 59  270
================================================================================
NOTES:
# LAST OF SEVERAL OCCURRENCES

COLUMN 17 PEAK WIND IN M.P.H.

PRELIMINARY LOCAL CLIMATOLOGICAL DATA (WS FORM: F-6) , PAGE 2

                                          STATION:  CONROE
                                          MONTH:    APRIL
                                          YEAR:     2016
                                          LATITUDE:   30 21 N
                                          LONGITUDE:  95 25 W

[TEMPERATURE DATA]      [PRECIPITATION DATA]       SYMBOLS USED IN COLUMN 16

AVERAGE MONTHLY: 67.4   TOTAL FOR MONTH:   9.99    1 = FOG OR MIST
DPTR FM NORMAL:   0.8   DPTR FM NORMAL:    7.69    2 = FOG REDUCING VISIBILITY
HIGHEST:    87 ON 25    GRTST 24HR  6.82 ON 17-18      TO 1/4 MILE OR LESS
LOWEST:     36 ON  3                               3 = THUNDER
                        SNOW, ICE PELLETS, HAIL    4 = ICE PELLETS
                        TOTAL MONTH:   0.0 INCH    5 = HAIL
                        GRTST 24HR     0.0         6 = FREEZING RAIN OR DRIZZLE
                        GRTST DEPTH:   0           7 = DUSTSTORM OR SANDSTORM:
                                                       VSBY 1/2 MILE OR LESS
                                                   8 = SMOKE OR HAZE
[NO. OF DAYS WITH]      [WEATHER - DAYS WITH]      9 = BLOWING SNOW
                                                   X = TORNADO
MAX 32 OR BELOW:   0    0.01 INCH OR MORE:  10
MAX 90 OR ABOVE:   0    0.10 INCH OR MORE:   8
MIN 32 OR BELOW:   0    0.50 INCH OR MORE:   5
MIN  0 OR BELOW:   0    1.00 INCH OR MORE:   2

[HDD (BASE 65) ]
TOTAL THIS MO.    33    CLEAR  (SCALE 0-3)  11
DPTR FM NORMAL   -31    PTCLDY (SCALE 4-7)  10
TOTAL FM JUL 1  1318    CLOUDY (SCALE 8-10)  6
DPTR FM NORMAL  -419

[CDD (BASE 65) ]
TOTAL THIS MO.   100
DPTR FM NORMAL    -5    [PRESSURE DATA]
TOTAL FM JAN 1   210    HIGHEST SLP M ON M
DPTR FM NORMAL    37    LOWEST  SLP 29.58 ON 27

[REMARKS]
