000
CXUS55 KCYS 181000
CF6CYS
PRELIMINARY LOCAL CLIMATOLOGICAL DATA (WS FORM: F-6)

                                          STATION:   CHEYENNE WYOMING AIRPORT
                                          MONTH:     FEBRUARY
                                          YEAR:      2018
                                          LATITUDE:   41  9 N
                                          LONGITUDE: 104 49 W

  TEMPERATURE IN F:       :PCPN:    SNOW:  WIND      :SUNSHINE: SKY     :PK WND
================================================================================
1   2   3   4   5  6A  6B    7    8   9   10  11  12  13   14  15   16   17  18
                                     12Z  AVG MX 2MIN
DY MAX MIN AVG DEP HDD CDD  WTR  SNW DPTH SPD SPD DIR MIN PSBL S-S WX    SPD DR
================================================================================

 1  28  20  24  -4  41   0 0.08  1.1    1  7.6 20 210   M    M   7 1      24 210
 2  52  16  34   6  31   0 0.00  0.0    T 12.3 31 270   M    M   2        39 250
 3  51  25  38  10  27   0    T  0.0    0 21.9 51 280   M    M   3 12     64 280
 4  45   5  25  -3  40   0    T    T    0 13.0 29 250   M    M   7 12     37 250
 5  45  19  32   4  33   0 0.04  0.6    0 18.3 55 280   M    M   5 12     69 290
 6  42  18  30   2  35   0 0.03  0.3    T  9.2 24 290   M    M   5 1      32 310
 7  49  19  34   6  31   0    T    T    T 11.9 36 280   M    M   2 18     42 280
 8  54  37  46  18  19   0 0.00  0.0    0 23.1 44 280   M    M   0        54 270
 9  47   8  28   0  37   0 0.02  0.3    0 10.4 29 210   M    M   8 12     36 310
10  20   6  13 -16  52   0 0.01  0.2    T  8.2 15 200   M    M   5 1      18 180
11  40   7  24  -5  41   0 0.00  0.0    0  9.9 33 270   M    M   0        40 270
12  21   6  14 -15  51   0    T  0.4    0  7.1 15  40   M    M   9 12     20  50
13  53  15  34   5  31   0 0.00  0.0    0 14.6 38 270   M    M   1        44 270
14  53  34  44  15  21   0 0.00  0.0    0 30.3 54 260   M    M   0        71 260
15  40   9  25  -4  40   0 0.01  0.1    0 18.1 33 280   M    M   4 1      46 280
16  43   6  25  -4  40   0 0.00  0.0    T 18.1 38 280   M    M   2 1      51 310
17  49  27  38   8  27   0 0.00  0.0    0 20.2 38 280   M    M   0        47 240
================================================================================
SM  732  277       597   0  0.19     3.0 254.2          M       60
================================================================================
AV 43.1 16.3                              15.0 FASTST   M    M   4    MAX(MPH)
                                 MISC ---->  # 55 280               # 71  260
================================================================================
NOTES:
# LAST OF SEVERAL OCCURRENCES

COLUMN 17 PEAK WIND IN M.P.H.

PRELIMINARY LOCAL CLIMATOLOGICAL DATA (WS FORM: F-6) , PAGE 2

                                          STATION:  CHEYENNE WYOMING AIRPORT
                                          MONTH:    FEBRUARY
                                          YEAR:     2018
                                          LATITUDE:   41  9 N
                                          LONGITUDE: 104 49 W

[TEMPERATURE DATA]      [PRECIPITATION DATA]       SYMBOLS USED IN COLUMN 16

AVERAGE MONTHLY: 29.7   TOTAL FOR MONTH:   0.19    1 = FOG OR MIST
DPTR FM NORMAL:   1.1   DPTR FM NORMAL:   -0.05    2 = FOG REDUCING VISIBILITY
HIGHEST:    54 ON  8    GRTST 24HR  0.08 ON  1- 1      TO 1/4 MILE OR LESS
LOWEST:      5 ON  4                               3 = THUNDER
                        SNOW, ICE PELLETS, HAIL    4 = ICE PELLETS
                        TOTAL MONTH:   3.0 INCHES  5 = HAIL
                        GRTST 24HR   1.1 ON  1- 1  6 = FREEZING RAIN OR DRIZZLE
                        GRTST DEPTH:   1 ON  1     7 = DUSTSTORM OR SANDSTORM:
                                                       VSBY 1/2 MILE OR LESS
                                                   8 = SMOKE OR HAZE
[NO. OF DAYS WITH]      [WEATHER - DAYS WITH]      9 = BLOWING SNOW
                                                   X = TORNADO
MAX 32 OR BELOW:   3    0.01 INCH OR MORE:   6
MAX 90 OR ABOVE:   0    0.10 INCH OR MORE:   0
MIN 32 OR BELOW:  15    0.50 INCH OR MORE:   0
MIN  0 OR BELOW:   0    1.00 INCH OR MORE:   0

[HDD (BASE 65) ]
TOTAL THIS MO.   597    CLEAR  (SCALE 0-3)   9
DPTR FM NORMAL   -22    PTCLDY (SCALE 4-7)   6
TOTAL FM JUL 1  4213    CLOUDY (SCALE 8-10)  2
DPTR FM NORMAL  -433

[CDD (BASE 65) ]
TOTAL THIS MO.     0
DPTR FM NORMAL     0    [PRESSURE DATA]
TOTAL FM JAN 1     0    HIGHEST SLP M ON M
DPTR FM NORMAL     0    LOWEST  SLP 29.59 ON  5

[REMARKS]
