000
CXUS56 KSGX 221445
CF6CZZ
PRELIMINARY LOCAL CLIMATOLOGICAL DATA (WS FORM: F-6)

                                          STATION:   CAMPO ASOS CA
                                          MONTH:     JUNE
                                          YEAR:      2017
                                          LATITUDE:   32 37 N
                                          LONGITUDE: 116 28 W

  TEMPERATURE IN F:       :PCPN:    SNOW:  WIND      :SUNSHINE: SKY     :PK WND
================================================================================
1   2   3   4   5  6A  6B    7    8   9   10  11  12  13   14  15   16   17  18
                                     12Z  AVG MX 2MIN
DY MAX MIN AVG DEP HDD CDD  WTR  SNW DPTH SPD SPD DIR MIN PSBL S-S WX    SPD DR
================================================================================

 1  75  49  62  -1   3   0 0.00  0.0    0  7.1 22 220   M    M   0        26 200
 2  90  47  69   6   0   4 0.00  0.0    0  8.1 23  70   M    M   0        30  80
 3  92  48  70   7   0   5 0.00  0.0    0  6.9 18 220   M    M   0        23 220
 4  88  52  70   6   0   5 0.00  0.0    0  7.8 20 220   M    M   0        23 220
 5  86  52  69   5   0   4 0.00  0.0    0  7.6 18 210   M    M   0        23 210
 6  76  50  63  -1   2   0 0.00  0.0    0  8.0 20 220   M    M   0        24 220
 7  80  48  64   0   1   0 0.00  0.0    0  8.7 21 220   M    M   0        25 220
 8  84  44  64   0   1   0 0.00  0.0    0  7.2 20 220   M    M   0        25 230
 9  82  41  62  -2   3   0 0.00  0.0    0  9.3 21 290   M    M   0        27 290
10  73  44  59  -6   6   0 0.00  0.0    0  9.9 22 230   M    M   0        26 220
11  67  42  55 -10  10   0 0.00  0.0    0 10.9 22 220   M    M   0        28 230
12  75  43  59  -6   6   0 0.00  0.0    0  8.0 18 260   M    M   0        26 270
13  86  34  60  -5   5   0 0.00  0.0    0  6.9 21 220   M    M   0        25 220
14  92  40  66   0   0   1 0.00  0.0    0  7.9 22 220   M    M   0        27 220
15  95  46  71   5   0   6 0.00  0.0    0  7.0 18 220   M    M   0        23 220
16  97  46  72   6   0   7 0.00  0.0    0  8.0 17 250   M    M   0        22 250
17  98  48  73   7   0   8 0.00  0.0    0  8.9 22 220   M    M   0        26 230
18  99  50  75   8   0  10 0.00  0.0    0  7.7 17 230   M    M   0        24 210
19 101  53  77  10   0  12 0.00  0.0    0  7.3 20 220   M    M   0        26 220
20 106  57  82  15   0  17 0.00  0.0    0  7.3 16 280   M    M   0        21 280
21 104  57  81  13   0  16 0.00  0.0    0  6.9 17 220   M    M   0        22 200
================================================================================
SM 1846  991        37  95  0.00     0.0 167.4          M        0
================================================================================
AV 87.9 47.2                               8.0 FASTST   M    M   0    MAX(MPH)
                                 MISC ---->  # 23  70               # 30   80
================================================================================
NOTES:
# LAST OF SEVERAL OCCURRENCES

COLUMN 17 PEAK WIND IN M.P.H.

PRELIMINARY LOCAL CLIMATOLOGICAL DATA (WS FORM: F-6) , PAGE 2

                                          STATION:  CAMPO ASOS CA
                                          MONTH:    JUNE
                                          YEAR:     2017
                                          LATITUDE:   32 37 N
                                          LONGITUDE: 116 28 W

[TEMPERATURE DATA]      [PRECIPITATION DATA]       SYMBOLS USED IN COLUMN 16

AVERAGE MONTHLY: 67.6   TOTAL FOR MONTH:   0.00    1 = FOG OR MIST
DPTR FM NORMAL:   2.5   DPTR FM NORMAL:   -0.08    2 = FOG REDUCING VISIBILITY
HIGHEST:   106 ON 20    GRTST 24HR  0.00 ON 21-21      TO 1/4 MILE OR LESS
LOWEST:     34 ON 13                               3 = THUNDER
                        SNOW, ICE PELLETS, HAIL    4 = ICE PELLETS
                        TOTAL MONTH:   0.0 INCH    5 = HAIL
                        GRTST 24HR     0.0         6 = FREEZING RAIN OR DRIZZLE
                        GRTST DEPTH:   0           7 = DUSTSTORM OR SANDSTORM:
                                                       VSBY 1/2 MILE OR LESS
                                                   8 = SMOKE OR HAZE
[NO. OF DAYS WITH]      [WEATHER - DAYS WITH]      9 = BLOWING SNOW
                                                   X = TORNADO
MAX 32 OR BELOW:   0    0.01 INCH OR MORE:   0
MAX 90 OR ABOVE:  10    0.10 INCH OR MORE:   0
MIN 32 OR BELOW:   0    0.50 INCH OR MORE:   0
MIN  0 OR BELOW:   0    1.00 INCH OR MORE:   0

[HDD (BASE 65) ]
TOTAL THIS MO.    37    CLEAR  (SCALE 0-3)  21
DPTR FM NORMAL    -9    PTCLDY (SCALE 4-7)   0
TOTAL FM JUL 1  2704    CLOUDY (SCALE 8-10)  0
DPTR FM NORMAL  -269

[CDD (BASE 65) ]
TOTAL THIS MO.    95
DPTR FM NORMAL    44    [PRESSURE DATA]
TOTAL FM JAN 1   122    HIGHEST SLP M ON M
DPTR FM NORMAL    41    LOWEST  SLP 29.65 ON 21

[REMARKS]
