000
CXUS53 KUNR 230945
CF6D07
PRELIMINARY LOCAL CLIMATOLOGICAL DATA (WS FORM: F-6)

                                          STATION:   FAITH SD
                                          MONTH:     JULY
                                          YEAR:      2016
                                          LATITUDE:   45  1 N
                                          LONGITUDE: 102  1 W

  TEMPERATURE IN F:       :PCPN:    SNOW:  WIND      :SUNSHINE: SKY     :PK WND
================================================================================
1   2   3   4   5  6A  6B    7    8   9   10  11  12  13   14  15   16   17  18
                                     12Z  AVG MX 2MIN
DY MAX MIN AVG DEP HDD CDD  WTR  SNW DPTH SPD SPD DIR MIN PSBL S-S WX    SPD DR
================================================================================

 1  72  52  62  -8   3   0 0.00    M    M 17.6 29 160   M    M   M        35 160
 2  79  55  67  -3   0   2 0.00    M    M 16.7 25 160   M    M   M        32 170
 3  88  59  74   3   0   9 0.01    M    M 18.0 28 160   M    M   M        34 160
 4  96  64  80   9   0  15 0.14    M    M 10.4 33 310   M    M   M        41 300
 5  84  60  72   1   0   7 0.04    M    M 10.6 25  20   M    M   M        33  30
 6  82  56  69  -2   0   4 0.26    M    M 11.8 38 120   M    M   M        47 120
 7  81  54  68  -4   0   3 0.01    M    M 11.0 22 280   M    M   M        31 290
 8  87  53  70  -2   0   5 0.00    M    M 12.1 26 130   M    M   M        34 120
 9  98  65  82  10   0  17 0.00    M    M 14.9 44 330   M    M   M        53 320
10  94  64  79   7   0  14 0.00    M    M 18.1 28 330   M    M   M        35 330
11  84  59  72   0   0   7 0.08    M    M 14.6 40 280   M    M   M        53 280
12  87  55  71  -1   0   6 0.00    M    M 18.3 36 260   M    M   M        49 280
13  85  53  69  -4   0   4 0.00    M    M 15.4 31 300   M    M   M        39 280
14  81  53  67  -6   0   2 0.05    M    M 11.3 43  10   M    M   M        51  10
15  82  52  67  -6   0   2 0.00    M    M 10.2 18 140   M    M   M        23 150
16  84  57  71  -2   0   6 0.17    M    M 13.0 49 290   M    M   M        64 290
17  83  57  70  -3   0   5 0.00    M    M 11.0 22  10   M    M   M        26 360
18  92  62  77   4   0  12 0.00    M    M 17.3 30 160   M    M   M        38 160
19 100  69  85  12   0  20 0.00    M    M 14.2 23 170   M    M   M        26 160
20 107  67  87  14   0  22 0.00    M    M  8.4 17 220   M    M   M        25 220
21 100  71  86  13   0  21 0.00    M    M 11.2 21  20   M    M   M        24  20
22 105  70  88  15   0  23 0.00    M    M 15.0 35  70   M    M   M        43  80
================================================================================
SM 1951 1307         3 206  0.76    M    301.1          M        M
================================================================================
AV 88.7 59.4                              13.7 FASTST   M    M   1    MAX(MPH)
                                 MISC ---->  # 49 290               # 64  290
================================================================================
NOTES:
# LAST OF SEVERAL OCCURRENCES

COLUMN 17 PEAK WIND IN M.P.H.

PRELIMINARY LOCAL CLIMATOLOGICAL DATA (WS FORM: F-6) , PAGE 2

                                          STATION:  FAITH SD
                                          MONTH:    JULY
                                          YEAR:     2016
                                          LATITUDE:   45  1 N
                                          LONGITUDE: 102  1 W

[TEMPERATURE DATA]      [PRECIPITATION DATA]       SYMBOLS USED IN COLUMN 16

AVERAGE MONTHLY: 74.0   TOTAL FOR MONTH:   0.76    1 = FOG OR MIST
DPTR FM NORMAL:   2.0   DPTR FM NORMAL:   -1.51    2 = FOG REDUCING VISIBILITY
HIGHEST:   107 ON 20    GRTST 24HR  0.26 ON  6- 6      TO 1/4 MILE OR LESS
LOWEST:     52 ON 15, 1                            3 = THUNDER
                        SNOW, ICE PELLETS, HAIL    4 = ICE PELLETS
                        TOTAL MONTH:    M          5 = HAIL
                        GRTST 24HR    M  ON   M    6 = FREEZING RAIN OR DRIZZLE
                        GRTST DEPTH:  M  ON   M    7 = DUSTSTORM OR SANDSTORM:
                                                       VSBY 1/2 MILE OR LESS
                                                   8 = SMOKE OR HAZE
[NO. OF DAYS WITH]      [WEATHER - DAYS WITH]      9 = BLOWING SNOW
                                                   X = TORNADO
MAX 32 OR BELOW:   0    0.01 INCH OR MORE:   8
MAX 90 OR ABOVE:   8    0.10 INCH OR MORE:   3
MIN 32 OR BELOW:   0    0.50 INCH OR MORE:   0
MIN  0 OR BELOW:   0    1.00 INCH OR MORE:   0

[HDD (BASE 65) ]
TOTAL THIS MO.     3    CLEAR  (SCALE 0-3)   0
DPTR FM NORMAL    -2    PTCLDY (SCALE 4-7)   0
TOTAL FM JUL 1     3    CLOUDY (SCALE 8-10)  0
DPTR FM NORMAL    -2

[CDD (BASE 65) ]
TOTAL THIS MO.   206
DPTR FM NORMAL    39    [PRESSURE DATA]
TOTAL FM JAN 1   383    HIGHEST SLP M ON M
DPTR FM NORMAL   116    LOWEST  SLP 29.20 ON 10

[REMARKS]
