000
CXUS52 KMLB 230627
CF6DAB
PRELIMINARY LOCAL CLIMATOLOGICAL DATA (WS FORM: F-6)

                                          STATION:   DAYTONA BEACH
                                          MONTH:     JANUARY
                                          YEAR:      2018
                                          LATITUDE:   29 10 N
                                          LONGITUDE:  81  3 W

  TEMPERATURE IN F:       :PCPN:    SNOW:  WIND      :SUNSHINE: SKY     :PK WND
================================================================================
1   2   3   4   5  6A  6B    7    8   9   10  11  12  13   14  15   16   17  18
                                     12Z  AVG MX 2MIN
DY MAX MIN AVG DEP HDD CDD  WTR  SNW DPTH SPD SPD DIR MIN PSBL S-S WX    SPD DR
================================================================================

 1  58  46  52  -6  13   0 0.20  0.0    0 15.7 30  10   M    M  10 1      40  10
 2  53  46  50  -8  15   0    T  0.0    0 19.0 28 360   M    M  10 1      37  20
 3  57  33  45 -13  20   0 1.08  0.0    0 12.7 30 280   M    M   7 1      41 280
 4  52  29  41 -17  24   0 0.00  0.0    0 10.2 24 250   M    M   0        30 270
 5  53  31  42 -16  23   0 0.00  0.0    0  6.7 14 320   M    M   4        16 320
 6  51  34  43 -15  22   0 0.00  0.0    0  7.6 20  10   M    M   2        25  10
 7  65  34  50  -8  15   0 0.00  0.0    0  7.3 20  50   M    M   2        24  70
 8  66  47  57  -1   8   0 0.01  0.0    0  4.1 10 140   M    M   9 18     12  90
 9  73  53  63   5   2   0 1.42  0.0    0  7.8 23  70   M    M   9 128    27  70
10  69  65  67   9   0   2 2.04  0.0    0  9.8 33  40   M    M   7 1      39  40
11  78  63  71  13   0   6 0.03  0.0    0  5.4 15 160   M    M   4 1      24 220
12  79  62  71  13   0   6 0.09  0.0    0 10.8 29 240   M    M   6 18     41 250
13  62  43  53  -5  12   0 0.00  0.0    0  9.7 20 250   M    M   8        27 270
14  55  37  46 -12  19   0 0.00  0.0    0 11.3 24  10   M    M   6        29 350
15  58  45  52  -6  13   0 0.00  0.0    0 12.1 22  10   M    M   2        29  20
16  65  47  56  -2   9   0 0.00  0.0    0  6.8 17  10   M    M   1        20  20
17  71  36  54  -4  11   0 0.00  0.0    0  7.5 20 320   M    M   3 8      25 310
18  47  28  38 -20  27   0 0.00  0.0    0  8.2 17  20   M    M   1        23  10
19  61  32  47 -11  18   0 0.00  0.0    0  2.3  9  60   M    M   2        12  60
20  65  40  53  -5  12   0 0.00  0.0    0  2.9 12  40   M    M   6        13  40
21  69  53  61   3   4   0 0.03  0.0    0  5.1 15  60   M    M   6 13     18 300
22  78  51  65   7   0   0    T  0.0    0  4.6 14 120   M    M   6 12     20 160
================================================================================
SM 1385  955       267  14  4.90     0.0 187.6          M      111
================================================================================
AV 63.0 43.4                               8.5 FASTST   M    M   5    MAX(MPH)
                                 MISC ---->  # 33  40               # 41  280
================================================================================
NOTES:
# LAST OF SEVERAL OCCURRENCES

COLUMN 17 PEAK WIND IN M.P.H.

PRELIMINARY LOCAL CLIMATOLOGICAL DATA (WS FORM: F-6) , PAGE 2

                                          STATION:  DAYTONA BEACH
                                          MONTH:    JANUARY
                                          YEAR:     2018
                                          LATITUDE:   29 10 N
                                          LONGITUDE:  81  3 W

[TEMPERATURE DATA]      [PRECIPITATION DATA]       SYMBOLS USED IN COLUMN 16

AVERAGE MONTHLY: 53.2   TOTAL FOR MONTH:   4.90    1 = FOG OR MIST
DPTR FM NORMAL:  -4.8   DPTR FM NORMAL:    2.98    2 = FOG REDUCING VISIBILITY
HIGHEST:    79 ON 12    GRTST 24HR  2.04 ON 10-10      TO 1/4 MILE OR LESS
LOWEST:     28 ON 18                               3 = THUNDER
                        SNOW, ICE PELLETS, HAIL    4 = ICE PELLETS
                        TOTAL MONTH:   0.0 INCH    5 = HAIL
                        GRTST 24HR     0.0         6 = FREEZING RAIN OR DRIZZLE
                        GRTST DEPTH:   0           7 = DUSTSTORM OR SANDSTORM:
                                                       VSBY 1/2 MILE OR LESS
                                                   8 = SMOKE OR HAZE
[NO. OF DAYS WITH]      [WEATHER - DAYS WITH]      9 = BLOWING SNOW
                                                   X = TORNADO
MAX 32 OR BELOW:   0    0.01 INCH OR MORE:   8
MAX 90 OR ABOVE:   0    0.10 INCH OR MORE:   4
MIN 32 OR BELOW:   4    0.50 INCH OR MORE:   3
MIN  0 OR BELOW:   0    1.00 INCH OR MORE:   3

[HDD (BASE 65) ]
TOTAL THIS MO.   267    CLEAR  (SCALE 0-3)   8
DPTR FM NORMAL    91    PTCLDY (SCALE 4-7)   9
TOTAL FM JUL 1   432    CLOUDY (SCALE 8-10)  5
DPTR FM NORMAL   -10

[CDD (BASE 65) ]
TOTAL THIS MO.    14
DPTR FM NORMAL    -8    [PRESSURE DATA]
TOTAL FM JAN 1    14    HIGHEST SLP M ON M
DPTR FM NORMAL    -8    LOWEST  SLP 29.75 ON 12

[REMARKS]
