000
CXUS52 KMLB 250628
CF6DAB
PRELIMINARY LOCAL CLIMATOLOGICAL DATA (WS FORM: F-6)

                                          STATION:   DAYTONA BEACH
                                          MONTH:     MAY
                                          YEAR:      2017
                                          LATITUDE:   29 10 N
                                          LONGITUDE:  81  3 W

  TEMPERATURE IN F:       :PCPN:    SNOW:  WIND      :SUNSHINE: SKY     :PK WND
================================================================================
1   2   3   4   5  6A  6B    7    8   9   10  11  12  13   14  15   16   17  18
                                     12Z  AVG MX 2MIN
DY MAX MIN AVG DEP HDD CDD  WTR  SNW DPTH SPD SPD DIR MIN PSBL S-S WX    SPD DR
================================================================================

 1  92  72  82  10   0  17    T  0.0    0  9.9 20 180   M    M   7 38     29 210
 2  81  65  73   1   0   8 0.73  0.0    0  7.7 20  30   M    M   5 13     25 230
 3  85  62  74   2   0   9 0.00  0.0    0  6.2 16  80   M    M   2 1      21  80
 4  85  63  74   2   0   9    T  0.0    0  6.6 17 150   M    M   6 138    29 150
 5  79  64  72  -1   0   7 0.03  0.0    0 13.3 26 250   M    M   5 1      39 280
 6  82  55  69  -4   0   4 0.00  0.0    0 13.1 28 290   M    M   2        37 290
 7  87  51  69  -4   0   4 0.00  0.0    0  6.4 18 240   M    M   1        25 260
 8  83  59  71  -2   0   6 0.00  0.0    0  6.3 17  20   M    M   2        24  60
 9  85  57  71  -3   0   6 0.00  0.0    0  3.7 14  60   M    M   2        18  80
10  90  60  75   1   0  10 0.00  0.0    0  5.6 14  70   M    M   1        18  70
11  93  63  78   4   0  13 0.00  0.0    0  6.1 14  70   M    M   6 8      17 300
12  93  65  79   5   0  14 0.00  0.0    0  9.6 21 230   M    M   5 18     27 260
13  76  66  71  -3   0   6 0.54  0.0    0  8.4 20 240   M    M   8 13     25 240
14  82  67  75   0   0  10    T  0.0    0  9.3 22  20   M    M   4 12     26  10
15  84  67  76   1   0  11 0.00  0.0    0  6.6 16  70   M    M   3 1      22  60
16  84  66  75   0   0  10 0.00  0.0    0  6.4 16  80   M    M   3 1      22 100
17  85  69  77   2   0  12 0.00  0.0    0  7.2 17 100   M    M   3        25  80
18  84  73  79   3   0  14 0.00  0.0    0  9.0 18  70   M    M   4        23  70
19  87  75  81   5   0  16 0.00  0.0    0  8.1 17 100   M    M   7        25 100
20  88  76  82   6   0  17    T  0.0    0  6.8 17  80   M    M   5        24  80
21  87  68  78   2   0  13 0.00  0.0    0  4.7 14  90   M    M   6 1      20  70
22  91  70  81   4   0  16 0.54  0.0    0  5.0 15 300   M    M   7 13     22 310
23  89  70  80   3   0  15    T  0.0    0  8.6 20 210   M    M   9 13     26 200
24  88  71  80   3   0  15 0.06  0.0    0 10.8 30 250   M    M   8 138    39 260
================================================================================
SM 2060 1574         0 262  1.90     0.0 185.4          M      111
================================================================================
AV 85.8 65.6                               7.7 FASTST   M    M   5    MAX(MPH)
                                 MISC ---->  # 30 250               # 39  280
================================================================================
NOTES:
# LAST OF SEVERAL OCCURRENCES

COLUMN 17 PEAK WIND IN M.P.H.

PRELIMINARY LOCAL CLIMATOLOGICAL DATA (WS FORM: F-6) , PAGE 2

                                          STATION:  DAYTONA BEACH
                                          MONTH:    MAY
                                          YEAR:     2017
                                          LATITUDE:   29 10 N
                                          LONGITUDE:  81  3 W

[TEMPERATURE DATA]      [PRECIPITATION DATA]       SYMBOLS USED IN COLUMN 16

AVERAGE MONTHLY: 75.7   TOTAL FOR MONTH:   1.90    1 = FOG OR MIST
DPTR FM NORMAL:   1.3   DPTR FM NORMAL:   -0.19    2 = FOG REDUCING VISIBILITY
HIGHEST:    93 ON 12,11 GRTST 24HR  0.73 ON  2- 2      TO 1/4 MILE OR LESS
LOWEST:     51 ON  7                               3 = THUNDER
                        SNOW, ICE PELLETS, HAIL    4 = ICE PELLETS
                        TOTAL MONTH:   0.0 INCH    5 = HAIL
                        GRTST 24HR     0.0         6 = FREEZING RAIN OR DRIZZLE
                        GRTST DEPTH:   0           7 = DUSTSTORM OR SANDSTORM:
                                                       VSBY 1/2 MILE OR LESS
                                                   8 = SMOKE OR HAZE
[NO. OF DAYS WITH]      [WEATHER - DAYS WITH]      9 = BLOWING SNOW
                                                   X = TORNADO
MAX 32 OR BELOW:   0    0.01 INCH OR MORE:   5
MAX 90 OR ABOVE:   5    0.10 INCH OR MORE:   3
MIN 32 OR BELOW:   0    0.50 INCH OR MORE:   3
MIN  0 OR BELOW:   0    1.00 INCH OR MORE:   0

[HDD (BASE 65) ]
TOTAL THIS MO.     0    CLEAR  (SCALE 0-3)   8
DPTR FM NORMAL     0    PTCLDY (SCALE 4-7)  14
TOTAL FM JUL 1   401    CLOUDY (SCALE 8-10)  2
DPTR FM NORMAL  -406

[CDD (BASE 65) ]
TOTAL THIS MO.   262
DPTR FM NORMAL    37    [PRESSURE DATA]
TOTAL FM JAN 1   728    HIGHEST SLP M ON M
DPTR FM NORMAL   216    LOWEST  SLP 29.64 ON 24

[REMARKS]
