000
CXUS52 KMLB 270626
CF6DAB
PRELIMINARY LOCAL CLIMATOLOGICAL DATA (WS FORM: F-6)

                                          STATION:   DAYTONA BEACH
                                          MONTH:     FEBRUARY
                                          YEAR:      2017
                                          LATITUDE:   29 10 N
                                          LONGITUDE:  81  3 W

  TEMPERATURE IN F:       :PCPN:    SNOW:  WIND      :SUNSHINE: SKY     :PK WND
================================================================================
1   2   3   4   5  6A  6B    7    8   9   10  11  12  13   14  15   16   17  18
                                     12Z  AVG MX 2MIN
DY MAX MIN AVG DEP HDD CDD  WTR  SNW DPTH SPD SPD DIR MIN PSBL S-S WX    SPD DR
================================================================================

 1  72  43  58  -1   7   0 0.00  0.0    0  2.8 14  70   M    M   1 1      17  70
 2  76  47  62   3   3   0 0.00  0.0    0  2.8 10  70   M    M   2 1      14 220
 3  79  51  65   6   0   0 0.00  0.0    0  3.2 13 230   M    M   2 1      16 270
 4  71  55  63   4   2   0    T  0.0    0 10.1 21  20   M    M   6 1      26  30
 5  65  48  57  -2   8   0 0.00  0.0    0  4.3 13  40   M    M   7 1      15  40
 6  75  46  61   2   4   0 0.00  0.0    0  3.2 12  50   M    M   5 12     14  30
 7  82  53  68   8   0   3 0.02  0.0    0  6.6 30 290   M    M   4 138    39 290
 8  82  58  70  10   0   5 0.44  0.0    0  9.9 24 280   M    M   5 13     31 270
 9  81  55  68   8   0   3 0.00  0.0    0 12.4 22 310   M    M   3        29 270
10  67  44  56  -4   9   0 0.00  0.0    0  7.5 16  30   M    M   0        21  20
11  79  47  63   3   2   0 0.00  0.0    0  3.8 14 220   M    M   1 1      16 200
12  81  50  66   6   0   1 0.00  0.0    0  6.6 16 250   M    M   0 1      21 280
13  74  62  68   8   0   3 0.00  0.0    0 10.0 20  20   M    M   4 1      24  10
14  78  54  66   6   0   1 0.00  0.0    0  3.3 10 110   M    M   3        15 160
15  81  60  71  11   0   6    T  0.0    0 15.9 31 250   M    M   6 13     42 260
16  70  46  58  -3   7   0 0.00  0.0    0  7.4 16 290   M    M   3        20 300
17  75  41  58  -3   7   0 0.00  0.0    0  2.6 12  80   M    M   2 8      16  80
18  78  50  64   3   1   0 0.01  0.0    0  5.5 21 170   M    M   7        27 160
19  76  57  67   6   0   2 0.10  0.0    0  5.0 14  40   M    M   5 1      18  50
20  79  54  67   6   0   2 0.00  0.0    M  4.0 12  50   M    M   2 1       M  M
21  76  55  66   5   0   1 0.00  0.0    0  5.1 20 140   M    M   7 1      23 120
22  72  64  68   7   0   3 1.23  0.0    0  5.8 18  50   M    M  10 1      22  60
23  74  64  69   8   0   4 0.23  0.0    0 13.7 31  30   M    M   5 1      37  30
24  79  63  71   9   0   6    T  0.0    0  7.7 15  60   M    M   3 12     20  50
25  81  59  70   8   0   5    T  0.0    0  7.1 18 240   M    M   5 128    23 240
26  68  51  60  -2   5   0 0.00  0.0    0  9.4 20  30   M    M   0        23  30
================================================================================
SM 1971 1377        55  45  2.03     0.0 175.7          M       98
================================================================================
AV 75.8 53.0                               6.8 FASTST   M    M   4    MAX(MPH)
                                 MISC ---->  # 31 250               # 42  260
================================================================================
NOTES:
# LAST OF SEVERAL OCCURRENCES

COLUMN 17 PEAK WIND IN M.P.H.

PRELIMINARY LOCAL CLIMATOLOGICAL DATA (WS FORM: F-6) , PAGE 2

                                          STATION:  DAYTONA BEACH
                                          MONTH:    FEBRUARY
                                          YEAR:     2017
                                          LATITUDE:   29 10 N
                                          LONGITUDE:  81  3 W

[TEMPERATURE DATA]      [PRECIPITATION DATA]       SYMBOLS USED IN COLUMN 16

AVERAGE MONTHLY: 64.4   TOTAL FOR MONTH:   2.03    1 = FOG OR MIST
DPTR FM NORMAL:   4.1   DPTR FM NORMAL:   -0.53    2 = FOG REDUCING VISIBILITY
HIGHEST:    82 ON  8, 7 GRTST 24HR  1.23 ON 22-22      TO 1/4 MILE OR LESS
LOWEST:     41 ON 17                               3 = THUNDER
                        SNOW, ICE PELLETS, HAIL    4 = ICE PELLETS
                        TOTAL MONTH:   0.0 INCH    5 = HAIL
                        GRTST 24HR     0.0         6 = FREEZING RAIN OR DRIZZLE
                        GRTST DEPTH:   0           7 = DUSTSTORM OR SANDSTORM:
                                                       VSBY 1/2 MILE OR LESS
                                                   8 = SMOKE OR HAZE
[NO. OF DAYS WITH]      [WEATHER - DAYS WITH]      9 = BLOWING SNOW
                                                   X = TORNADO
MAX 32 OR BELOW:   0    0.01 INCH OR MORE:   6
MAX 90 OR ABOVE:   0    0.10 INCH OR MORE:   4
MIN 32 OR BELOW:   0    0.50 INCH OR MORE:   1
MIN  0 OR BELOW:   0    1.00 INCH OR MORE:   1

[HDD (BASE 65) ]
TOTAL THIS MO.    55    CLEAR  (SCALE 0-3)  11
DPTR FM NORMAL  -101    PTCLDY (SCALE 4-7)  14
TOTAL FM JUL 1   306    CLOUDY (SCALE 8-10)  1
DPTR FM NORMAL  -367

[CDD (BASE 65) ]
TOTAL THIS MO.    45
DPTR FM NORMAL    16    [PRESSURE DATA]
TOTAL FM JAN 1   112    HIGHEST SLP M ON M
DPTR FM NORMAL    54    LOWEST  SLP 29.58 ON 23

[REMARKS]
